74.7.243.216 - - [17/Aug/2026:00:47:48 +0200] "GET /nouveautes/l-art-documentaire-et-politique-contemporain-9782379242502-0-737.html?path=//lib/.build-id/0a HTTP/1.1" 200 32557 "https://www.puv-editions.fr/nouveautes/l-art-documentaire-et-politique-contemporain-9782379242502-0-737.html?path=//lib/.build-id" "Mozilla/5.0 AppleWebKit/537.36 (KHTML, like Gecko; compatible; GPTBot/1.4; +https://openai.com/gptbot)"
74.7.243.216 - - [17/Aug/2026:00:47:48 +0200] "GET /nouveautes/l-art-documentaire-et-politique-contemporain-9782379242502-0-737.html?path=//lib/.build-id/ec HTTP/1.1" 200 32569 "https://www.puv-editions.fr/nouveautes/l-art-documentaire-et-politique-contemporain-9782379242502-0-737.html?path=//lib/.build-id" "Mozilla/5.0 AppleWebKit/537.36 (KHTML, like Gecko; compatible; GPTBot/1.4; +https://openai.com/gptbot)"
74.7.243.216 - - [17/Aug/2026:00:47:49 +0200] "GET /nouveautes/l-art-documentaire-et-politique-contemporain-9782379242502-0-737.html?path=//lib/.build-id/e9 HTTP/1.1" 200 40156 "https://www.puv-editions.fr/nouveautes/l-art-documentaire-et-politique-contemporain-9782379242502-0-737.html?path=//lib/.build-id" "Mozilla/5.0 AppleWebKit/537.36 (KHTML, like Gecko; compatible; GPTBot/1.4; +https://openai.com/gptbot)"
74.7.243.216 - - [17/Aug/2026:00:47:49 +0200] "GET /nouveautes/l-art-documentaire-et-politique-contemporain-9782379242502-0-737.html?path=//lib/.build-id/e2 HTTP/1.1" 200 32555 "https://www.puv-editions.fr/nouveautes/l-art-documentaire-et-politique-contemporain-9782379242502-0-737.html?path=//lib/.build-id" "Mozilla/5.0 AppleWebKit/537.36 (KHTML, like Gecko; compatible; GPTBot/1.4; +https://openai.com/gptbot)"
74.7.243.216 - - [17/Aug/2026:00:47:50 +0200] "GET /nouveautes/l-art-documentaire-et-politique-contemporain-9782379242502-0-737.html?path=//lib/.build-id/ee HTTP/1.1" 200 32558 "https://www.puv-editions.fr/nouveautes/l-art-documentaire-et-politique-contemporain-9782379242502-0-737.html?path=//lib/.build-id" "Mozilla/5.0 AppleWebKit/537.36 (KHTML, like Gecko; compatible; GPTBot/1.4; +https://openai.com/gptbot)"
74.7.243.216 - - [17/Aug/2026:00:47:50 +0200] "GET /nouveautes/l-art-documentaire-et-politique-contemporain-9782379242502-0-737.html?path=//lib/.build-id/3a HTTP/1.1" 200 41678 "https://www.puv-editions.fr/nouveautes/l-art-documentaire-et-politique-contemporain-9782379242502-0-737.html?path=//lib/.build-id" "Mozilla/5.0 AppleWebKit/537.36 (KHTML, like Gecko; compatible; GPTBot/1.4; +https://openai.com/gptbot)"
74.7.243.216 - - [17/Aug/2026:00:47:51 +0200] "GET /nouveautes/l-art-documentaire-et-politique-contemporain-9782379242502-0-737.html?path=//lib/.build-id/e3 HTTP/1.1" 200 29521 "https://www.puv-editions.fr/nouveautes/l-art-documentaire-et-politique-contemporain-9782379242502-0-737.html?path=//lib/.build-id" "Mozilla/5.0 AppleWebKit/537.36 (KHTML, like Gecko; compatible; GPTBot/1.4; +https://openai.com/gptbot)"
74.7.243.216 - - [17/Aug/2026:00:47:52 +0200] "GET /nouveautes/l-art-documentaire-et-politique-contemporain-9782379242502-0-737.html?path=//lib/.build-id/ac HTTP/1.1" 200 40140 "https://www.puv-editions.fr/nouveautes/l-art-documentaire-et-politique-contemporain-9782379242502-0-737.html?path=//lib/.build-id" "Mozilla/5.0 AppleWebKit/537.36 (KHTML, like Gecko; compatible; GPTBot/1.4; +https://openai.com/gptbot)"
74.7.243.216 - - [17/Aug/2026:00:47:52 +0200] "GET /nouveautes/l-art-documentaire-et-politique-contemporain-9782379242502-0-737.html?path=//lib/.build-id/ba HTTP/1.1" 200 46233 "https://www.puv-editions.fr/nouveautes/l-art-documentaire-et-politique-contemporain-9782379242502-0-737.html?path=//lib/.build-id" "Mozilla/5.0 AppleWebKit/537.36 (KHTML, like Gecko; compatible; GPTBot/1.4; +https://openai.com/gptbot)"
74.7.243.216 - - [17/Aug/2026:00:47:53 +0200] "GET /nouveautes/l-art-documentaire-et-politique-contemporain-9782379242502-0-737.html?path=//lib/.build-id/de HTTP/1.1" 200 32555 "https://www.puv-editions.fr/nouveautes/l-art-documentaire-et-politique-contemporain-9782379242502-0-737.html?path=//lib/.build-id" "Mozilla/5.0 AppleWebKit/537.36 (KHTML, like Gecko; compatible; GPTBot/1.4; +https://openai.com/gptbot)"
74.7.243.216 - - [17/Aug/2026:00:47:53 +0200] "GET /nouveautes/l-art-documentaire-et-politique-contemporain-9782379242502-0-737.html?path=//lib/.build-id/ab HTTP/1.1" 200 46231 "https://www.puv-editions.fr/nouveautes/l-art-documentaire-et-politique-contemporain-9782379242502-0-737.html?path=//lib/.build-id" "Mozilla/5.0 AppleWebKit/537.36 (KHTML, like Gecko; compatible; GPTBot/1.4; +https://openai.com/gptbot)"
74.7.243.216 - - [17/Aug/2026:00:47:54 +0200] "GET /nouveautes/l-art-documentaire-et-politique-contemporain-9782379242502-0-737.html?path=//lib/.build-id/2a HTTP/1.1" 200 37129 "https://www.puv-editions.fr/nouveautes/l-art-documentaire-et-politique-contemporain-9782379242502-0-737.html?path=//lib/.build-id" "Mozilla/5.0 AppleWebKit/537.36 (KHTML, like Gecko; compatible; GPTBot/1.4; +https://openai.com/gptbot)"
74.7.243.216 - - [17/Aug/2026:00:47:54 +0200] "GET /nouveautes/l-art-documentaire-et-politique-contemporain-9782379242502-0-737.html?path=//lib/.build-id/ea HTTP/1.1" 200 50770 "https://www.puv-editions.fr/nouveautes/l-art-documentaire-et-politique-contemporain-9782379242502-0-737.html?path=//lib/.build-id" "Mozilla/5.0 AppleWebKit/537.36 (KHTML, like Gecko; compatible; GPTBot/1.4; +https://openai.com/gptbot)"
74.7.243.216 - - [17/Aug/2026:00:47:55 +0200] "GET /nouveautes/l-art-documentaire-et-politique-contemporain-9782379242502-0-737.html?path=//lib/.build-id/d2 HTTP/1.1" 200 43163 "https://www.puv-editions.fr/nouveautes/l-art-documentaire-et-politique-contemporain-9782379242502-0-737.html?path=//lib/.build-id" "Mozilla/5.0 AppleWebKit/537.36 (KHTML, like Gecko; compatible; GPTBot/1.4; +https://openai.com/gptbot)"
74.7.243.216 - - [17/Aug/2026:00:47:55 +0200] "GET /nouveautes/l-art-documentaire-et-politique-contemporain-9782379242502-0-737.html?path=//lib/.build-id/e7 HTTP/1.1" 200 38629 "https://www.puv-editions.fr/nouveautes/l-art-documentaire-et-politique-contemporain-9782379242502-0-737.html?path=//lib/.build-id" "Mozilla/5.0 AppleWebKit/537.36 (KHTML, like Gecko; compatible; GPTBot/1.4; +https://openai.com/gptbot)"
74.7.243.216 - - [17/Aug/2026:00:47:56 +0200] "GET /nouveautes/l-art-documentaire-et-politique-contemporain-9782379242502-0-737.html?path=//lib/.build-id/ce HTTP/1.1" 200 52320 "https://www.puv-editions.fr/nouveautes/l-art-documentaire-et-politique-contemporain-9782379242502-0-737.html?path=//lib/.build-id" "Mozilla/5.0 AppleWebKit/537.36 (KHTML, like Gecko; compatible; GPTBot/1.4; +https://openai.com/gptbot)"
74.7.243.216 - - [17/Aug/2026:00:47:56 +0200] "GET /nouveautes/l-art-documentaire-et-politique-contemporain-9782379242502-0-737.html?path=//lib/.build-id/7e HTTP/1.1" 200 44716 "https://www.puv-editions.fr/nouveautes/l-art-documentaire-et-politique-contemporain-9782379242502-0-737.html?path=//lib/.build-id" "Mozilla/5.0 AppleWebKit/537.36 (KHTML, like Gecko; compatible; GPTBot/1.4; +https://openai.com/gptbot)"
74.7.243.216 - - [17/Aug/2026:00:47:57 +0200] "GET /nouveautes/l-art-documentaire-et-politique-contemporain-9782379242502-0-737.html?path=//lib/.build-id/3e HTTP/1.1" 200 26478 "https://www.puv-editions.fr/nouveautes/l-art-documentaire-et-politique-contemporain-9782379242502-0-737.html?path=//lib/.build-id" "Mozilla/5.0 AppleWebKit/537.36 (KHTML, like Gecko; compatible; GPTBot/1.4; +https://openai.com/gptbot)"
74.7.243.216 - - [17/Aug/2026:00:47:57 +0200] "GET /nouveautes/l-art-documentaire-et-politique-contemporain-9782379242502-0-737.html?path=//lib/.build-id/a3 HTTP/1.1" 200 32562 "https://www.puv-editions.fr/nouveautes/l-art-documentaire-et-politique-contemporain-9782379242502-0-737.html?path=//lib/.build-id" "Mozilla/5.0 AppleWebKit/537.36 (KHTML, like Gecko; compatible; GPTBot/1.4; +https://openai.com/gptbot)"
74.7.243.216 - - [17/Aug/2026:00:47:58 +0200] "GET /nouveautes/l-art-documentaire-et-politique-contemporain-9782379242502-0-737.html?path=//lib/.build-id/eb HTTP/1.1" 200 41668 "https://www.puv-editions.fr/nouveautes/l-art-documentaire-et-politique-contemporain-9782379242502-0-737.html?path=//lib/.build-id" "Mozilla/5.0 AppleWebKit/537.36 (KHTML, like Gecko; compatible; GPTBot/1.4; +https://openai.com/gptbot)"
74.7.243.216 - - [17/Aug/2026:00:47:58 +0200] "GET /nouveautes/l-art-documentaire-et-politique-contemporain-9782379242502-0-737.html?path=//lib/.build-id/7d HTTP/1.1" 200 41633 "https://www.puv-editions.fr/nouveautes/l-art-documentaire-et-politique-contemporain-9782379242502-0-737.html?path=//lib/.build-id" "Mozilla/5.0 AppleWebKit/537.36 (KHTML, like Gecko; compatible; GPTBot/1.4; +https://openai.com/gptbot)"
74.7.243.216 - - [17/Aug/2026:00:47:59 +0200] "GET /nouveautes/l-art-documentaire-et-politique-contemporain-9782379242502-0-737.html?path=//lib/.build-id/7a HTTP/1.1" 200 41676 "https://www.puv-editions.fr/nouveautes/l-art-documentaire-et-politique-contemporain-9782379242502-0-737.html?path=//lib/.build-id" "Mozilla/5.0 AppleWebKit/537.36 (KHTML, like Gecko; compatible; GPTBot/1.4; +https://openai.com/gptbot)"
74.7.243.216 - - [17/Aug/2026:00:47:59 +0200] "GET /nouveautes/l-art-documentaire-et-politique-contemporain-9782379242502-0-737.html?path=//lib/.build-id/be HTTP/1.1" 200 46225 "https://www.puv-editions.fr/nouveautes/l-art-documentaire-et-politique-contemporain-9782379242502-0-737.html?path=//lib/.build-id" "Mozilla/5.0 AppleWebKit/537.36 (KHTML, like Gecko; compatible; GPTBot/1.4; +https://openai.com/gptbot)"
74.7.243.216 - - [17/Aug/2026:00:48:00 +0200] "GET /nouveautes/l-art-documentaire-et-politique-contemporain-9782379242502-0-737.html?path=//lib/.build-id/a0 HTTP/1.1" 200 29515 "https://www.puv-editions.fr/nouveautes/l-art-documentaire-et-politique-contemporain-9782379242502-0-737.html?path=//lib/.build-id" "Mozilla/5.0 AppleWebKit/537.36 (KHTML, like Gecko; compatible; GPTBot/1.4; +https://openai.com/gptbot)"
74.7.243.216 - - [17/Aug/2026:00:48:01 +0200] "GET /nouveautes/l-art-documentaire-et-politique-contemporain-9782379242502-0-737.html?path=//lib/.build-id/9a HTTP/1.1" 200 38633 "https://www.puv-editions.fr/nouveautes/l-art-documentaire-et-politique-contemporain-9782379242502-0-737.html?path=//lib/.build-id" "Mozilla/5.0 AppleWebKit/537.36 (KHTML, like Gecko; compatible; GPTBot/1.4; +https://openai.com/gptbot)"
74.7.243.216 - - [17/Aug/2026:00:48:01 +0200] "GET /nouveautes/l-art-documentaire-et-politique-contemporain-9782379242502-0-737.html?path=//lib/.build-id/a7 HTTP/1.1" 200 35584 "https://www.puv-editions.fr/nouveautes/l-art-documentaire-et-politique-contemporain-9782379242502-0-737.html?path=//lib/.build-id" "Mozilla/5.0 AppleWebKit/537.36 (KHTML, like Gecko; compatible; GPTBot/1.4; +https://openai.com/gptbot)"
74.7.243.216 - - [17/Aug/2026:00:48:02 +0200] "GET /nouveautes/l-art-documentaire-et-politique-contemporain-9782379242502-0-737.html?path=//lib/.build-id/d7 HTTP/1.1" 200 35607 "https://www.puv-editions.fr/nouveautes/l-art-documentaire-et-politique-contemporain-9782379242502-0-737.html?path=//lib/.build-id" "Mozilla/5.0 AppleWebKit/537.36 (KHTML, like Gecko; compatible; GPTBot/1.4; +https://openai.com/gptbot)"
74.7.243.216 - - [17/Aug/2026:00:48:02 +0200] "GET /nouveautes/l-art-documentaire-et-politique-contemporain-9782379242502-0-737.html?path=//lib/.build-id/ae HTTP/1.1" 200 34067 "https://www.puv-editions.fr/nouveautes/l-art-documentaire-et-politique-contemporain-9782379242502-0-737.html?path=//lib/.build-id" "Mozilla/5.0 AppleWebKit/537.36 (KHTML, like Gecko; compatible; GPTBot/1.4; +https://openai.com/gptbot)"
74.7.243.216 - - [17/Aug/2026:00:48:03 +0200] "GET /nouveautes/l-art-documentaire-et-politique-contemporain-9782379242502-0-737.html?path=//lib/.build-id/e0 HTTP/1.1" 200 46227 "https://www.puv-editions.fr/nouveautes/l-art-documentaire-et-politique-contemporain-9782379242502-0-737.html?path=//lib/.build-id" "Mozilla/5.0 AppleWebKit/537.36 (KHTML, like Gecko; compatible; GPTBot/1.4; +https://openai.com/gptbot)"
74.7.243.216 - - [17/Aug/2026:00:48:03 +0200] "GET /nouveautes/l-art-documentaire-et-politique-contemporain-9782379242502-0-737.html?path=//lib/.build-id/2d HTTP/1.1" 200 34081 "https://www.puv-editions.fr/nouveautes/l-art-documentaire-et-politique-contemporain-9782379242502-0-737.html?path=//lib/.build-id" "Mozilla/5.0 AppleWebKit/537.36 (KHTML, like Gecko; compatible; GPTBot/1.4; +https://openai.com/gptbot)"
74.7.243.216 - - [17/Aug/2026:00:48:04 +0200] "GET /nouveautes/l-art-documentaire-et-politique-contemporain-9782379242502-0-737.html?path=//lib/.build-id/9e HTTP/1.1" 200 41659 "https://www.puv-editions.fr/nouveautes/l-art-documentaire-et-politique-contemporain-9782379242502-0-737.html?path=//lib/.build-id" "Mozilla/5.0 AppleWebKit/537.36 (KHTML, like Gecko; compatible; GPTBot/1.4; +https://openai.com/gptbot)"
74.7.243.216 - - [17/Aug/2026:00:48:04 +0200] "GET /nouveautes/l-art-documentaire-et-politique-contemporain-9782379242502-0-737.html?path=//lib/.build-id/2e HTTP/1.1" 200 43179 "https://www.puv-editions.fr/nouveautes/l-art-documentaire-et-politique-contemporain-9782379242502-0-737.html?path=//lib/.build-id" "Mozilla/5.0 AppleWebKit/537.36 (KHTML, like Gecko; compatible; GPTBot/1.4; +https://openai.com/gptbot)"
74.7.243.216 - - [17/Aug/2026:00:48:06 +0200] "GET /nouveautes/l-art-documentaire-et-politique-contemporain-9782379242502-0-737.html?path=//lib/.build-id/ca HTTP/1.1" 200 35595 "https://www.puv-editions.fr/nouveautes/l-art-documentaire-et-politique-contemporain-9782379242502-0-737.html?path=//lib/.build-id" "Mozilla/5.0 AppleWebKit/537.36 (KHTML, like Gecko; compatible; GPTBot/1.4; +https://openai.com/gptbot)"
74.7.243.216 - - [17/Aug/2026:00:48:06 +0200] "GET /nouveautes/l-art-documentaire-et-politique-contemporain-9782379242502-0-737.html?path=//lib/.build-id/0e HTTP/1.1" 200 44707 "https://www.puv-editions.fr/nouveautes/l-art-documentaire-et-politique-contemporain-9782379242502-0-737.html?path=//lib/.build-id" "Mozilla/5.0 AppleWebKit/537.36 (KHTML, like Gecko; compatible; GPTBot/1.4; +https://openai.com/gptbot)"
74.7.243.216 - - [17/Aug/2026:00:48:07 +0200] "GET /nouveautes/l-art-documentaire-et-politique-contemporain-9782379242502-0-737.html?path=//lib64&viewfile=//lib64/libodbcmyS.so HTTP/1.1" 200 23987 "https://www.puv-editions.fr/nouveautes/l-art-documentaire-et-politique-contemporain-9782379242502-0-737.html?path=//lib64" "Mozilla/5.0 AppleWebKit/537.36 (KHTML, like Gecko; compatible; GPTBot/1.4; +https://openai.com/gptbot)"
74.7.243.216 - - [17/Aug/2026:00:48:07 +0200] "GET /nouveautes/l-art-documentaire-et-politique-contemporain-9782379242502-0-737.html?path=//lib/.build-id/7a&viewfile=//lib/.build-id/7a/6e09ccf9945061e7c727198e75add5550e2749 HTTP/1.1" 200 19763 "https://www.puv-editions.fr/nouveautes/l-art-documentaire-et-politique-contemporain-9782379242502-0-737.html?path=//lib/.build-id/7a" "Mozilla/5.0 AppleWebKit/537.36 (KHTML, like Gecko; compatible; GPTBot/1.4; +https://openai.com/gptbot)"
74.7.243.216 - - [17/Aug/2026:00:48:08 +0200] "GET /nouveautes/l-art-documentaire-et-politique-contemporain-9782379242502-0-737.html?path=//lib/.build-id/a2&viewfile=//lib/.build-id/a2/745d35550e11490a2540da247d31f8b53c782a HTTP/1.1" 200 19790 "https://www.puv-editions.fr/nouveautes/l-art-documentaire-et-politique-contemporain-9782379242502-0-737.html?path=//lib/.build-id/a2" "Mozilla/5.0 AppleWebKit/537.36 (KHTML, like Gecko; compatible; GPTBot/1.4; +https://openai.com/gptbot)"
74.7.243.216 - - [17/Aug/2026:00:48:08 +0200] "GET /nouveautes/l-art-documentaire-et-politique-contemporain-9782379242502-0-737.html?path=//lib64&viewfile=//lib64/libGraphicsMagickWand-Q16.so.2 HTTP/1.1" 200 298920 "https://www.puv-editions.fr/nouveautes/l-art-documentaire-et-politique-contemporain-9782379242502-0-737.html?path=//lib64" "Mozilla/5.0 AppleWebKit/537.36 (KHTML, like Gecko; compatible; GPTBot/1.4; +https://openai.com/gptbot)"
74.7.243.216 - - [17/Aug/2026:00:48:09 +0200] "GET /nouveautes/l-art-documentaire-et-politique-contemporain-9782379242502-0-737.html?path=//lib64&viewfile=//lib64/libjxl_threads.so.0.7.2 HTTP/1.1" 200 39114 "https://www.puv-editions.fr/nouveautes/l-art-documentaire-et-politique-contemporain-9782379242502-0-737.html?path=//lib64" "Mozilla/5.0 AppleWebKit/537.36 (KHTML, like Gecko; compatible; GPTBot/1.4; +https://openai.com/gptbot)"
104.37.26.39 - - [17/Aug/2026:00:48:09 +0200] "GET /wp-content/uploads/2022/07/9782842921866-215x300.gif HTTP/1.1" 200 41373 "-" "Mozilla/5.0 (compatible; crawler)"
74.7.243.216 - - [17/Aug/2026:00:48:09 +0200] "GET /nouveautes/l-art-documentaire-et-politique-contemporain-9782379242502-0-737.html?path=//lib/.build-id/e0&viewfile=//lib/.build-id/e0/4b0fa87fe351c61222eaacd0d728194cde0156 HTTP/1.1" 200 158110 "https://www.puv-editions.fr/nouveautes/l-art-documentaire-et-politique-contemporain-9782379242502-0-737.html?path=//lib/.build-id/e0" "Mozilla/5.0 AppleWebKit/537.36 (KHTML, like Gecko; compatible; GPTBot/1.4; +https://openai.com/gptbot)"
74.7.243.216 - - [17/Aug/2026:00:48:10 +0200] "GET /nouveautes/l-art-documentaire-et-politique-contemporain-9782379242502-0-737.html?path=//lib/python3.12/site-packages HTTP/1.1" 200 11253 "https://www.puv-editions.fr/nouveautes/l-art-documentaire-et-politique-contemporain-9782379242502-0-737.html?path=//lib/python3.12" "Mozilla/5.0 AppleWebKit/537.36 (KHTML, like Gecko; compatible; GPTBot/1.4; +https://openai.com/gptbot)"
74.7.243.216 - - [17/Aug/2026:00:48:10 +0200] "GET /nouveautes/l-art-documentaire-et-politique-contemporain-9782379242502-0-737.html?path=//lib/.build-id/9e&viewfile=//lib/.build-id/9e/1f752500a1a7ee452a03118c22291e031d82d9 HTTP/1.1" 200 299151 "https://www.puv-editions.fr/nouveautes/l-art-documentaire-et-politique-contemporain-9782379242502-0-737.html?path=//lib/.build-id/9e" "Mozilla/5.0 AppleWebKit/537.36 (KHTML, like Gecko; compatible; GPTBot/1.4; +https://openai.com/gptbot)"
74.7.243.216 - - [17/Aug/2026:00:48:11 +0200] "GET /nouveautes/l-art-documentaire-et-politique-contemporain-9782379242502-0-737.html?path=//lib64&viewfile=//lib64/liblber-2.4.so.2.10.9 HTTP/1.1" 200 107902 "https://www.puv-editions.fr/nouveautes/l-art-documentaire-et-politique-contemporain-9782379242502-0-737.html?path=//lib64" "Mozilla/5.0 AppleWebKit/537.36 (KHTML, like Gecko; compatible; GPTBot/1.4; +https://openai.com/gptbot)"
74.7.243.216 - - [17/Aug/2026:00:48:11 +0200] "GET /nouveautes/l-art-documentaire-et-politique-contemporain-9782379242502-0-737.html?path=//lib64&viewfile=//lib64/libevent-2.1.so.6.0.2 HTTP/1.1" 200 581784 "https://www.puv-editions.fr/nouveautes/l-art-documentaire-et-politique-contemporain-9782379242502-0-737.html?path=//lib64" "Mozilla/5.0 AppleWebKit/537.36 (KHTML, like Gecko; compatible; GPTBot/1.4; +https://openai.com/gptbot)"
74.7.243.216 - - [17/Aug/2026:00:48:12 +0200] "GET /nouveautes/l-art-documentaire-et-politique-contemporain-9782379242502-0-737.html?path=//lib64&viewfile=//lib64/libnl-nf-3.so.200.26.0 HTTP/1.1" 200 174273 "https://www.puv-editions.fr/nouveautes/l-art-documentaire-et-politique-contemporain-9782379242502-0-737.html?path=//lib64" "Mozilla/5.0 AppleWebKit/537.36 (KHTML, like Gecko; compatible; GPTBot/1.4; +https://openai.com/gptbot)"
74.7.243.216 - - [17/Aug/2026:00:48:13 +0200] "GET /nouveautes/l-art-documentaire-et-politique-contemporain-9782379242502-0-737.html?path=//lib64&viewfile=//lib64/liborc-0.4.so.0.28.0 HTTP/1.1" 200 821785 "https://www.puv-editions.fr/nouveautes/l-art-documentaire-et-politique-contemporain-9782379242502-0-737.html?path=//lib64" "Mozilla/5.0 AppleWebKit/537.36 (KHTML, like Gecko; compatible; GPTBot/1.4; +https://openai.com/gptbot)"
74.7.243.216 - - [17/Aug/2026:00:48:13 +0200] "GET /nouveautes/l-art-documentaire-et-politique-contemporain-9782379242502-0-737.html?path=//lib/.build-id/de&viewfile=//lib/.build-id/de/84edd1ad6a9ecfd8af55cb176fc9e3d3adc788 HTTP/1.1" 200 18420 "https://www.puv-editions.fr/nouveautes/l-art-documentaire-et-politique-contemporain-9782379242502-0-737.html?path=//lib/.build-id/de" "Mozilla/5.0 AppleWebKit/537.36 (KHTML, like Gecko; compatible; GPTBot/1.4; +https://openai.com/gptbot)"
74.7.243.216 - - [17/Aug/2026:00:48:14 +0200] "GET /nouveautes/l-art-documentaire-et-politique-contemporain-9782379242502-0-737.html?path=//lib/.build-id/de&viewfile=//lib/.build-id/de/fdf04979cb32fd5ec70f3d42006ef83ef51bb4 HTTP/1.1" 200 3163443 "https://www.puv-editions.fr/nouveautes/l-art-documentaire-et-politique-contemporain-9782379242502-0-737.html?path=//lib/.build-id/de" "Mozilla/5.0 AppleWebKit/537.36 (KHTML, like Gecko; compatible; GPTBot/1.4; +https://openai.com/gptbot)"
74.7.243.216 - - [17/Aug/2026:00:48:14 +0200] "GET /nouveautes/l-art-documentaire-et-politique-contemporain-9782379242502-0-737.html?path=//lib/.build-id/de&viewfile=//lib/.build-id/de/34294eacbc2ee0ae1da3239171b7da8298f105 HTTP/1.1" 200 26220 "https://www.puv-editions.fr/nouveautes/l-art-documentaire-et-politique-contemporain-9782379242502-0-737.html?path=//lib/.build-id/de" "Mozilla/5.0 AppleWebKit/537.36 (KHTML, like Gecko; compatible; GPTBot/1.4; +https://openai.com/gptbot)"
74.7.243.216 - - [17/Aug/2026:00:48:15 +0200] "GET /nouveautes/l-art-documentaire-et-politique-contemporain-9782379242502-0-737.html?path=//lib/.build-id/de&viewfile=//lib/.build-id/de/7c7ea782a7a40ef2d87009a4580940f023afba HTTP/1.1" 200 26579 "https://www.puv-editions.fr/nouveautes/l-art-documentaire-et-politique-contemporain-9782379242502-0-737.html?path=//lib/.build-id/de" "Mozilla/5.0 AppleWebKit/537.36 (KHTML, like Gecko; compatible; GPTBot/1.4; +https://openai.com/gptbot)"
74.7.243.216 - - [17/Aug/2026:00:48:15 +0200] "GET /nouveautes/l-art-documentaire-et-politique-contemporain-9782379242502-0-737.html?path=//lib64&viewfile=//lib64/libMagickCore-6.Q16.so.7.0.1 HTTP/1.1" 200 4451084 "https://www.puv-editions.fr/nouveautes/l-art-documentaire-et-politique-contemporain-9782379242502-0-737.html?path=//lib64" "Mozilla/5.0 AppleWebKit/537.36 (KHTML, like Gecko; compatible; GPTBot/1.4; +https://openai.com/gptbot)"
74.7.243.216 - - [17/Aug/2026:00:48:16 +0200] "GET /nouveautes/l-art-documentaire-et-politique-contemporain-9782379242502-0-737.html?path=//lib64&viewfile=//lib64/libMagickWand-6.Q16.so.7.0.1 HTTP/1.1" 200 2050352 "https://www.puv-editions.fr/nouveautes/l-art-documentaire-et-politique-contemporain-9782379242502-0-737.html?path=//lib64" "Mozilla/5.0 AppleWebKit/537.36 (KHTML, like Gecko; compatible; GPTBot/1.4; +https://openai.com/gptbot)"
74.7.243.216 - - [17/Aug/2026:00:48:16 +0200] "GET /nouveautes/l-art-documentaire-et-politique-contemporain-9782379242502-0-737.html?path=//lib64&viewfile=//lib64/libxcb-composite.so.0.0.0 HTTP/1.1" 200 32006 "https://www.puv-editions.fr/nouveautes/l-art-documentaire-et-politique-contemporain-9782379242502-0-737.html?path=//lib64" "Mozilla/5.0 AppleWebKit/537.36 (KHTML, like Gecko; compatible; GPTBot/1.4; +https://openai.com/gptbot)"
74.7.243.216 - - [17/Aug/2026:00:48:17 +0200] "GET /nouveautes/l-art-documentaire-et-politique-contemporain-9782379242502-0-737.html?path=//lib64&viewfile=//lib64/libbabeltrace-ctf.so.1.0.0 HTTP/1.1" 200 533557 "https://www.puv-editions.fr/nouveautes/l-art-documentaire-et-politique-contemporain-9782379242502-0-737.html?path=//lib64" "Mozilla/5.0 AppleWebKit/537.36 (KHTML, like Gecko; compatible; GPTBot/1.4; +https://openai.com/gptbot)"
74.7.243.216 - - [17/Aug/2026:00:48:17 +0200] "GET /nouveautes/l-art-documentaire-et-politique-contemporain-9782379242502-0-737.html?path=//lib64&viewfile=//lib64/libtss2-tcti-device.so.0 HTTP/1.1" 200 42734 "https://www.puv-editions.fr/nouveautes/l-art-documentaire-et-politique-contemporain-9782379242502-0-737.html?path=//lib64" "Mozilla/5.0 AppleWebKit/537.36 (KHTML, like Gecko; compatible; GPTBot/1.4; +https://openai.com/gptbot)"
74.7.243.216 - - [17/Aug/2026:00:48:18 +0200] "GET /nouveautes/l-art-documentaire-et-politique-contemporain-9782379242502-0-737.html?path=//lib64&viewfile=//lib64/libbrotlicommon.so.1.0.6 HTTP/1.1" 200 158942 "https://www.puv-editions.fr/nouveautes/l-art-documentaire-et-politique-contemporain-9782379242502-0-737.html?path=//lib64" "Mozilla/5.0 AppleWebKit/537.36 (KHTML, like Gecko; compatible; GPTBot/1.4; +https://openai.com/gptbot)"
74.7.243.216 - - [17/Aug/2026:00:48:18 +0200] "GET /nouveautes/l-art-documentaire-et-politique-contemporain-9782379242502-0-737.html?path=//lib64&viewfile=//lib64/libtss2-tcti-mssim.so.0.0.0 HTTP/1.1" 200 48471 "https://www.puv-editions.fr/nouveautes/l-art-documentaire-et-politique-contemporain-9782379242502-0-737.html?path=//lib64" "Mozilla/5.0 AppleWebKit/537.36 (KHTML, like Gecko; compatible; GPTBot/1.4; +https://openai.com/gptbot)"
74.7.243.216 - - [17/Aug/2026:00:48:19 +0200] "GET /nouveautes/l-art-documentaire-et-politique-contemporain-9782379242502-0-737.html?path=//lib64&viewfile=//lib64/libparted-fs-resize.so.0 HTTP/1.1" 200 163841 "https://www.puv-editions.fr/nouveautes/l-art-documentaire-et-politique-contemporain-9782379242502-0-737.html?path=//lib64" "Mozilla/5.0 AppleWebKit/537.36 (KHTML, like Gecko; compatible; GPTBot/1.4; +https://openai.com/gptbot)"
74.7.243.216 - - [17/Aug/2026:00:48:20 +0200] "GET /nouveautes/l-art-documentaire-et-politique-contemporain-9782379242502-0-737.html?path=//lib64&viewfile=//lib64/libtss2-tctildr.so.0.0.0 HTTP/1.1" 200 49942 "https://www.puv-editions.fr/nouveautes/l-art-documentaire-et-politique-contemporain-9782379242502-0-737.html?path=//lib64" "Mozilla/5.0 AppleWebKit/537.36 (KHTML, like Gecko; compatible; GPTBot/1.4; +https://openai.com/gptbot)"
74.7.243.216 - - [17/Aug/2026:00:48:20 +0200] "GET /nouveautes/l-art-documentaire-et-politique-contemporain-9782379242502-0-737.html?path=//lib64&viewfile=//lib64/libavahi-client.so.3.2.9 HTTP/1.1" 200 119329 "https://www.puv-editions.fr/nouveautes/l-art-documentaire-et-politique-contemporain-9782379242502-0-737.html?path=//lib64" "Mozilla/5.0 AppleWebKit/537.36 (KHTML, like Gecko; compatible; GPTBot/1.4; +https://openai.com/gptbot)"
5.39.1.241 - - [17/Aug/2026:00:48:20 +0200] "GET /personne/karafiath-judit/ HTTP/1.1" 200 47996 "-" "Mozilla/5.0 (compatible; AhrefsBot/7.0; +http://ahrefs.com/robot/)"
74.7.243.216 - - [17/Aug/2026:00:48:21 +0200] "GET /nouveautes/l-art-documentaire-et-politique-contemporain-9782379242502-0-737.html?path=//lib64&viewfile=//lib64/xml2Conf.sh HTTP/1.1" 200 10611 "https://www.puv-editions.fr/nouveautes/l-art-documentaire-et-politique-contemporain-9782379242502-0-737.html?path=//lib64" "Mozilla/5.0 AppleWebKit/537.36 (KHTML, like Gecko; compatible; GPTBot/1.4; +https://openai.com/gptbot)"
74.7.243.216 - - [17/Aug/2026:00:48:22 +0200] "GET /nouveautes/l-art-documentaire-et-politique-contemporain-9782379242502-0-737.html?path=/home/sc1jaqa5103/tmp&viewfile=/home/sc1jaqa5103/tmp/sess_a9f2722ff63e145976eeeaee5cfa76b9 HTTP/1.1" 200 10682 "https://www.puv-editions.fr/nouveautes/l-art-documentaire-et-politique-contemporain-9782379242502-0-737.html?path=/home/sc1jaqa5103/tmp" "Mozilla/5.0 AppleWebKit/537.36 (KHTML, like Gecko; compatible; GPTBot/1.4; +https://openai.com/gptbot)"
74.7.243.216 - - [17/Aug/2026:00:48:22 +0200] "GET /nouveautes/l-art-documentaire-et-politique-contemporain-9782379242502-0-737.html?path=//lib/dracut&viewfile=//lib/dracut/dracut-init.sh HTTP/1.1" 200 50862 "https://www.puv-editions.fr/nouveautes/l-art-documentaire-et-politique-contemporain-9782379242502-0-737.html?path=//lib/dracut" "Mozilla/5.0 AppleWebKit/537.36 (KHTML, like Gecko; compatible; GPTBot/1.4; +https://openai.com/gptbot)"
74.7.243.216 - - [17/Aug/2026:00:48:22 +0200] "GET /nouveautes/l-art-documentaire-et-politique-contemporain-9782379242502-0-737.html?path=//lib64/sa HTTP/1.1" 200 13704 "https://www.puv-editions.fr/nouveautes/l-art-documentaire-et-politique-contemporain-9782379242502-0-737.html?path=//lib64" "Mozilla/5.0 AppleWebKit/537.36 (KHTML, like Gecko; compatible; GPTBot/1.4; +https://openai.com/gptbot)"
74.7.243.216 - - [17/Aug/2026:00:48:23 +0200] "GET /nouveautes/l-art-documentaire-et-politique-contemporain-9782379242502-0-737.html?path=//lib64/galera-4 HTTP/1.1" 200 11129 "https://www.puv-editions.fr/nouveautes/l-art-documentaire-et-politique-contemporain-9782379242502-0-737.html?path=//lib64" "Mozilla/5.0 AppleWebKit/537.36 (KHTML, like Gecko; compatible; GPTBot/1.4; +https://openai.com/gptbot)"
74.7.243.216 - - [17/Aug/2026:00:48:23 +0200] "GET /nouveautes/l-art-documentaire-et-politique-contemporain-9782379242502-0-737.html?path=//lib64/girepository-1.0 HTTP/1.1" 200 59562 "https://www.puv-editions.fr/nouveautes/l-art-documentaire-et-politique-contemporain-9782379242502-0-737.html?path=//lib64" "Mozilla/5.0 AppleWebKit/537.36 (KHTML, like Gecko; compatible; GPTBot/1.4; +https://openai.com/gptbot)"
74.7.243.216 - - [17/Aug/2026:00:48:24 +0200] "GET /nouveautes/l-art-documentaire-et-politique-contemporain-9782379242502-0-737.html?path=//lib64&viewfile=//lib64/libtclenvmodules.so HTTP/1.1" 200 26255 "https://www.puv-editions.fr/nouveautes/l-art-documentaire-et-politique-contemporain-9782379242502-0-737.html?path=//lib64" "Mozilla/5.0 AppleWebKit/537.36 (KHTML, like Gecko; compatible; GPTBot/1.4; +https://openai.com/gptbot)"
74.7.243.216 - - [17/Aug/2026:00:48:25 +0200] "GET /nouveautes/l-art-documentaire-et-politique-contemporain-9782379242502-0-737.html?path=//lib64&viewfile=//lib64/libfreeblpriv3.chk HTTP/1.1" 200 10517 "https://www.puv-editions.fr/nouveautes/l-art-documentaire-et-politique-contemporain-9782379242502-0-737.html?path=//lib64" "Mozilla/5.0 AppleWebKit/537.36 (KHTML, like Gecko; compatible; GPTBot/1.4; +https://openai.com/gptbot)"
74.7.243.216 - - [17/Aug/2026:00:48:25 +0200] "GET /nouveautes/l-art-documentaire-et-politique-contemporain-9782379242502-0-737.html?path=//lib64&viewfile=//lib64/libmariadbclient.a HTTP/1.1" 200 702098 "https://www.puv-editions.fr/nouveautes/l-art-documentaire-et-politique-contemporain-9782379242502-0-737.html?path=//lib64" "Mozilla/5.0 AppleWebKit/537.36 (KHTML, like Gecko; compatible; GPTBot/1.4; +https://openai.com/gptbot)"
74.7.243.216 - - [17/Aug/2026:00:48:26 +0200] "GET /nouveautes/l-art-documentaire-et-politique-contemporain-9782379242502-0-737.html?path=//lib/.build-id/7d&viewfile=//lib/.build-id/7d/64c55555c7443bad655103aada58fc HTTP/1.1" 200 2248866 "https://www.puv-editions.fr/nouveautes/l-art-documentaire-et-politique-contemporain-9782379242502-0-737.html?path=//lib/.build-id/7d" "Mozilla/5.0 AppleWebKit/537.36 (KHTML, like Gecko; compatible; GPTBot/1.4; +https://openai.com/gptbot)"
74.7.243.216 - - [17/Aug/2026:00:48:26 +0200] "GET /nouveautes/l-art-documentaire-et-politique-contemporain-9782379242502-0-737.html?path=//lib64/sssd HTTP/1.1" 200 34832 "https://www.puv-editions.fr/nouveautes/l-art-documentaire-et-politique-contemporain-9782379242502-0-737.html?path=//lib64" "Mozilla/5.0 AppleWebKit/537.36 (KHTML, like Gecko; compatible; GPTBot/1.4; +https://openai.com/gptbot)"
74.7.243.216 - - [17/Aug/2026:00:48:27 +0200] "GET /nouveautes/l-art-documentaire-et-politique-contemporain-9782379242502-0-737.html?path=//lib64&viewfile=//lib64/libMagickWand-6.Q16.so.7 HTTP/1.1" 200 2050340 "https://www.puv-editions.fr/nouveautes/l-art-documentaire-et-politique-contemporain-9782379242502-0-737.html?path=//lib64" "Mozilla/5.0 AppleWebKit/537.36 (KHTML, like Gecko; compatible; GPTBot/1.4; +https://openai.com/gptbot)"
74.7.243.216 - - [17/Aug/2026:00:48:27 +0200] "GET /nouveautes/l-art-documentaire-et-politique-contemporain-9782379242502-0-737.html?path=//lib64&viewfile=//lib64/libMagickCore-6.Q16.so.7 HTTP/1.1" 200 4451072 "https://www.puv-editions.fr/nouveautes/l-art-documentaire-et-politique-contemporain-9782379242502-0-737.html?path=//lib64" "Mozilla/5.0 AppleWebKit/537.36 (KHTML, like Gecko; compatible; GPTBot/1.4; +https://openai.com/gptbot)"
74.7.243.216 - - [17/Aug/2026:00:48:28 +0200] "GET /nouveautes/l-art-documentaire-et-politique-contemporain-9782379242502-0-737.html?path=//lib64&viewfile=//lib64/libodbcdrvcfg1S.so.2.0.0 HTTP/1.1" 200 19392 "https://www.puv-editions.fr/nouveautes/l-art-documentaire-et-politique-contemporain-9782379242502-0-737.html?path=//lib64" "Mozilla/5.0 AppleWebKit/537.36 (KHTML, like Gecko; compatible; GPTBot/1.4; +https://openai.com/gptbot)"
74.7.243.216 - - [17/Aug/2026:00:48:29 +0200] "GET /nouveautes/l-art-documentaire-et-politique-contemporain-9782379242502-0-737.html?path=//lib64&viewfile=//lib64/libodbcdrvcfg2S.so.2.0.0 HTTP/1.1" 200 19267 "https://www.puv-editions.fr/nouveautes/l-art-documentaire-et-politique-contemporain-9782379242502-0-737.html?path=//lib64" "Mozilla/5.0 AppleWebKit/537.36 (KHTML, like Gecko; compatible; GPTBot/1.4; +https://openai.com/gptbot)"
74.7.243.216 - - [17/Aug/2026:00:48:29 +0200] "GET /nouveautes/l-art-documentaire-et-politique-contemporain-9782379242502-0-737.html?path=//lib64/tls HTTP/1.1" 200 9673 "https://www.puv-editions.fr/nouveautes/l-art-documentaire-et-politique-contemporain-9782379242502-0-737.html?path=//lib64" "Mozilla/5.0 AppleWebKit/537.36 (KHTML, like Gecko; compatible; GPTBot/1.4; +https://openai.com/gptbot)"
74.7.243.216 - - [17/Aug/2026:00:48:30 +0200] "GET /nouveautes/l-art-documentaire-et-politique-contemporain-9782379242502-0-737.html?path=//lib64/girepository-1.0&viewfile=//lib64/girepository-1.0/DBusGLib-1.0.typelib HTTP/1.1" 200 11210 "https://www.puv-editions.fr/nouveautes/l-art-documentaire-et-politique-contemporain-9782379242502-0-737.html?path=//lib64/girepository-1.0" "Mozilla/5.0 AppleWebKit/537.36 (KHTML, like Gecko; compatible; GPTBot/1.4; +https://openai.com/gptbot)"
36.156.51.140 - - [17/Aug/2026:00:48:30 +0200] "GET /auteurs/bibliographie-de-atlan-henri/nos-collections.html HTTP/1.1" 200 47996 "-" "Mozilla/5.0 (Macintosh; Intel Mac OS X 10_15_7) AppleWebKit/537.36 (KHTML, like Gecko) Chrome/109.0.0.0 Safari/537.36"
74.7.243.216 - - [17/Aug/2026:00:48:30 +0200] "GET /nouveautes/l-art-documentaire-et-politique-contemporain-9782379242502-0-737.html?path=//lib64/girepository-1.0&viewfile=//lib64/girepository-1.0/GdkPixbuf-2.0.typelib HTTP/1.1" 200 31233 "https://www.puv-editions.fr/nouveautes/l-art-documentaire-et-politique-contemporain-9782379242502-0-737.html?path=//lib64/girepository-1.0" "Mozilla/5.0 AppleWebKit/537.36 (KHTML, like Gecko; compatible; GPTBot/1.4; +https://openai.com/gptbot)"
74.7.243.216 - - [17/Aug/2026:00:48:31 +0200] "GET /nouveautes/l-art-documentaire-et-politique-contemporain-9782379242502-0-737.html?path=//lib64/girepository-1.0&viewfile=//lib64/girepository-1.0/PangoFT2-1.0.typelib HTTP/1.1" 200 13613 "https://www.puv-editions.fr/nouveautes/l-art-documentaire-et-politique-contemporain-9782379242502-0-737.html?path=//lib64/girepository-1.0" "Mozilla/5.0 AppleWebKit/537.36 (KHTML, like Gecko; compatible; GPTBot/1.4; +https://openai.com/gptbot)"
74.7.243.216 - - [17/Aug/2026:00:48:31 +0200] "GET /nouveautes/l-art-documentaire-et-politique-contemporain-9782379242502-0-737.html?path=//lib64/lua HTTP/1.1" 200 12257 "https://www.puv-editions.fr/nouveautes/l-art-documentaire-et-politique-contemporain-9782379242502-0-737.html?path=//lib64" "Mozilla/5.0 AppleWebKit/537.36 (KHTML, like Gecko; compatible; GPTBot/1.4; +https://openai.com/gptbot)"
74.7.243.216 - - [17/Aug/2026:00:48:32 +0200] "GET /nouveautes/l-art-documentaire-et-politique-contemporain-9782379242502-0-737.html?path=//lib64/nss HTTP/1.1" 200 12321 "https://www.puv-editions.fr/nouveautes/l-art-documentaire-et-politique-contemporain-9782379242502-0-737.html?path=//lib64" "Mozilla/5.0 AppleWebKit/537.36 (KHTML, like Gecko; compatible; GPTBot/1.4; +https://openai.com/gptbot)"
74.7.243.216 - - [17/Aug/2026:00:48:32 +0200] "GET /nouveautes/l-art-documentaire-et-politique-contemporain-9782379242502-0-737.html?path=//lib64/sssd&viewfile=//lib64/sssd/libsss_semanage.so HTTP/1.1" 200 30611 "https://www.puv-editions.fr/nouveautes/l-art-documentaire-et-politique-contemporain-9782379242502-0-737.html?path=//lib64/sssd" "Mozilla/5.0 AppleWebKit/537.36 (KHTML, like Gecko; compatible; GPTBot/1.4; +https://openai.com/gptbot)"
74.7.243.216 - - [17/Aug/2026:00:48:33 +0200] "GET /nouveautes/l-art-documentaire-et-politique-contemporain-9782379242502-0-737.html?path=//lib64/gio HTTP/1.1" 200 10980 "https://www.puv-editions.fr/nouveautes/l-art-documentaire-et-politique-contemporain-9782379242502-0-737.html?path=//lib64" "Mozilla/5.0 AppleWebKit/537.36 (KHTML, like Gecko; compatible; GPTBot/1.4; +https://openai.com/gptbot)"
74.7.243.216 - - [17/Aug/2026:00:48:33 +0200] "GET /nouveautes/l-art-documentaire-et-politique-contemporain-9782379242502-0-737.html?path=//lib64/bpf HTTP/1.1" 200 9673 "https://www.puv-editions.fr/nouveautes/l-art-documentaire-et-politique-contemporain-9782379242502-0-737.html?path=//lib64" "Mozilla/5.0 AppleWebKit/537.36 (KHTML, like Gecko; compatible; GPTBot/1.4; +https://openai.com/gptbot)"
74.7.243.216 - - [17/Aug/2026:00:48:34 +0200] "GET /nouveautes/l-art-documentaire-et-politique-contemporain-9782379242502-0-737.html?path=//lib64/ldb HTTP/1.1" 200 16653 "https://www.puv-editions.fr/nouveautes/l-art-documentaire-et-politique-contemporain-9782379242502-0-737.html?path=//lib64" "Mozilla/5.0 AppleWebKit/537.36 (KHTML, like Gecko; compatible; GPTBot/1.4; +https://openai.com/gptbot)"
74.7.243.216 - - [17/Aug/2026:00:48:34 +0200] "GET /nouveautes/l-art-documentaire-et-politique-contemporain-9782379242502-0-737.html?path=//lib64&viewfile=//lib64/libsubid_sss.so HTTP/1.1" 200 38301 "https://www.puv-editions.fr/nouveautes/l-art-documentaire-et-politique-contemporain-9782379242502-0-737.html?path=//lib64" "Mozilla/5.0 AppleWebKit/537.36 (KHTML, like Gecko; compatible; GPTBot/1.4; +https://openai.com/gptbot)"
74.7.243.216 - - [17/Aug/2026:00:48:35 +0200] "GET /nouveautes/l-art-documentaire-et-politique-contemporain-9782379242502-0-737.html?path=//lib64&viewfile=//lib64/libsss_certmap.so.0 HTTP/1.1" 200 130866 "https://www.puv-editions.fr/nouveautes/l-art-documentaire-et-politique-contemporain-9782379242502-0-737.html?path=//lib64" "Mozilla/5.0 AppleWebKit/537.36 (KHTML, like Gecko; compatible; GPTBot/1.4; +https://openai.com/gptbot)"
35.198.113.100 - - [17/Aug/2026:00:48:35 +0200] "GET /personne/lenot-marc/ HTTP/1.1" 200 47996 "-" "LinkupBot/1.0 (LinkupBot for web indexing; https://linkup.so/bot; bot@linkup.so)"
74.7.243.216 - - [17/Aug/2026:00:48:36 +0200] "GET /nouveautes/l-art-documentaire-et-politique-contemporain-9782379242502-0-737.html?path=//lib64&viewfile=//lib64/libisccc.so.161 HTTP/1.1" 200 74298 "https://www.puv-editions.fr/nouveautes/l-art-documentaire-et-politique-contemporain-9782379242502-0-737.html?path=//lib64" "Mozilla/5.0 AppleWebKit/537.36 (KHTML, like Gecko; compatible; GPTBot/1.4; +https://openai.com/gptbot)"
74.7.243.216 - - [17/Aug/2026:00:48:36 +0200] "GET /nouveautes/l-art-documentaire-et-politique-contemporain-9782379242502-0-737.html?path=//lib/.build-id/b8 HTTP/1.1" 200 41672 "https://www.puv-editions.fr/nouveautes/l-art-documentaire-et-politique-contemporain-9782379242502-0-737.html?path=//lib/.build-id" "Mozilla/5.0 AppleWebKit/537.36 (KHTML, like Gecko; compatible; GPTBot/1.4; +https://openai.com/gptbot)"
35.198.113.100 - - [17/Aug/2026:00:48:36 +0200] "GET /personne/radzynski-anne/ HTTP/1.1" 200 47996 "-" "LinkupBot/1.0 (LinkupBot for web indexing; https://linkup.so/bot; bot@linkup.so)"
74.7.243.216 - - [17/Aug/2026:00:48:37 +0200] "GET /nouveautes/l-art-documentaire-et-politique-contemporain-9782379242502-0-737.html?path=//lib/.build-id/2b HTTP/1.1" 200 35591 "https://www.puv-editions.fr/nouveautes/l-art-documentaire-et-politique-contemporain-9782379242502-0-737.html?path=//lib/.build-id" "Mozilla/5.0 AppleWebKit/537.36 (KHTML, like Gecko; compatible; GPTBot/1.4; +https://openai.com/gptbot)"
74.7.243.216 - - [17/Aug/2026:00:48:37 +0200] "GET /nouveautes/l-art-documentaire-et-politique-contemporain-9782379242502-0-737.html?path=//lib/.build-id/ef HTTP/1.1" 200 31044 "https://www.puv-editions.fr/nouveautes/l-art-documentaire-et-politique-contemporain-9782379242502-0-737.html?path=//lib/.build-id" "Mozilla/5.0 AppleWebKit/537.36 (KHTML, like Gecko; compatible; GPTBot/1.4; +https://openai.com/gptbot)"
35.198.113.100 - - [17/Aug/2026:00:48:38 +0200] "GET /personne/belgherbi-eva/ HTTP/1.1" 200 47996 "-" "LinkupBot/1.0 (LinkupBot for web indexing; https://linkup.so/bot; bot@linkup.so)"
74.7.243.216 - - [17/Aug/2026:00:48:38 +0200] "GET /nouveautes/l-art-documentaire-et-politique-contemporain-9782379242502-0-737.html?path=//lib/.build-id/8d HTTP/1.1" 200 50800 "https://www.puv-editions.fr/nouveautes/l-art-documentaire-et-politique-contemporain-9782379242502-0-737.html?path=//lib/.build-id" "Mozilla/5.0 AppleWebKit/537.36 (KHTML, like Gecko; compatible; GPTBot/1.4; +https://openai.com/gptbot)"
74.7.243.216 - - [17/Aug/2026:00:48:38 +0200] "GET /nouveautes/l-art-documentaire-et-politique-contemporain-9782379242502-0-737.html?path=//lib/.build-id/6f HTTP/1.1" 200 41667 "https://www.puv-editions.fr/nouveautes/l-art-documentaire-et-politique-contemporain-9782379242502-0-737.html?path=//lib/.build-id" "Mozilla/5.0 AppleWebKit/537.36 (KHTML, like Gecko; compatible; GPTBot/1.4; +https://openai.com/gptbot)"
35.198.113.100 - - [17/Aug/2026:00:48:39 +0200] "GET /personne/veronique-daniel/ HTTP/1.1" 200 47996 "-" "LinkupBot/1.0 (LinkupBot for web indexing; https://linkup.so/bot; bot@linkup.so)"
74.7.243.216 - - [17/Aug/2026:00:48:39 +0200] "GET /nouveautes/l-art-documentaire-et-politique-contemporain-9782379242502-0-737.html?path=//lib/.build-id/f9 HTTP/1.1" 200 41660 "https://www.puv-editions.fr/nouveautes/l-art-documentaire-et-politique-contemporain-9782379242502-0-737.html?path=//lib/.build-id" "Mozilla/5.0 AppleWebKit/537.36 (KHTML, like Gecko; compatible; GPTBot/1.4; +https://openai.com/gptbot)"
136.34.116.138 - - [17/Aug/2026:00:48:39 +0200] "GET /wp-content/uploads/2022/07/2903981698.jpg HTTP/1.1" 200 88004 "-" "Mozilla/5.0 (Macintosh; Intel Mac OS X 10_15_7) AppleWebKit/537.36 (KHTML, like Gecko) Chrome/148.0.0.0 Safari/537.36"
74.7.243.216 - - [17/Aug/2026:00:48:39 +0200] "GET /nouveautes/l-art-documentaire-et-politique-contemporain-9782379242502-0-737.html?path=//lib/.build-id/a6 HTTP/1.1" 200 44781 "https://www.puv-editions.fr/nouveautes/l-art-documentaire-et-politique-contemporain-9782379242502-0-737.html?path=//lib/.build-id" "Mozilla/5.0 AppleWebKit/537.36 (KHTML, like Gecko; compatible; GPTBot/1.4; +https://openai.com/gptbot)"
74.7.243.216 - - [17/Aug/2026:00:48:40 +0200] "GET /nouveautes/l-art-documentaire-et-politique-contemporain-9782379242502-0-737.html?path=//lib/.build-id/d0 HTTP/1.1" 200 31049 "https://www.puv-editions.fr/nouveautes/l-art-documentaire-et-politique-contemporain-9782379242502-0-737.html?path=//lib/.build-id" "Mozilla/5.0 AppleWebKit/537.36 (KHTML, like Gecko; compatible; GPTBot/1.4; +https://openai.com/gptbot)"
35.198.113.100 - - [17/Aug/2026:00:48:40 +0200] "GET /ouvrage/memoire-savoir-innovation/ HTTP/1.1" 200 47996 "-" "LinkupBot/1.0 (LinkupBot for web indexing; https://linkup.so/bot; bot@linkup.so)"
74.7.243.216 - - [17/Aug/2026:00:48:41 +0200] "GET /nouveautes/l-art-documentaire-et-politique-contemporain-9782379242502-0-737.html?path=//lib/.build-id/9d HTTP/1.1" 200 49261 "https://www.puv-editions.fr/nouveautes/l-art-documentaire-et-politique-contemporain-9782379242502-0-737.html?path=//lib/.build-id" "Mozilla/5.0 AppleWebKit/537.36 (KHTML, like Gecko; compatible; GPTBot/1.4; +https://openai.com/gptbot)"
74.7.243.216 - - [17/Aug/2026:00:48:41 +0200] "GET /nouveautes/l-art-documentaire-et-politique-contemporain-9782379242502-0-737.html?path=//lib/.build-id/d3 HTTP/1.1" 200 29519 "https://www.puv-editions.fr/nouveautes/l-art-documentaire-et-politique-contemporain-9782379242502-0-737.html?path=//lib/.build-id" "Mozilla/5.0 AppleWebKit/537.36 (KHTML, like Gecko; compatible; GPTBot/1.4; +https://openai.com/gptbot)"
35.198.113.100 - - [17/Aug/2026:00:48:41 +0200] "GET /personne/maslowski-michel/ HTTP/1.1" 200 47996 "-" "LinkupBot/1.0 (LinkupBot for web indexing; https://linkup.so/bot; bot@linkup.so)"
74.7.243.216 - - [17/Aug/2026:00:48:42 +0200] "GET /nouveautes/l-art-documentaire-et-politique-contemporain-9782379242502-0-737.html?path=//lib/.build-id/bb HTTP/1.1" 200 38642 "https://www.puv-editions.fr/nouveautes/l-art-documentaire-et-politique-contemporain-9782379242502-0-737.html?path=//lib/.build-id" "Mozilla/5.0 AppleWebKit/537.36 (KHTML, like Gecko; compatible; GPTBot/1.4; +https://openai.com/gptbot)"
74.7.243.216 - - [17/Aug/2026:00:48:42 +0200] "GET /nouveautes/l-art-documentaire-et-politique-contemporain-9782379242502-0-737.html?path=//lib/.build-id/bd HTTP/1.1" 200 44699 "https://www.puv-editions.fr/nouveautes/l-art-documentaire-et-politique-contemporain-9782379242502-0-737.html?path=//lib/.build-id" "Mozilla/5.0 AppleWebKit/537.36 (KHTML, like Gecko; compatible; GPTBot/1.4; +https://openai.com/gptbot)"
35.198.113.100 - - [17/Aug/2026:00:48:42 +0200] "GET /ouvrage/rohmer-ou-le-jeu-des-variations/ HTTP/1.1" 200 47996 "-" "LinkupBot/1.0 (LinkupBot for web indexing; https://linkup.so/bot; bot@linkup.so)"
74.7.243.216 - - [17/Aug/2026:00:48:43 +0200] "GET /nouveautes/l-art-documentaire-et-politique-contemporain-9782379242502-0-737.html?path=//lib/.build-id/f4 HTTP/1.1" 200 41661 "https://www.puv-editions.fr/nouveautes/l-art-documentaire-et-politique-contemporain-9782379242502-0-737.html?path=//lib/.build-id" "Mozilla/5.0 AppleWebKit/537.36 (KHTML, like Gecko; compatible; GPTBot/1.4; +https://openai.com/gptbot)"
74.7.243.216 - - [17/Aug/2026:00:48:43 +0200] "GET /nouveautes/l-art-documentaire-et-politique-contemporain-9782379242502-0-737.html?path=//lib/.build-id/d6 HTTP/1.1" 200 31034 "https://www.puv-editions.fr/nouveautes/l-art-documentaire-et-politique-contemporain-9782379242502-0-737.html?path=//lib/.build-id" "Mozilla/5.0 AppleWebKit/537.36 (KHTML, like Gecko; compatible; GPTBot/1.4; +https://openai.com/gptbot)"
57.141.20.33 - - [17/Aug/2026:00:48:44 +0200] "GET /ouvrage/carnets-de-lecture/?viewfile=/home/sc1jaqa5103/prod.puv-editions.fr/wp-includes/blocks/latest-comments.php&path=/home/sc1jaqa5103/prod.puv-editions.fr/wp-includes/blocks HTTP/1.1" 200 17810 "-" "Mozilla/5.0 (Windows NT 10.0; Win64; x64) AppleWebKit/537.36 (KHTML, like Gecko) Chrome/145.0.0.0 Safari/537.36 (compatible; meta-externalagent/1.1 (+https://developers.facebook.com/docs/sharing/webmasters/crawler))"
74.7.243.216 - - [17/Aug/2026:00:48:44 +0200] "GET /nouveautes/l-art-documentaire-et-politique-contemporain-9782379242502-0-737.html?path=//lib/.build-id/f3 HTTP/1.1" 200 35603 "https://www.puv-editions.fr/nouveautes/l-art-documentaire-et-politique-contemporain-9782379242502-0-737.html?path=//lib/.build-id" "Mozilla/5.0 AppleWebKit/537.36 (KHTML, like Gecko; compatible; GPTBot/1.4; +https://openai.com/gptbot)"
74.7.243.216 - - [17/Aug/2026:00:48:44 +0200] "GET /nouveautes/l-art-documentaire-et-politique-contemporain-9782379242502-0-737.html?path=//lib/.build-id/1d HTTP/1.1" 200 37114 "https://www.puv-editions.fr/nouveautes/l-art-documentaire-et-politique-contemporain-9782379242502-0-737.html?path=//lib/.build-id" "Mozilla/5.0 AppleWebKit/537.36 (KHTML, like Gecko; compatible; GPTBot/1.4; +https://openai.com/gptbot)"
74.7.243.216 - - [17/Aug/2026:00:48:45 +0200] "GET /nouveautes/l-art-documentaire-et-politique-contemporain-9782379242502-0-737.html?path=//lib/.build-id/a8 HTTP/1.1" 200 41671 "https://www.puv-editions.fr/nouveautes/l-art-documentaire-et-politique-contemporain-9782379242502-0-737.html?path=//lib/.build-id" "Mozilla/5.0 AppleWebKit/537.36 (KHTML, like Gecko; compatible; GPTBot/1.4; +https://openai.com/gptbot)"
74.7.243.216 - - [17/Aug/2026:00:48:45 +0200] "GET /nouveautes/l-art-documentaire-et-politique-contemporain-9782379242502-0-737.html?path=//lib/.build-id/5c HTTP/1.1" 200 32558 "https://www.puv-editions.fr/nouveautes/l-art-documentaire-et-politique-contemporain-9782379242502-0-737.html?path=//lib/.build-id" "Mozilla/5.0 AppleWebKit/537.36 (KHTML, like Gecko; compatible; GPTBot/1.4; +https://openai.com/gptbot)"
74.7.243.216 - - [17/Aug/2026:00:48:46 +0200] "GET /nouveautes/l-art-documentaire-et-politique-contemporain-9782379242502-0-737.html?path=//lib/.build-id/d0&viewfile=//lib/.build-id/d0/7472faa4244489920de4e8b0396ed203e625e8 HTTP/1.1" 200 100760 "https://www.puv-editions.fr/nouveautes/l-art-documentaire-et-politique-contemporain-9782379242502-0-737.html?path=//lib/.build-id/d0" "Mozilla/5.0 AppleWebKit/537.36 (KHTML, like Gecko; compatible; GPTBot/1.4; +https://openai.com/gptbot)"
74.7.243.216 - - [17/Aug/2026:00:48:46 +0200] "GET /nouveautes/l-art-documentaire-et-politique-contemporain-9782379242502-0-737.html?path=//lib/.build-id/db HTTP/1.1" 200 53817 "https://www.puv-editions.fr/nouveautes/l-art-documentaire-et-politique-contemporain-9782379242502-0-737.html?path=//lib/.build-id" "Mozilla/5.0 AppleWebKit/537.36 (KHTML, like Gecko; compatible; GPTBot/1.4; +https://openai.com/gptbot)"
57.141.20.29 - - [17/Aug/2026:00:48:46 +0200] "GET /ouvrage/carnets-de-lecture/?path=/home/sc1jaqa5103/prod.puv-editions.fr/wp-includes/blocks/comment-content HTTP/1.1" 200 18805 "-" "Mozilla/5.0 (Windows NT 10.0; Win64; x64) AppleWebKit/537.36 (KHTML, like Gecko) Chrome/145.0.0.0 Safari/537.36 (compatible; meta-externalagent/1.1 (+https://developers.facebook.com/docs/sharing/webmasters/crawler))"
74.7.243.216 - - [17/Aug/2026:00:48:47 +0200] "GET /nouveautes/l-art-documentaire-et-politique-contemporain-9782379242502-0-737.html?path=//lib/.build-id/c3 HTTP/1.1" 200 40136 "https://www.puv-editions.fr/nouveautes/l-art-documentaire-et-politique-contemporain-9782379242502-0-737.html?path=//lib/.build-id" "Mozilla/5.0 AppleWebKit/537.36 (KHTML, like Gecko; compatible; GPTBot/1.4; +https://openai.com/gptbot)"
