74.7.243.216 - - [17/Aug/2026:01:17:56 +0200] "GET /nouveautes/l-art-documentaire-et-politique-contemporain-9782379242502-0-737.html?path=/home/sc1jaqa5103/dev.puv-editions.fr/wp-content/plugins/admin-columns-pro/admin-columns/classes/View/Embed&viewfile=/home/sc1jaqa5103/dev.puv-editions.fr/wp-content/plugins/admin-columns-pro/admin-columns/classes/View/Embed/Video.php HTTP/1.1" 200 12639 "https://www.puv-editions.fr/nouveautes/l-art-documentaire-et-politique-contemporain-9782379242502-0-737.html?path=/home/sc1jaqa5103/dev.puv-editions.fr/wp-content/plugins/admin-columns-pro/admin-columns/classes/View/Embed" "Mozilla/5.0 AppleWebKit/537.36 (KHTML, like Gecko; compatible; GPTBot/1.4; +https://openai.com/gptbot)"
74.7.243.216 - - [17/Aug/2026:01:17:57 +0200] "GET /nouveautes/l-art-documentaire-et-politique-contemporain-9782379242502-0-737.html?path=/home/sc1jaqa5103/dev.puv-editions.fr/wp-content/plugins/admin-columns-pro/admin-columns/classes/Type&viewfile=/home/sc1jaqa5103/dev.puv-editions.fr/wp-content/plugins/admin-columns-pro/admin-columns/classes/Type/ListKey.php HTTP/1.1" 200 12664 "https://www.puv-editions.fr/nouveautes/l-art-documentaire-et-politique-contemporain-9782379242502-0-737.html?path=/home/sc1jaqa5103/dev.puv-editions.fr/wp-content/plugins/admin-columns-pro/admin-columns/classes/Type" "Mozilla/5.0 AppleWebKit/537.36 (KHTML, like Gecko; compatible; GPTBot/1.4; +https://openai.com/gptbot)"
74.7.243.216 - - [17/Aug/2026:01:17:57 +0200] "GET /nouveautes/l-art-documentaire-et-politique-contemporain-9782379242502-0-737.html?path=/home/sc1jaqa5103/dev.puv-editions.fr/wp-content/plugins/admin-columns-pro/admin-columns/classes/Column/Media&viewfile=/home/sc1jaqa5103/dev.puv-editions.fr/wp-content/plugins/admin-columns-pro/admin-columns/classes/Column/Media/Date.php HTTP/1.1" 406 47996 "https://www.puv-editions.fr/nouveautes/l-art-documentaire-et-politique-contemporain-9782379242502-0-737.html?path=/home/sc1jaqa5103/dev.puv-editions.fr/wp-content/plugins/admin-columns-pro/admin-columns/classes/Column/Media" "Mozilla/5.0 AppleWebKit/537.36 (KHTML, like Gecko; compatible; GPTBot/1.4; +https://openai.com/gptbot)"
74.7.243.216 - - [17/Aug/2026:01:17:58 +0200] "GET /nouveautes/l-art-documentaire-et-politique-contemporain-9782379242502-0-737.html?path=/home/sc1jaqa5103/dev.puv-editions.fr/wp-content/plugins/admin-columns-pro/admin-columns/classes/Column/Media&viewfile=/home/sc1jaqa5103/dev.puv-editions.fr/wp-content/plugins/admin-columns-pro/admin-columns/classes/Column/Media/Image.php HTTP/1.1" 406 47996 "https://www.puv-editions.fr/nouveautes/l-art-documentaire-et-politique-contemporain-9782379242502-0-737.html?path=/home/sc1jaqa5103/dev.puv-editions.fr/wp-content/plugins/admin-columns-pro/admin-columns/classes/Column/Media" "Mozilla/5.0 AppleWebKit/537.36 (KHTML, like Gecko; compatible; GPTBot/1.4; +https://openai.com/gptbot)"
74.7.243.216 - - [17/Aug/2026:01:17:58 +0200] "GET /nouveautes/l-art-documentaire-et-politique-contemporain-9782379242502-0-737.html?path=/home/sc1jaqa5103/dev.puv-editions.fr/wp-content/plugins/admin-columns-pro/admin-columns/classes/Type/Url&viewfile=/home/sc1jaqa5103/dev.puv-editions.fr/wp-content/plugins/admin-columns-pro/admin-columns/classes/Type/Url/PluginSearch.php HTTP/1.1" 200 12698 "https://www.puv-editions.fr/nouveautes/l-art-documentaire-et-politique-contemporain-9782379242502-0-737.html?path=/home/sc1jaqa5103/dev.puv-editions.fr/wp-content/plugins/admin-columns-pro/admin-columns/classes/Type/Url" "Mozilla/5.0 AppleWebKit/537.36 (KHTML, like Gecko; compatible; GPTBot/1.4; +https://openai.com/gptbot)"
74.7.243.216 - - [17/Aug/2026:01:17:59 +0200] "GET /nouveautes/l-art-documentaire-et-politique-contemporain-9782379242502-0-737.html?path=/home/sc1jaqa5103/dev.puv-editions.fr/wp-content/plugins/admin-columns-pro/admin-columns/classes/Column/Post&viewfile=/home/sc1jaqa5103/dev.puv-editions.fr/wp-content/plugins/admin-columns-pro/admin-columns/classes/Column/Post/Status.php HTTP/1.1" 200 12791 "https://www.puv-editions.fr/nouveautes/l-art-documentaire-et-politique-contemporain-9782379242502-0-737.html?path=/home/sc1jaqa5103/dev.puv-editions.fr/wp-content/plugins/admin-columns-pro/admin-columns/classes/Column/Post" "Mozilla/5.0 AppleWebKit/537.36 (KHTML, like Gecko; compatible; GPTBot/1.4; +https://openai.com/gptbot)"
173.252.82.113 - - [17/Aug/2026:01:18:08 +0200] "GET /personne/amalric-jean-luc/ HTTP/1.1" 200 47996 "-" "Mozilla/5.0 (Windows NT 10.0; Win64; x64) AppleWebKit/537.36 (KHTML, like Gecko) Chrome/145.0.0.0 Safari/537.36 (compatible; meta-webindexer/1.1 (+https://developers.facebook.com/docs/sharing/webmasters/crawler))"
74.7.243.216 - - [17/Aug/2026:01:18:08 +0200] "GET /nouveautes/l-art-documentaire-et-politique-contemporain-9782379242502-0-737.html?path=/home/sc1jaqa5103/dev.puv-editions.fr/wp-content/plugins/admin-columns-pro/admin-columns/classes/Form/Element&viewfile=/home/sc1jaqa5103/dev.puv-editions.fr/wp-content/plugins/admin-columns-pro/admin-columns/classes/Form/Element/Input.php HTTP/1.1" 200 13706 "https://www.puv-editions.fr/nouveautes/l-art-documentaire-et-politique-contemporain-9782379242502-0-737.html?path=/home/sc1jaqa5103/dev.puv-editions.fr/wp-content/plugins/admin-columns-pro/admin-columns/classes/Form/Element" "Mozilla/5.0 AppleWebKit/537.36 (KHTML, like Gecko; compatible; GPTBot/1.4; +https://openai.com/gptbot)"
74.7.243.216 - - [17/Aug/2026:01:18:08 +0200] "GET /nouveautes/l-art-documentaire-et-politique-contemporain-9782379242502-0-737.html?path=/home/sc1jaqa5103/dev.puv-editions.fr/wp-content/plugins/admin-columns-pro/admin-columns/classes/Form&viewfile=/home/sc1jaqa5103/dev.puv-editions.fr/wp-content/plugins/admin-columns-pro/admin-columns/classes/Form/Nonce.php HTTP/1.1" 200 12925 "https://www.puv-editions.fr/nouveautes/l-art-documentaire-et-politique-contemporain-9782379242502-0-737.html?path=/home/sc1jaqa5103/dev.puv-editions.fr/wp-content/plugins/admin-columns-pro/admin-columns/classes/Form" "Mozilla/5.0 AppleWebKit/537.36 (KHTML, like Gecko; compatible; GPTBot/1.4; +https://openai.com/gptbot)"
74.7.243.216 - - [17/Aug/2026:01:18:09 +0200] "GET /nouveautes/l-art-documentaire-et-politique-contemporain-9782379242502-0-737.html?path=/home/sc1jaqa5103/dev.puv-editions.fr/wp-content/plugins/admin-columns-pro/admin-columns/classes/Admin/Asset&viewfile=/home/sc1jaqa5103/dev.puv-editions.fr/wp-content/plugins/admin-columns-pro/admin-columns/classes/Admin/Asset/Columns.php HTTP/1.1" 200 15076 "https://www.puv-editions.fr/nouveautes/l-art-documentaire-et-politique-contemporain-9782379242502-0-737.html?path=/home/sc1jaqa5103/dev.puv-editions.fr/wp-content/plugins/admin-columns-pro/admin-columns/classes/Admin/Asset" "Mozilla/5.0 AppleWebKit/537.36 (KHTML, like Gecko; compatible; GPTBot/1.4; +https://openai.com/gptbot)"
74.7.243.216 - - [17/Aug/2026:01:18:10 +0200] "GET /nouveautes/l-art-documentaire-et-politique-contemporain-9782379242502-0-737.html?path=/home/sc1jaqa5103/dev.puv-editions.fr/wp-content/plugins/admin-columns-pro/admin-columns/classes/Admin&viewfile=/home/sc1jaqa5103/dev.puv-editions.fr/wp-content/plugins/admin-columns-pro/admin-columns/classes/Admin/Admin.php HTTP/1.1" 200 13383 "https://www.puv-editions.fr/nouveautes/l-art-documentaire-et-politique-contemporain-9782379242502-0-737.html?path=/home/sc1jaqa5103/dev.puv-editions.fr/wp-content/plugins/admin-columns-pro/admin-columns/classes/Admin" "Mozilla/5.0 AppleWebKit/537.36 (KHTML, like Gecko; compatible; GPTBot/1.4; +https://openai.com/gptbot)"
74.7.243.216 - - [17/Aug/2026:01:18:10 +0200] "GET /nouveautes/l-art-documentaire-et-politique-contemporain-9782379242502-0-737.html?path=/home/sc1jaqa5103/dev.puv-editions.fr/wp-content/plugins/admin-columns-pro/admin-columns/classes/Column/Post&viewfile=/home/sc1jaqa5103/dev.puv-editions.fr/wp-content/plugins/admin-columns-pro/admin-columns/classes/Column/Post/Date.php HTTP/1.1" 200 12503 "https://www.puv-editions.fr/nouveautes/l-art-documentaire-et-politique-contemporain-9782379242502-0-737.html?path=/home/sc1jaqa5103/dev.puv-editions.fr/wp-content/plugins/admin-columns-pro/admin-columns/classes/Column/Post" "Mozilla/5.0 AppleWebKit/537.36 (KHTML, like Gecko; compatible; GPTBot/1.4; +https://openai.com/gptbot)"
74.7.243.216 - - [17/Aug/2026:01:18:11 +0200] "GET /nouveautes/l-art-documentaire-et-politique-contemporain-9782379242502-0-737.html?path=/home/sc1jaqa5103/dev.puv-editions.fr/wp-content/plugins/admin-columns-pro/admin-columns/classes/Column&viewfile=/home/sc1jaqa5103/dev.puv-editions.fr/wp-content/plugins/admin-columns-pro/admin-columns/classes/Column/Meta.php HTTP/1.1" 200 13256 "https://www.puv-editions.fr/nouveautes/l-art-documentaire-et-politique-contemporain-9782379242502-0-737.html?path=/home/sc1jaqa5103/dev.puv-editions.fr/wp-content/plugins/admin-columns-pro/admin-columns/classes/Column" "Mozilla/5.0 AppleWebKit/537.36 (KHTML, like Gecko; compatible; GPTBot/1.4; +https://openai.com/gptbot)"
74.7.243.216 - - [17/Aug/2026:01:18:11 +0200] "GET /nouveautes/l-art-documentaire-et-politique-contemporain-9782379242502-0-737.html?path=/home/sc1jaqa5103/dev.puv-editions.fr/wp-content/plugins/admin-columns-pro/admin-columns/classes/Helper&viewfile=/home/sc1jaqa5103/dev.puv-editions.fr/wp-content/plugins/admin-columns-pro/admin-columns/classes/Helper/Icon.php HTTP/1.1" 200 14225 "https://www.puv-editions.fr/nouveautes/l-art-documentaire-et-politique-contemporain-9782379242502-0-737.html?path=/home/sc1jaqa5103/dev.puv-editions.fr/wp-content/plugins/admin-columns-pro/admin-columns/classes/Helper" "Mozilla/5.0 AppleWebKit/537.36 (KHTML, like Gecko; compatible; GPTBot/1.4; +https://openai.com/gptbot)"
52.71.79.17 - - [17/Aug/2026:01:18:17 +0200] "GET /mot-clef/flandres/<img HTTP/1.1" 200 47996 "-" "Mozilla/5.0 (X11; Ubuntu; Linux x86_64; rv:72.0) Gecko/20100101 Firefox/72.0"
74.7.243.216 - - [17/Aug/2026:01:18:17 +0200] "GET /nouveautes/l-art-documentaire-et-politique-contemporain-9782379242502-0-737.html?path=/home/sc1jaqa5103/dev.puv-editions.fr/wp-content/plugins/admin-columns-pro/admin-columns/classes/Column/Media&viewfile=/home/sc1jaqa5103/dev.puv-editions.fr/wp-content/plugins/admin-columns-pro/admin-columns/classes/Column/Media/Title.php HTTP/1.1" 406 47996 "https://www.puv-editions.fr/nouveautes/l-art-documentaire-et-politique-contemporain-9782379242502-0-737.html?path=/home/sc1jaqa5103/dev.puv-editions.fr/wp-content/plugins/admin-columns-pro/admin-columns/classes/Column/Media" "Mozilla/5.0 AppleWebKit/537.36 (KHTML, like Gecko; compatible; GPTBot/1.4; +https://openai.com/gptbot)"
220.181.108.83 - - [17/Aug/2026:01:18:17 +0200] "GET / HTTP/1.1" 200 39788 "-" "Mozilla/5.0 (compatible; Baiduspider/2.0; +http://www.baidu.com/search/spider.html)"
74.7.243.216 - - [17/Aug/2026:01:18:17 +0200] "GET /nouveautes/l-art-documentaire-et-politique-contemporain-9782379242502-0-737.html?path=/home/sc1jaqa5103/dev.puv-editions.fr/wp-content/plugins/admin-columns-pro/admin-columns/classes/Admin/Page&viewfile=/home/sc1jaqa5103/dev.puv-editions.fr/wp-content/plugins/admin-columns-pro/admin-columns/classes/Admin/Page/Settings.php HTTP/1.1" 200 14126 "https://www.puv-editions.fr/nouveautes/l-art-documentaire-et-politique-contemporain-9782379242502-0-737.html?path=/home/sc1jaqa5103/dev.puv-editions.fr/wp-content/plugins/admin-columns-pro/admin-columns/classes/Admin/Page" "Mozilla/5.0 AppleWebKit/537.36 (KHTML, like Gecko; compatible; GPTBot/1.4; +https://openai.com/gptbot)"
74.7.243.216 - - [17/Aug/2026:01:18:18 +0200] "GET /nouveautes/l-art-documentaire-et-politique-contemporain-9782379242502-0-737.html?path=/home/sc1jaqa5103/dev.puv-editions.fr/wp-content/plugins/admin-columns-pro/admin-columns/classes/Helper&viewfile=/home/sc1jaqa5103/dev.puv-editions.fr/wp-content/plugins/admin-columns-pro/admin-columns/classes/Helper/User.php HTTP/1.1" 200 16210 "https://www.puv-editions.fr/nouveautes/l-art-documentaire-et-politique-contemporain-9782379242502-0-737.html?path=/home/sc1jaqa5103/dev.puv-editions.fr/wp-content/plugins/admin-columns-pro/admin-columns/classes/Helper" "Mozilla/5.0 AppleWebKit/537.36 (KHTML, like Gecko; compatible; GPTBot/1.4; +https://openai.com/gptbot)"
74.7.243.216 - - [17/Aug/2026:01:18:19 +0200] "GET /nouveautes/l-art-documentaire-et-politique-contemporain-9782379242502-0-737.html?path=/home/sc1jaqa5103/dev.puv-editions.fr/wp-content/plugins/admin-columns-pro/admin-columns/classes/Type/Url&viewfile=/home/sc1jaqa5103/dev.puv-editions.fr/wp-content/plugins/admin-columns-pro/admin-columns/classes/Type/Url/EditorNetwork.php HTTP/1.1" 200 12740 "https://www.puv-editions.fr/nouveautes/l-art-documentaire-et-politique-contemporain-9782379242502-0-737.html?path=/home/sc1jaqa5103/dev.puv-editions.fr/wp-content/plugins/admin-columns-pro/admin-columns/classes/Type/Url" "Mozilla/5.0 AppleWebKit/537.36 (KHTML, like Gecko; compatible; GPTBot/1.4; +https://openai.com/gptbot)"
74.7.243.216 - - [17/Aug/2026:01:18:20 +0200] "GET /nouveautes/l-art-documentaire-et-politique-contemporain-9782379242502-0-737.html?path=/home/sc1jaqa5103/dev.puv-editions.fr/wp-content/plugins/admin-columns-pro/admin-columns/classes/Asset&viewfile=/home/sc1jaqa5103/dev.puv-editions.fr/wp-content/plugins/admin-columns-pro/admin-columns/classes/Asset/Script.php HTTP/1.1" 200 14272 "https://www.puv-editions.fr/nouveautes/l-art-documentaire-et-politique-contemporain-9782379242502-0-737.html?path=/home/sc1jaqa5103/dev.puv-editions.fr/wp-content/plugins/admin-columns-pro/admin-columns/classes/Asset" "Mozilla/5.0 AppleWebKit/537.36 (KHTML, like Gecko; compatible; GPTBot/1.4; +https://openai.com/gptbot)"
74.7.243.216 - - [17/Aug/2026:01:18:20 +0200] "GET /nouveautes/l-art-documentaire-et-politique-contemporain-9782379242502-0-737.html?path=/home/sc1jaqa5103/dev.puv-editions.fr/wp-content/plugins/admin-columns-pro/admin-columns/classes/Admin&viewfile=/home/sc1jaqa5103/dev.puv-editions.fr/wp-content/plugins/admin-columns-pro/admin-columns/classes/Admin/Banner.php HTTP/1.1" 200 13138 "https://www.puv-editions.fr/nouveautes/l-art-documentaire-et-politique-contemporain-9782379242502-0-737.html?path=/home/sc1jaqa5103/dev.puv-editions.fr/wp-content/plugins/admin-columns-pro/admin-columns/classes/Admin" "Mozilla/5.0 AppleWebKit/537.36 (KHTML, like Gecko; compatible; GPTBot/1.4; +https://openai.com/gptbot)"
74.7.243.216 - - [17/Aug/2026:01:18:21 +0200] "GET /nouveautes/l-art-documentaire-et-politique-contemporain-9782379242502-0-737.html?path=/home/sc1jaqa5103/dev.puv-editions.fr/wp-content/plugins/admin-columns-pro/admin-columns/classes/Column/Post&viewfile=/home/sc1jaqa5103/dev.puv-editions.fr/wp-content/plugins/admin-columns-pro/admin-columns/classes/Column/Post/Excerpt.php HTTP/1.1" 200 13419 "https://www.puv-editions.fr/nouveautes/l-art-documentaire-et-politique-contemporain-9782379242502-0-737.html?path=/home/sc1jaqa5103/dev.puv-editions.fr/wp-content/plugins/admin-columns-pro/admin-columns/classes/Column/Post" "Mozilla/5.0 AppleWebKit/537.36 (KHTML, like Gecko; compatible; GPTBot/1.4; +https://openai.com/gptbot)"
74.7.243.216 - - [17/Aug/2026:01:18:21 +0200] "GET /nouveautes/l-art-documentaire-et-politique-contemporain-9782379242502-0-737.html?path=/home/sc1jaqa5103/dev.puv-editions.fr/wp-content/plugins/admin-columns-pro/admin-columns/classes/Column/Media&viewfile=/home/sc1jaqa5103/dev.puv-editions.fr/wp-content/plugins/admin-columns-pro/admin-columns/classes/Column/Media/ID.php HTTP/1.1" 406 47996 "https://www.puv-editions.fr/nouveautes/l-art-documentaire-et-politique-contemporain-9782379242502-0-737.html?path=/home/sc1jaqa5103/dev.puv-editions.fr/wp-content/plugins/admin-columns-pro/admin-columns/classes/Column/Media" "Mozilla/5.0 AppleWebKit/537.36 (KHTML, like Gecko; compatible; GPTBot/1.4; +https://openai.com/gptbot)"
74.7.243.216 - - [17/Aug/2026:01:18:22 +0200] "GET /nouveautes/l-art-documentaire-et-politique-contemporain-9782379242502-0-737.html?path=/home/sc1jaqa5103/dev.puv-editions.fr/wp-content/plugins/admin-columns-pro/admin-columns/classes/Column/Post&viewfile=/home/sc1jaqa5103/dev.puv-editions.fr/wp-content/plugins/admin-columns-pro/admin-columns/classes/Column/Post/Title.php HTTP/1.1" 200 12508 "https://www.puv-editions.fr/nouveautes/l-art-documentaire-et-politique-contemporain-9782379242502-0-737.html?path=/home/sc1jaqa5103/dev.puv-editions.fr/wp-content/plugins/admin-columns-pro/admin-columns/classes/Column/Post" "Mozilla/5.0 AppleWebKit/537.36 (KHTML, like Gecko; compatible; GPTBot/1.4; +https://openai.com/gptbot)"
74.7.243.216 - - [17/Aug/2026:01:18:23 +0200] "GET /nouveautes/l-art-documentaire-et-politique-contemporain-9782379242502-0-737.html?path=/home/sc1jaqa5103/dev.puv-editions.fr/wp-content/plugins/admin-columns-pro/admin-columns/classes/Form&viewfile=/home/sc1jaqa5103/dev.puv-editions.fr/wp-content/plugins/admin-columns-pro/admin-columns/classes/Form/Element.php HTTP/1.1" 200 16750 "https://www.puv-editions.fr/nouveautes/l-art-documentaire-et-politique-contemporain-9782379242502-0-737.html?path=/home/sc1jaqa5103/dev.puv-editions.fr/wp-content/plugins/admin-columns-pro/admin-columns/classes/Form" "Mozilla/5.0 AppleWebKit/537.36 (KHTML, like Gecko; compatible; GPTBot/1.4; +https://openai.com/gptbot)"
74.7.243.216 - - [17/Aug/2026:01:18:23 +0200] "GET /nouveautes/l-art-documentaire-et-politique-contemporain-9782379242502-0-737.html?path=/home/sc1jaqa5103/dev.puv-editions.fr/wp-content/plugins/admin-columns-pro/admin-columns/classes/Column/Media&viewfile=/home/sc1jaqa5103/dev.puv-editions.fr/wp-content/plugins/admin-columns-pro/admin-columns/classes/Column/Media/Meta.php HTTP/1.1" 406 47996 "https://www.puv-editions.fr/nouveautes/l-art-documentaire-et-politique-contemporain-9782379242502-0-737.html?path=/home/sc1jaqa5103/dev.puv-editions.fr/wp-content/plugins/admin-columns-pro/admin-columns/classes/Column/Media" "Mozilla/5.0 AppleWebKit/537.36 (KHTML, like Gecko; compatible; GPTBot/1.4; +https://openai.com/gptbot)"
74.7.243.216 - - [17/Aug/2026:01:18:24 +0200] "GET /nouveautes/l-art-documentaire-et-politique-contemporain-9782379242502-0-737.html?path=/home/sc1jaqa5103/dev.puv-editions.fr/wp-content/plugins/admin-columns-pro/admin-columns/classes/Column/User&viewfile=/home/sc1jaqa5103/dev.puv-editions.fr/wp-content/plugins/admin-columns-pro/admin-columns/classes/Column/User/Role.php HTTP/1.1" 200 12813 "https://www.puv-editions.fr/nouveautes/l-art-documentaire-et-politique-contemporain-9782379242502-0-737.html?path=/home/sc1jaqa5103/dev.puv-editions.fr/wp-content/plugins/admin-columns-pro/admin-columns/classes/Column/User" "Mozilla/5.0 AppleWebKit/537.36 (KHTML, like Gecko; compatible; GPTBot/1.4; +https://openai.com/gptbot)"
74.7.243.216 - - [17/Aug/2026:01:18:24 +0200] "GET /nouveautes/l-art-documentaire-et-politique-contemporain-9782379242502-0-737.html?path=/home/sc1jaqa5103/dev.puv-editions.fr/wp-content/plugins/admin-columns-pro/admin-columns/classes/Type/Url&viewfile=/home/sc1jaqa5103/dev.puv-editions.fr/wp-content/plugins/admin-columns-pro/admin-columns/classes/Type/Url/CouponCode.php HTTP/1.1" 200 12612 "https://www.puv-editions.fr/nouveautes/l-art-documentaire-et-politique-contemporain-9782379242502-0-737.html?path=/home/sc1jaqa5103/dev.puv-editions.fr/wp-content/plugins/admin-columns-pro/admin-columns/classes/Type/Url" "Mozilla/5.0 AppleWebKit/537.36 (KHTML, like Gecko; compatible; GPTBot/1.4; +https://openai.com/gptbot)"
74.7.243.216 - - [17/Aug/2026:01:18:25 +0200] "GET /nouveautes/l-art-documentaire-et-politique-contemporain-9782379242502-0-737.html?path=/home/sc1jaqa5103/dev.puv-editions.fr/wp-content/plugins/admin-columns-pro/admin-columns/classes/Type&viewfile=/home/sc1jaqa5103/dev.puv-editions.fr/wp-content/plugins/admin-columns-pro/admin-columns/classes/Type/UserId.php HTTP/1.1" 200 12604 "https://www.puv-editions.fr/nouveautes/l-art-documentaire-et-politique-contemporain-9782379242502-0-737.html?path=/home/sc1jaqa5103/dev.puv-editions.fr/wp-content/plugins/admin-columns-pro/admin-columns/classes/Type" "Mozilla/5.0 AppleWebKit/537.36 (KHTML, like Gecko; compatible; GPTBot/1.4; +https://openai.com/gptbot)"
74.7.243.216 - - [17/Aug/2026:01:18:25 +0200] "GET /nouveautes/l-art-documentaire-et-politique-contemporain-9782379242502-0-737.html?path=/home/sc1jaqa5103/dev.puv-editions.fr/wp-content/plugins/admin-columns-pro/admin-columns/classes/Meta&viewfile=/home/sc1jaqa5103/dev.puv-editions.fr/wp-content/plugins/admin-columns-pro/admin-columns/classes/Meta/Query.php HTTP/1.1" 200 24916 "https://www.puv-editions.fr/nouveautes/l-art-documentaire-et-politique-contemporain-9782379242502-0-737.html?path=/home/sc1jaqa5103/dev.puv-editions.fr/wp-content/plugins/admin-columns-pro/admin-columns/classes/Meta" "Mozilla/5.0 AppleWebKit/537.36 (KHTML, like Gecko; compatible; GPTBot/1.4; +https://openai.com/gptbot)"
74.7.243.216 - - [17/Aug/2026:01:18:26 +0200] "GET /nouveautes/l-art-documentaire-et-politique-contemporain-9782379242502-0-737.html?path=/home/sc1jaqa5103/dev.puv-editions.fr/wp-content/plugins/admin-columns-pro/admin-columns/classes/Helper&viewfile=/home/sc1jaqa5103/dev.puv-editions.fr/wp-content/plugins/admin-columns-pro/admin-columns/classes/Helper/Date.php HTTP/1.1" 200 17991 "https://www.puv-editions.fr/nouveautes/l-art-documentaire-et-politique-contemporain-9782379242502-0-737.html?path=/home/sc1jaqa5103/dev.puv-editions.fr/wp-content/plugins/admin-columns-pro/admin-columns/classes/Helper" "Mozilla/5.0 AppleWebKit/537.36 (KHTML, like Gecko; compatible; GPTBot/1.4; +https://openai.com/gptbot)"
74.7.243.216 - - [17/Aug/2026:01:18:27 +0200] "GET /nouveautes/l-art-documentaire-et-politique-contemporain-9782379242502-0-737.html?path=/home/sc1jaqa5103/dev.puv-editions.fr/wp-content/plugins/admin-columns-pro/admin-columns/classes/Helper&viewfile=/home/sc1jaqa5103/dev.puv-editions.fr/wp-content/plugins/admin-columns-pro/admin-columns/classes/Helper/Post.php HTTP/1.1" 200 17089 "https://www.puv-editions.fr/nouveautes/l-art-documentaire-et-politique-contemporain-9782379242502-0-737.html?path=/home/sc1jaqa5103/dev.puv-editions.fr/wp-content/plugins/admin-columns-pro/admin-columns/classes/Helper" "Mozilla/5.0 AppleWebKit/537.36 (KHTML, like Gecko; compatible; GPTBot/1.4; +https://openai.com/gptbot)"
74.7.243.216 - - [17/Aug/2026:01:18:29 +0200] "GET /nouveautes/l-art-documentaire-et-politique-contemporain-9782379242502-0-737.html?path=/home/sc1jaqa5103/dev.puv-editions.fr/wp-content/plugins/admin-columns-pro/admin-columns/classes/Column/Post&viewfile=/home/sc1jaqa5103/dev.puv-editions.fr/wp-content/plugins/admin-columns-pro/admin-columns/classes/Column/Post/Slug.php HTTP/1.1" 200 13168 "https://www.puv-editions.fr/nouveautes/l-art-documentaire-et-politique-contemporain-9782379242502-0-737.html?path=/home/sc1jaqa5103/dev.puv-editions.fr/wp-content/plugins/admin-columns-pro/admin-columns/classes/Column/Post" "Mozilla/5.0 AppleWebKit/537.36 (KHTML, like Gecko; compatible; GPTBot/1.4; +https://openai.com/gptbot)"
74.7.243.216 - - [17/Aug/2026:01:18:29 +0200] "GET /nouveautes/l-art-documentaire-et-politique-contemporain-9782379242502-0-737.html?path=/home/sc1jaqa5103/dev.puv-editions.fr/wp-content/plugins/admin-columns-pro/admin-columns/classes/Column/Media&viewfile=/home/sc1jaqa5103/dev.puv-editions.fr/wp-content/plugins/admin-columns-pro/admin-columns/classes/Column/Media/Width.php HTTP/1.1" 406 47996 "https://www.puv-editions.fr/nouveautes/l-art-documentaire-et-politique-contemporain-9782379242502-0-737.html?path=/home/sc1jaqa5103/dev.puv-editions.fr/wp-content/plugins/admin-columns-pro/admin-columns/classes/Column/Media" "Mozilla/5.0 AppleWebKit/537.36 (KHTML, like Gecko; compatible; GPTBot/1.4; +https://openai.com/gptbot)"
74.7.243.216 - - [17/Aug/2026:01:18:30 +0200] "GET /nouveautes/l-art-documentaire-et-politique-contemporain-9782379242502-0-737.html?path=/home/sc1jaqa5103/dev.puv-editions.fr/wp-content/plugins/admin-columns-pro/admin-columns/classes/Column/User&viewfile=/home/sc1jaqa5103/dev.puv-editions.fr/wp-content/plugins/admin-columns-pro/admin-columns/classes/Column/User/Posts.php HTTP/1.1" 200 12507 "https://www.puv-editions.fr/nouveautes/l-art-documentaire-et-politique-contemporain-9782379242502-0-737.html?path=/home/sc1jaqa5103/dev.puv-editions.fr/wp-content/plugins/admin-columns-pro/admin-columns/classes/Column/User" "Mozilla/5.0 AppleWebKit/537.36 (KHTML, like Gecko; compatible; GPTBot/1.4; +https://openai.com/gptbot)"
74.7.243.216 - - [17/Aug/2026:01:18:30 +0200] "GET /nouveautes/l-art-documentaire-et-politique-contemporain-9782379242502-0-737.html?path=/home/sc1jaqa5103/dev.puv-editions.fr/wp-content/plugins/admin-columns-pro/admin-columns/classes/Column/Post&viewfile=/home/sc1jaqa5103/dev.puv-editions.fr/wp-content/plugins/admin-columns-pro/admin-columns/classes/Column/Post/Tags.php HTTP/1.1" 200 12834 "https://www.puv-editions.fr/nouveautes/l-art-documentaire-et-politique-contemporain-9782379242502-0-737.html?path=/home/sc1jaqa5103/dev.puv-editions.fr/wp-content/plugins/admin-columns-pro/admin-columns/classes/Column/Post" "Mozilla/5.0 AppleWebKit/537.36 (KHTML, like Gecko; compatible; GPTBot/1.4; +https://openai.com/gptbot)"
74.7.243.216 - - [17/Aug/2026:01:18:31 +0200] "GET /nouveautes/l-art-documentaire-et-politique-contemporain-9782379242502-0-737.html?path=/home/sc1jaqa5103/dev.puv-editions.fr/wp-content/plugins/admin-columns-pro/admin-columns/classes/Type/Url&viewfile=/home/sc1jaqa5103/dev.puv-editions.fr/wp-content/plugins/admin-columns-pro/admin-columns/classes/Type/Url/EditorColumns.php HTTP/1.1" 200 12717 "https://www.puv-editions.fr/nouveautes/l-art-documentaire-et-politique-contemporain-9782379242502-0-737.html?path=/home/sc1jaqa5103/dev.puv-editions.fr/wp-content/plugins/admin-columns-pro/admin-columns/classes/Type/Url" "Mozilla/5.0 AppleWebKit/537.36 (KHTML, like Gecko; compatible; GPTBot/1.4; +https://openai.com/gptbot)"
74.7.243.216 - - [17/Aug/2026:01:18:31 +0200] "GET /nouveautes/l-art-documentaire-et-politique-contemporain-9782379242502-0-737.html?path=/home/sc1jaqa5103/dev.puv-editions.fr/wp-content/plugins/admin-columns-pro/admin-columns/classes/Ajax&viewfile=/home/sc1jaqa5103/dev.puv-editions.fr/wp-content/plugins/admin-columns-pro/admin-columns/classes/Ajax/Handler.php HTTP/1.1" 200 16346 "https://www.puv-editions.fr/nouveautes/l-art-documentaire-et-politique-contemporain-9782379242502-0-737.html?path=/home/sc1jaqa5103/dev.puv-editions.fr/wp-content/plugins/admin-columns-pro/admin-columns/classes/Ajax" "Mozilla/5.0 AppleWebKit/537.36 (KHTML, like Gecko; compatible; GPTBot/1.4; +https://openai.com/gptbot)"
74.7.243.216 - - [17/Aug/2026:01:18:32 +0200] "GET /nouveautes/l-art-documentaire-et-politique-contemporain-9782379242502-0-737.html?path=/home/sc1jaqa5103/dev.puv-editions.fr/wp-content/plugins/admin-columns-pro/admin-columns/classes/Column/Media&viewfile=/home/sc1jaqa5103/dev.puv-editions.fr/wp-content/plugins/admin-columns-pro/admin-columns/classes/Column/Media/Menu.php HTTP/1.1" 406 47996 "https://www.puv-editions.fr/nouveautes/l-art-documentaire-et-politique-contemporain-9782379242502-0-737.html?path=/home/sc1jaqa5103/dev.puv-editions.fr/wp-content/plugins/admin-columns-pro/admin-columns/classes/Column/Media" "Mozilla/5.0 AppleWebKit/537.36 (KHTML, like Gecko; compatible; GPTBot/1.4; +https://openai.com/gptbot)"
74.7.243.216 - - [17/Aug/2026:01:18:32 +0200] "GET /nouveautes/l-art-documentaire-et-politique-contemporain-9782379242502-0-737.html?path=/home/sc1jaqa5103/dev.puv-editions.fr/wp-content/plugins/admin-columns-pro/admin-columns/classes/Column/User&viewfile=/home/sc1jaqa5103/dev.puv-editions.fr/wp-content/plugins/admin-columns-pro/admin-columns/classes/Column/User/Login.php HTTP/1.1" 200 13126 "https://www.puv-editions.fr/nouveautes/l-art-documentaire-et-politique-contemporain-9782379242502-0-737.html?path=/home/sc1jaqa5103/dev.puv-editions.fr/wp-content/plugins/admin-columns-pro/admin-columns/classes/Column/User" "Mozilla/5.0 AppleWebKit/537.36 (KHTML, like Gecko; compatible; GPTBot/1.4; +https://openai.com/gptbot)"
74.7.243.216 - - [17/Aug/2026:01:18:34 +0200] "GET /nouveautes/l-art-documentaire-et-politique-contemporain-9782379242502-0-737.html?path=/home/sc1jaqa5103/dev.puv-editions.fr/wp-content/plugins/admin-columns-pro/admin-columns/classes/Type/Url&viewfile=/home/sc1jaqa5103/dev.puv-editions.fr/wp-content/plugins/admin-columns-pro/admin-columns/classes/Type/Url/Documentation.php HTTP/1.1" 200 14958 "https://www.puv-editions.fr/nouveautes/l-art-documentaire-et-politique-contemporain-9782379242502-0-737.html?path=/home/sc1jaqa5103/dev.puv-editions.fr/wp-content/plugins/admin-columns-pro/admin-columns/classes/Type/Url" "Mozilla/5.0 AppleWebKit/537.36 (KHTML, like Gecko; compatible; GPTBot/1.4; +https://openai.com/gptbot)"
74.7.243.216 - - [17/Aug/2026:01:18:34 +0200] "GET /nouveautes/l-art-documentaire-et-politique-contemporain-9782379242502-0-737.html?path=/home/sc1jaqa5103/dev.puv-editions.fr/wp-content/plugins/admin-columns-pro/admin-columns/classes/Type/Url&viewfile=/home/sc1jaqa5103/dev.puv-editions.fr/wp-content/plugins/admin-columns-pro/admin-columns/classes/Type/Url/ListTable.php HTTP/1.1" 200 12640 "https://www.puv-editions.fr/nouveautes/l-art-documentaire-et-politique-contemporain-9782379242502-0-737.html?path=/home/sc1jaqa5103/dev.puv-editions.fr/wp-content/plugins/admin-columns-pro/admin-columns/classes/Type/Url" "Mozilla/5.0 AppleWebKit/537.36 (KHTML, like Gecko; compatible; GPTBot/1.4; +https://openai.com/gptbot)"
74.7.243.216 - - [17/Aug/2026:01:18:35 +0200] "GET /nouveautes/l-art-documentaire-et-politique-contemporain-9782379242502-0-737.html?path=/home/sc1jaqa5103/dev.puv-editions.fr/wp-content/plugins/admin-columns-pro/admin-columns/classes/Type/Url/ListTable&viewfile=/home/sc1jaqa5103/dev.puv-editions.fr/wp-content/plugins/admin-columns-pro/admin-columns/classes/Type/Url/ListTable/Media.php HTTP/1.1" 200 12959 "https://www.puv-editions.fr/nouveautes/l-art-documentaire-et-politique-contemporain-9782379242502-0-737.html?path=/home/sc1jaqa5103/dev.puv-editions.fr/wp-content/plugins/admin-columns-pro/admin-columns/classes/Type/Url/ListTable" "Mozilla/5.0 AppleWebKit/537.36 (KHTML, like Gecko; compatible; GPTBot/1.4; +https://openai.com/gptbot)"
35.198.113.100 - - [17/Aug/2026:01:18:35 +0200] "GET /personne/limat-letellier-nathalie/ HTTP/1.1" 200 47996 "-" "LinkupBot/1.0 (LinkupBot for web indexing; https://linkup.so/bot; bot@linkup.so)"
74.7.243.216 - - [17/Aug/2026:01:18:35 +0200] "GET /nouveautes/l-art-documentaire-et-politique-contemporain-9782379242502-0-737.html?path=/home/sc1jaqa5103/dev.puv-editions.fr/wp-content/plugins/admin-columns-pro/admin-columns/classes/Column/User&viewfile=/home/sc1jaqa5103/dev.puv-editions.fr/wp-content/plugins/admin-columns-pro/admin-columns/classes/Column/User/Url.php HTTP/1.1" 200 12926 "https://www.puv-editions.fr/nouveautes/l-art-documentaire-et-politique-contemporain-9782379242502-0-737.html?path=/home/sc1jaqa5103/dev.puv-editions.fr/wp-content/plugins/admin-columns-pro/admin-columns/classes/Column/User" "Mozilla/5.0 AppleWebKit/537.36 (KHTML, like Gecko; compatible; GPTBot/1.4; +https://openai.com/gptbot)"
74.7.243.216 - - [17/Aug/2026:01:18:36 +0200] "GET /nouveautes/l-art-documentaire-et-politique-contemporain-9782379242502-0-737.html?path=/home/sc1jaqa5103/dev.puv-editions.fr/wp-content/plugins/admin-columns-pro/admin-columns/classes/Plugin/Update&viewfile=/home/sc1jaqa5103/dev.puv-editions.fr/wp-content/plugins/admin-columns-pro/admin-columns/classes/Plugin/Update/V4000.php HTTP/1.1" 200 32030 "https://www.puv-editions.fr/nouveautes/l-art-documentaire-et-politique-contemporain-9782379242502-0-737.html?path=/home/sc1jaqa5103/dev.puv-editions.fr/wp-content/plugins/admin-columns-pro/admin-columns/classes/Plugin/Update" "Mozilla/5.0 AppleWebKit/537.36 (KHTML, like Gecko; compatible; GPTBot/1.4; +https://openai.com/gptbot)"
35.198.113.100 - - [17/Aug/2026:01:18:36 +0200] "GET /personne/nogeira-ramos-martin/ HTTP/1.1" 200 47996 "-" "LinkupBot/1.0 (LinkupBot for web indexing; https://linkup.so/bot; bot@linkup.so)"
74.7.243.216 - - [17/Aug/2026:01:18:36 +0200] "GET /nouveautes/l-art-documentaire-et-politique-contemporain-9782379242502-0-737.html?path=/home/sc1jaqa5103/dev.puv-editions.fr/wp-content/plugins/admin-columns-pro/addons/types/assets/images&viewfile=/home/sc1jaqa5103/dev.puv-editions.fr/wp-content/plugins/admin-columns-pro/addons/types/assets/images/toolset.svg HTTP/1.1" 200 13228 "https://www.puv-editions.fr/nouveautes/l-art-documentaire-et-politique-contemporain-9782379242502-0-737.html?path=/home/sc1jaqa5103/dev.puv-editions.fr/wp-content/plugins/admin-columns-pro/addons/types/assets/images" "Mozilla/5.0 AppleWebKit/537.36 (KHTML, like Gecko; compatible; GPTBot/1.4; +https://openai.com/gptbot)"
74.7.243.216 - - [17/Aug/2026:01:18:37 +0200] "GET /nouveautes/l-art-documentaire-et-politique-contemporain-9782379242502-0-737.html?path=/home/sc1jaqa5103/dev.puv-editions.fr/wp-content/plugins/admin-columns-pro/admin-columns/classes/ColumnSize&viewfile=/home/sc1jaqa5103/dev.puv-editions.fr/wp-content/plugins/admin-columns-pro/admin-columns/classes/ColumnSize/UserPreference.php HTTP/1.1" 200 12400 "https://www.puv-editions.fr/nouveautes/l-art-documentaire-et-politique-contemporain-9782379242502-0-737.html?path=/home/sc1jaqa5103/dev.puv-editions.fr/wp-content/plugins/admin-columns-pro/admin-columns/classes/ColumnSize" "Mozilla/5.0 AppleWebKit/537.36 (KHTML, like Gecko; compatible; GPTBot/1.4; +https://openai.com/gptbot)"
35.198.113.100 - - [17/Aug/2026:01:18:37 +0200] "GET /personne/bodelet-claire/ HTTP/1.1" 200 47996 "-" "LinkupBot/1.0 (LinkupBot for web indexing; https://linkup.so/bot; bot@linkup.so)"
51.75.236.130 - - [17/Aug/2026:01:18:38 +0200] "GET /personne/lahuerta-claire/ HTTP/1.1" 200 47996 "-" "Mozilla/5.0 (compatible; AhrefsBot/7.0; +http://ahrefs.com/robot/)"
74.7.243.216 - - [17/Aug/2026:01:18:37 +0200] "GET /nouveautes/l-art-documentaire-et-politique-contemporain-9782379242502-0-737.html?path=/home/sc1jaqa5103/dev.puv-editions.fr/wp-content/plugins/admin-columns-pro/admin-columns/assets/external HTTP/1.1" 200 12676 "https://www.puv-editions.fr/nouveautes/l-art-documentaire-et-politique-contemporain-9782379242502-0-737.html?path=/home/sc1jaqa5103/dev.puv-editions.fr/wp-content/plugins/admin-columns-pro/admin-columns/assets" "Mozilla/5.0 AppleWebKit/537.36 (KHTML, like Gecko; compatible; GPTBot/1.4; +https://openai.com/gptbot)"
74.7.243.216 - - [17/Aug/2026:01:18:38 +0200] "GET /nouveautes/l-art-documentaire-et-politique-contemporain-9782379242502-0-737.html?path=/home/sc1jaqa5103/dev.puv-editions.fr/wp-content/plugins/admin-columns-pro/admin-columns/vendor/opis HTTP/1.1" 200 12640 "https://www.puv-editions.fr/nouveautes/l-art-documentaire-et-politique-contemporain-9782379242502-0-737.html?path=/home/sc1jaqa5103/dev.puv-editions.fr/wp-content/plugins/admin-columns-pro/admin-columns/vendor" "Mozilla/5.0 AppleWebKit/537.36 (KHTML, like Gecko; compatible; GPTBot/1.4; +https://openai.com/gptbot)"
74.7.243.216 - - [17/Aug/2026:01:18:39 +0200] "GET /nouveautes/l-art-documentaire-et-politique-contemporain-9782379242502-0-737.html?path=/home/sc1jaqa5103/dev.puv-editions.fr/wp-content/plugins/admin-columns-pro/admin-columns/assets/js HTTP/1.1" 200 34184 "https://www.puv-editions.fr/nouveautes/l-art-documentaire-et-politique-contemporain-9782379242502-0-737.html?path=/home/sc1jaqa5103/dev.puv-editions.fr/wp-content/plugins/admin-columns-pro/admin-columns/assets" "Mozilla/5.0 AppleWebKit/537.36 (KHTML, like Gecko; compatible; GPTBot/1.4; +https://openai.com/gptbot)"
35.198.113.100 - - [17/Aug/2026:01:18:39 +0200] "GET /personne/gyssels-kathleen/ HTTP/1.1" 200 47996 "-" "LinkupBot/1.0 (LinkupBot for web indexing; https://linkup.so/bot; bot@linkup.so)"
74.7.243.216 - - [17/Aug/2026:01:18:39 +0200] "GET /nouveautes/l-art-documentaire-et-politique-contemporain-9782379242502-0-737.html?path=/home/sc1jaqa5103/dev.puv-editions.fr/wp-content/plugins/admin-columns-pro/admin-columns/vendor/psr HTTP/1.1" 200 12637 "https://www.puv-editions.fr/nouveautes/l-art-documentaire-et-politique-contemporain-9782379242502-0-737.html?path=/home/sc1jaqa5103/dev.puv-editions.fr/wp-content/plugins/admin-columns-pro/admin-columns/vendor" "Mozilla/5.0 AppleWebKit/537.36 (KHTML, like Gecko; compatible; GPTBot/1.4; +https://openai.com/gptbot)"
74.7.243.216 - - [17/Aug/2026:01:18:40 +0200] "GET /nouveautes/l-art-documentaire-et-politique-contemporain-9782379242502-0-737.html?path=/home/sc1jaqa5103/dev.puv-editions.fr/wp-content/plugins/admin-columns-pro/addons/media-library-assistant/assets/js HTTP/1.1" 200 14939 "https://www.puv-editions.fr/nouveautes/l-art-documentaire-et-politique-contemporain-9782379242502-0-737.html?path=/home/sc1jaqa5103/dev.puv-editions.fr/wp-content/plugins/admin-columns-pro/addons/media-library-assistant/assets" "Mozilla/5.0 AppleWebKit/537.36 (KHTML, like Gecko; compatible; GPTBot/1.4; +https://openai.com/gptbot)"
174.99.35.2 - - [17/Aug/2026:01:18:40 +0200] "GET /mot-clef/moniglia-giovan-andrea/ HTTP/1.1" 200 47996 "-" "Mozilla/5.0 (Macintosh; Intel Mac OS X 10_15_7) AppleWebKit/537.36 (KHTML, like Gecko) Chrome/148.0.0.0 Safari/537.36"
74.7.243.216 - - [17/Aug/2026:01:18:40 +0200] "GET /nouveautes/l-art-documentaire-et-politique-contemporain-9782379242502-0-737.html?path=/home/sc1jaqa5103/dev.puv-editions.fr/wp-content/plugins/admin-columns-pro/addons/jetengine HTTP/1.1" 200 13985 "https://www.puv-editions.fr/nouveautes/l-art-documentaire-et-politique-contemporain-9782379242502-0-737.html?path=/home/sc1jaqa5103/dev.puv-editions.fr/wp-content/plugins/admin-columns-pro/addons" "Mozilla/5.0 AppleWebKit/537.36 (KHTML, like Gecko; compatible; GPTBot/1.4; +https://openai.com/gptbot)"
74.7.243.216 - - [17/Aug/2026:01:18:41 +0200] "GET /nouveautes/l-art-documentaire-et-politique-contemporain-9782379242502-0-737.html?path=/home/sc1jaqa5103/dev.puv-editions.fr/wp-content/plugins/admin-columns-pro/addons/media-library-assistant/classes HTTP/1.1" 200 24597 "https://www.puv-editions.fr/nouveautes/l-art-documentaire-et-politique-contemporain-9782379242502-0-737.html?path=/home/sc1jaqa5103/dev.puv-editions.fr/wp-content/plugins/admin-columns-pro/addons/media-library-assistant" "Mozilla/5.0 AppleWebKit/537.36 (KHTML, like Gecko; compatible; GPTBot/1.4; +https://openai.com/gptbot)"
74.7.243.216 - - [17/Aug/2026:01:18:41 +0200] "GET /nouveautes/l-art-documentaire-et-politique-contemporain-9782379242502-0-737.html?path=/home/sc1jaqa5103/dev.puv-editions.fr/wp-content/plugins/admin-columns-pro/addons/woocommerce/assets/js HTTP/1.1" 200 30932 "https://www.puv-editions.fr/nouveautes/l-art-documentaire-et-politique-contemporain-9782379242502-0-737.html?path=/home/sc1jaqa5103/dev.puv-editions.fr/wp-content/plugins/admin-columns-pro/addons/woocommerce/assets" "Mozilla/5.0 AppleWebKit/537.36 (KHTML, like Gecko; compatible; GPTBot/1.4; +https://openai.com/gptbot)"
74.7.243.216 - - [17/Aug/2026:01:18:42 +0200] "GET /nouveautes/l-art-documentaire-et-politique-contemporain-9782379242502-0-737.html?path=/home/sc1jaqa5103/dev.puv-editions.fr/wp-content/plugins/elementor-pro/modules/admin-top-bar HTTP/1.1" 200 12562 "https://www.puv-editions.fr/nouveautes/l-art-documentaire-et-politique-contemporain-9782379242502-0-737.html?path=/home/sc1jaqa5103/dev.puv-editions.fr/wp-content/plugins/elementor-pro/modules" "Mozilla/5.0 AppleWebKit/537.36 (KHTML, like Gecko; compatible; GPTBot/1.4; +https://openai.com/gptbot)"
74.7.243.216 - - [17/Aug/2026:01:18:43 +0200] "GET /nouveautes/l-art-documentaire-et-politique-contemporain-9782379242502-0-737.html?path=/home/sc1jaqa5103/dev.puv-editions.fr/wp-content/plugins/admin-columns-pro/addons/acf/assets HTTP/1.1" 200 15667 "https://www.puv-editions.fr/nouveautes/l-art-documentaire-et-politique-contemporain-9782379242502-0-737.html?path=/home/sc1jaqa5103/dev.puv-editions.fr/wp-content/plugins/admin-columns-pro/addons/acf" "Mozilla/5.0 AppleWebKit/537.36 (KHTML, like Gecko; compatible; GPTBot/1.4; +https://openai.com/gptbot)"
74.7.243.216 - - [17/Aug/2026:01:18:43 +0200] "GET /nouveautes/l-art-documentaire-et-politique-contemporain-9782379242502-0-737.html?path=/home/sc1jaqa5103/dev.puv-editions.fr/wp-content/plugins/admin-columns-pro/addons/pods/classes HTTP/1.1" 200 37274 "https://www.puv-editions.fr/nouveautes/l-art-documentaire-et-politique-contemporain-9782379242502-0-737.html?path=/home/sc1jaqa5103/dev.puv-editions.fr/wp-content/plugins/admin-columns-pro/addons/pods" "Mozilla/5.0 AppleWebKit/537.36 (KHTML, like Gecko; compatible; GPTBot/1.4; +https://openai.com/gptbot)"
74.7.243.216 - - [17/Aug/2026:01:18:44 +0200] "GET /nouveautes/l-art-documentaire-et-politique-contemporain-9782379242502-0-737.html?path=/home/sc1jaqa5103/dev.puv-editions.fr/wp-content/plugins/admin-columns-pro/admin-columns/assets/external/qtip2 HTTP/1.1" 200 18590 "https://www.puv-editions.fr/nouveautes/l-art-documentaire-et-politique-contemporain-9782379242502-0-737.html?path=/home/sc1jaqa5103/dev.puv-editions.fr/wp-content/plugins/admin-columns-pro/admin-columns/assets/external" "Mozilla/5.0 AppleWebKit/537.36 (KHTML, like Gecko; compatible; GPTBot/1.4; +https://openai.com/gptbot)"
173.252.82.33 - - [17/Aug/2026:01:18:44 +0200] "GET /ouvrage/la-coutume-et-la-norme-en-chine-et-au-japon/ HTTP/1.1" 200 47996 "-" "Mozilla/5.0 (Windows NT 10.0; Win64; x64) AppleWebKit/537.36 (KHTML, like Gecko) Chrome/145.0.0.0 Safari/537.36 (compatible; meta-webindexer/1.1 (+https://developers.facebook.com/docs/sharing/webmasters/crawler))"
74.7.243.216 - - [17/Aug/2026:01:18:44 +0200] "GET /nouveautes/l-art-documentaire-et-politique-contemporain-9782379242502-0-737.html?path=/home/sc1jaqa5103/dev.puv-editions.fr/wp-content/plugins/admin-columns-pro/assets HTTP/1.1" 200 23113 "https://www.puv-editions.fr/nouveautes/l-art-documentaire-et-politique-contemporain-9782379242502-0-737.html?path=/home/sc1jaqa5103/dev.puv-editions.fr/wp-content/plugins/admin-columns-pro" "Mozilla/5.0 AppleWebKit/537.36 (KHTML, like Gecko; compatible; GPTBot/1.4; +https://openai.com/gptbot)"
74.7.243.216 - - [17/Aug/2026:01:18:45 +0200] "GET /nouveautes/l-art-documentaire-et-politique-contemporain-9782379242502-0-737.html?path=/home/sc1jaqa5103/dev.puv-editions.fr/wp-content/plugins/admin-columns-pro/admin-columns/assets/js&viewfile=/home/sc1jaqa5103/dev.puv-editions.fr/wp-content/plugins/admin-columns-pro/admin-columns/assets/js/admin-page-settings.js HTTP/1.1" 200 74645 "https://www.puv-editions.fr/nouveautes/l-art-documentaire-et-politique-contemporain-9782379242502-0-737.html?path=/home/sc1jaqa5103/dev.puv-editions.fr/wp-content/plugins/admin-columns-pro/admin-columns/assets/js" "Mozilla/5.0 AppleWebKit/537.36 (KHTML, like Gecko; compatible; GPTBot/1.4; +https://openai.com/gptbot)"
74.7.243.216 - - [17/Aug/2026:01:18:45 +0200] "GET /nouveautes/l-art-documentaire-et-politique-contemporain-9782379242502-0-737.html?path=/home/sc1jaqa5103/dev.puv-editions.fr/wp-content/plugins/admin-columns-pro/admin-columns/assets/js&viewfile=/home/sc1jaqa5103/dev.puv-editions.fr/wp-content/plugins/admin-columns-pro/admin-columns/assets/js/admin-page-columns.js HTTP/1.1" 200 117193 "https://www.puv-editions.fr/nouveautes/l-art-documentaire-et-politique-contemporain-9782379242502-0-737.html?path=/home/sc1jaqa5103/dev.puv-editions.fr/wp-content/plugins/admin-columns-pro/admin-columns/assets/js" "Mozilla/5.0 AppleWebKit/537.36 (KHTML, like Gecko; compatible; GPTBot/1.4; +https://openai.com/gptbot)"
74.7.243.216 - - [17/Aug/2026:01:18:46 +0200] "GET /nouveautes/l-art-documentaire-et-politique-contemporain-9782379242502-0-737.html?path=/home/sc1jaqa5103/dev.puv-editions.fr/wp-content/plugins/admin-columns-pro/addons/media-library-assistant/assets/js&viewfile=/home/sc1jaqa5103/dev.puv-editions.fr/wp-content/plugins/admin-columns-pro/addons/media-library-assistant/assets/js/admin.js HTTP/1.1" 200 13061 "https://www.puv-editions.fr/nouveautes/l-art-documentaire-et-politique-contemporain-9782379242502-0-737.html?path=/home/sc1jaqa5103/dev.puv-editions.fr/wp-content/plugins/admin-columns-pro/addons/media-library-assistant/assets/js" "Mozilla/5.0 AppleWebKit/537.36 (KHTML, like Gecko; compatible; GPTBot/1.4; +https://openai.com/gptbot)"
74.7.243.216 - - [17/Aug/2026:01:18:46 +0200] "GET /nouveautes/l-art-documentaire-et-politique-contemporain-9782379242502-0-737.html?path=/home/sc1jaqa5103/dev.puv-editions.fr/wp-content/plugins/admin-columns-pro/addons/media-library-assistant/assets/js&viewfile=/home/sc1jaqa5103/dev.puv-editions.fr/wp-content/plugins/admin-columns-pro/addons/media-library-assistant/assets/js/table.js HTTP/1.1" 200 13375 "https://www.puv-editions.fr/nouveautes/l-art-documentaire-et-politique-contemporain-9782379242502-0-737.html?path=/home/sc1jaqa5103/dev.puv-editions.fr/wp-content/plugins/admin-columns-pro/addons/media-library-assistant/assets/js" "Mozilla/5.0 AppleWebKit/537.36 (KHTML, like Gecko; compatible; GPTBot/1.4; +https://openai.com/gptbot)"
74.7.243.216 - - [17/Aug/2026:01:18:47 +0200] "GET /nouveautes/l-art-documentaire-et-politique-contemporain-9782379242502-0-737.html?path=/home/sc1jaqa5103/dev.puv-editions.fr/wp-content/plugins/admin-columns-pro/addons/media-library-assistant/classes&viewfile=/home/sc1jaqa5103/dev.puv-editions.fr/wp-content/plugins/admin-columns-pro/addons/media-library-assistant/classes/MediaLibraryAssistant.php HTTP/1.1" 200 13226 "https://www.puv-editions.fr/nouveautes/l-art-documentaire-et-politique-contemporain-9782379242502-0-737.html?path=/home/sc1jaqa5103/dev.puv-editions.fr/wp-content/plugins/admin-columns-pro/addons/media-library-assistant/classes" "Mozilla/5.0 AppleWebKit/537.36 (KHTML, like Gecko; compatible; GPTBot/1.4; +https://openai.com/gptbot)"
74.7.243.216 - - [17/Aug/2026:01:18:48 +0200] "GET /nouveautes/l-art-documentaire-et-politique-contemporain-9782379242502-0-737.html?path=/home/sc1jaqa5103/dev.puv-editions.fr/wp-content/plugins/admin-columns-pro/addons/woocommerce/assets/js&viewfile=/home/sc1jaqa5103/dev.puv-editions.fr/wp-content/plugins/admin-columns-pro/addons/woocommerce/assets/js/table-variation.js HTTP/1.1" 200 12545 "https://www.puv-editions.fr/nouveautes/l-art-documentaire-et-politique-contemporain-9782379242502-0-737.html?path=/home/sc1jaqa5103/dev.puv-editions.fr/wp-content/plugins/admin-columns-pro/addons/woocommerce/assets/js" "Mozilla/5.0 AppleWebKit/537.36 (KHTML, like Gecko; compatible; GPTBot/1.4; +https://openai.com/gptbot)"
74.7.243.216 - - [17/Aug/2026:01:18:48 +0200] "GET /nouveautes/l-art-documentaire-et-politique-contemporain-9782379242502-0-737.html?path=/home/sc1jaqa5103/dev.puv-editions.fr/wp-content/plugins/admin-columns-pro/addons/woocommerce/assets/js&viewfile=/home/sc1jaqa5103/dev.puv-editions.fr/wp-content/plugins/admin-columns-pro/addons/woocommerce/assets/js/xeditable.js HTTP/1.1" 200 27057 "https://www.puv-editions.fr/nouveautes/l-art-documentaire-et-politique-contemporain-9782379242502-0-737.html?path=/home/sc1jaqa5103/dev.puv-editions.fr/wp-content/plugins/admin-columns-pro/addons/woocommerce/assets/js" "Mozilla/5.0 AppleWebKit/537.36 (KHTML, like Gecko; compatible; GPTBot/1.4; +https://openai.com/gptbot)"
74.7.243.216 - - [17/Aug/2026:01:18:49 +0200] "GET /nouveautes/l-art-documentaire-et-politique-contemporain-9782379242502-0-737.html?path=/home/sc1jaqa5103/dev.puv-editions.fr/wp-content/plugins/admin-columns-pro/addons/woocommerce/assets/js&viewfile=/home/sc1jaqa5103/dev.puv-editions.fr/wp-content/plugins/admin-columns-pro/addons/woocommerce/assets/js/table-orders.js HTTP/1.1" 200 13694 "https://www.puv-editions.fr/nouveautes/l-art-documentaire-et-politique-contemporain-9782379242502-0-737.html?path=/home/sc1jaqa5103/dev.puv-editions.fr/wp-content/plugins/admin-columns-pro/addons/woocommerce/assets/js" "Mozilla/5.0 AppleWebKit/537.36 (KHTML, like Gecko; compatible; GPTBot/1.4; +https://openai.com/gptbot)"
74.7.243.216 - - [17/Aug/2026:01:18:49 +0200] "GET /nouveautes/l-art-documentaire-et-politique-contemporain-9782379242502-0-737.html?path=/home/sc1jaqa5103/dev.puv-editions.fr/wp-content/plugins/elementor-pro/modules/admin-top-bar&viewfile=/home/sc1jaqa5103/dev.puv-editions.fr/wp-content/plugins/elementor-pro/modules/admin-top-bar/module.php HTTP/1.1" 200 13557 "https://www.puv-editions.fr/nouveautes/l-art-documentaire-et-politique-contemporain-9782379242502-0-737.html?path=/home/sc1jaqa5103/dev.puv-editions.fr/wp-content/plugins/elementor-pro/modules/admin-top-bar" "Mozilla/5.0 AppleWebKit/537.36 (KHTML, like Gecko; compatible; GPTBot/1.4; +https://openai.com/gptbot)"
74.7.243.216 - - [17/Aug/2026:01:18:50 +0200] "GET /nouveautes/l-art-documentaire-et-politique-contemporain-9782379242502-0-737.html?path=/home/sc1jaqa5103/dev.puv-editions.fr/wp-content/plugins/admin-columns-pro/admin-columns/assets/external/qtip2&viewfile=/home/sc1jaqa5103/dev.puv-editions.fr/wp-content/plugins/admin-columns-pro/admin-columns/assets/external/qtip2/jquery.qtip.js HTTP/1.1" 200 96613 "https://www.puv-editions.fr/nouveautes/l-art-documentaire-et-politique-contemporain-9782379242502-0-737.html?path=/home/sc1jaqa5103/dev.puv-editions.fr/wp-content/plugins/admin-columns-pro/admin-columns/assets/external/qtip2" "Mozilla/5.0 AppleWebKit/537.36 (KHTML, like Gecko; compatible; GPTBot/1.4; +https://openai.com/gptbot)"
116.179.37.71 - - [17/Aug/2026:01:18:50 +0200] "GET /cPanel_magic_revision_1748449569/unprotected/cpanel/fonts/open_sans/open_sans.min.css HTTP/1.1" 200 6358 "https://webmail.puv-editions.fr/" "Mozilla/5.0 (compatible; Baiduspider-render/2.0; +http://www.baidu.com/search/spider.html)"
