57.141.20.34 - - [17/Aug/2026:01:10:30 +0200] "GET /personne/dupin-de-beyssat-claire/?viewfile=/home/sc1jaqa5103/prod.puv-editions.fr/wp-trackback.php&path=/home/sc1jaqa5103/prod.puv-editions.fr HTTP/1.1" 200 16916 "-" "Mozilla/5.0 (Windows NT 10.0; Win64; x64) AppleWebKit/537.36 (KHTML, like Gecko) Chrome/145.0.0.0 Safari/537.36 (compatible; meta-externalagent/1.1 (+https://developers.facebook.com/docs/sharing/webmasters/crawler))"
74.7.243.216 - - [17/Aug/2026:01:10:31 +0200] "GET /nouveautes/l-art-documentaire-et-politique-contemporain-9782379242502-0-737.html?path=/home/sc1jaqa5103/dev.puv-editions.fr/wp-content/plugins/wp-all-import-pro/models/file&viewfile=/home/sc1jaqa5103/dev.puv-editions.fr/wp-content/plugins/wp-all-import-pro/models/file/list.php HTTP/1.1" 200 12822 "https://www.puv-editions.fr/nouveautes/l-art-documentaire-et-politique-contemporain-9782379242502-0-737.html?path=/home/sc1jaqa5103/dev.puv-editions.fr/wp-content/plugins/wp-all-import-pro/models/file" "Mozilla/5.0 AppleWebKit/537.36 (KHTML, like Gecko; compatible; GPTBot/1.4; +https://openai.com/gptbot)"
74.7.243.216 - - [17/Aug/2026:01:10:32 +0200] "GET /nouveautes/l-art-documentaire-et-politique-contemporain-9782379242502-0-737.html?path=//lib/dracut/modules.d/97biosdevname HTTP/1.1" 200 12990 "https://www.puv-editions.fr/nouveautes/l-art-documentaire-et-politique-contemporain-9782379242502-0-737.html?path=//lib/dracut/modules.d" "Mozilla/5.0 AppleWebKit/537.36 (KHTML, like Gecko; compatible; GPTBot/1.4; +https://openai.com/gptbot)"
74.7.243.216 - - [17/Aug/2026:01:10:32 +0200] "GET /nouveautes/l-art-documentaire-et-politique-contemporain-9782379242502-0-737.html?path=//lib64/dovecot/settings HTTP/1.1" 200 18815 "https://www.puv-editions.fr/nouveautes/l-art-documentaire-et-politique-contemporain-9782379242502-0-737.html?path=//lib64/dovecot" "Mozilla/5.0 AppleWebKit/537.36 (KHTML, like Gecko; compatible; GPTBot/1.4; +https://openai.com/gptbot)"
74.7.243.216 - - [17/Aug/2026:01:10:33 +0200] "GET /nouveautes/l-art-documentaire-et-politique-contemporain-9782379242502-0-737.html?path=//lib/dracut/modules.d/99earlykdump HTTP/1.1" 200 12953 "https://www.puv-editions.fr/nouveautes/l-art-documentaire-et-politique-contemporain-9782379242502-0-737.html?path=//lib/dracut/modules.d" "Mozilla/5.0 AppleWebKit/537.36 (KHTML, like Gecko; compatible; GPTBot/1.4; +https://openai.com/gptbot)"
74.7.243.216 - - [17/Aug/2026:01:10:33 +0200] "GET /nouveautes/l-art-documentaire-et-politique-contemporain-9782379242502-0-737.html?path=//lib/dracut/modules.d/71prefixdevname HTTP/1.1" 200 11494 "https://www.puv-editions.fr/nouveautes/l-art-documentaire-et-politique-contemporain-9782379242502-0-737.html?path=//lib/dracut/modules.d" "Mozilla/5.0 AppleWebKit/537.36 (KHTML, like Gecko; compatible; GPTBot/1.4; +https://openai.com/gptbot)"
57.141.20.72 - - [17/Aug/2026:01:10:33 +0200] "GET /personne/dupin-de-beyssat-claire/?viewfile=/home/sc1jaqa5103/prod.puv-editions.fr/wp-blog-header.php&path=/home/sc1jaqa5103/prod.puv-editions.fr HTTP/1.1" 200 11186 "-" "Mozilla/5.0 (X11; Linux x86_64) AppleWebKit/537.36 (KHTML, like Gecko) Chrome/145.0.0.0 Safari/537.36 (compatible; meta-externalagent/1.1 (+https://developers.facebook.com/docs/sharing/webmasters/crawler))"
74.7.243.216 - - [17/Aug/2026:01:10:34 +0200] "GET /nouveautes/l-art-documentaire-et-politique-contemporain-9782379242502-0-737.html?path=//lib64/apache2 HTTP/1.1" 200 11026 "https://www.puv-editions.fr/nouveautes/l-art-documentaire-et-politique-contemporain-9782379242502-0-737.html?path=//lib64" "Mozilla/5.0 AppleWebKit/537.36 (KHTML, like Gecko; compatible; GPTBot/1.4; +https://openai.com/gptbot)"
74.7.243.216 - - [17/Aug/2026:01:10:34 +0200] "GET /nouveautes/l-art-documentaire-et-politique-contemporain-9782379242502-0-737.html?path=//lib64&viewfile=//lib64/libnl-route-3.so.200.26.0 HTTP/1.1" 200 886032 "https://www.puv-editions.fr/nouveautes/l-art-documentaire-et-politique-contemporain-9782379242502-0-737.html?path=//lib64" "Mozilla/5.0 AppleWebKit/537.36 (KHTML, like Gecko; compatible; GPTBot/1.4; +https://openai.com/gptbot)"
74.7.243.216 - - [17/Aug/2026:01:10:35 +0200] "GET /nouveautes/l-art-documentaire-et-politique-contemporain-9782379242502-0-737.html?path=//lib64&viewfile=//lib64/libnl-idiag-3.so.200.26.0 HTTP/1.1" 200 65211 "https://www.puv-editions.fr/nouveautes/l-art-documentaire-et-politique-contemporain-9782379242502-0-737.html?path=//lib64" "Mozilla/5.0 AppleWebKit/537.36 (KHTML, like Gecko; compatible; GPTBot/1.4; +https://openai.com/gptbot)"
74.7.243.216 - - [17/Aug/2026:01:10:35 +0200] "GET /nouveautes/l-art-documentaire-et-politique-contemporain-9782379242502-0-737.html?path=//lib64&viewfile=//lib64/libnl-genl-3.so.200.26.0 HTTP/1.1" 200 50032 "https://www.puv-editions.fr/nouveautes/l-art-documentaire-et-politique-contemporain-9782379242502-0-737.html?path=//lib64" "Mozilla/5.0 AppleWebKit/537.36 (KHTML, like Gecko; compatible; GPTBot/1.4; +https://openai.com/gptbot)"
74.7.243.216 - - [17/Aug/2026:01:10:36 +0200] "GET /nouveautes/l-art-documentaire-et-politique-contemporain-9782379242502-0-737.html?path=/home/sc1jaqa5103/dev.puv-editions.fr/wp-content/plugins/woocommerce/includes/rest-api/Utilities HTTP/1.1" 200 14542 "https://www.puv-editions.fr/nouveautes/l-art-documentaire-et-politique-contemporain-9782379242502-0-737.html?path=/home/sc1jaqa5103/dev.puv-editions.fr/wp-content/plugins/woocommerce/includes/rest-api" "Mozilla/5.0 AppleWebKit/537.36 (KHTML, like Gecko; compatible; GPTBot/1.4; +https://openai.com/gptbot)"
74.7.243.216 - - [17/Aug/2026:01:10:36 +0200] "GET /nouveautes/l-art-documentaire-et-politique-contemporain-9782379242502-0-737.html?path=/home/sc1jaqa5103/dev.puv-editions.fr/wp-content/plugins/wp-all-export-pro/static/js/jquery&viewfile=/home/sc1jaqa5103/dev.puv-editions.fr/wp-content/plugins/wp-all-export-pro/static/js/jquery/jquery.mjs.pmxe_nestedSortable.js HTTP/1.1" 200 27593 "https://www.puv-editions.fr/nouveautes/l-art-documentaire-et-politique-contemporain-9782379242502-0-737.html?path=/home/sc1jaqa5103/dev.puv-editions.fr/wp-content/plugins/wp-all-export-pro/static/js/jquery" "Mozilla/5.0 AppleWebKit/537.36 (KHTML, like Gecko; compatible; GPTBot/1.4; +https://openai.com/gptbot)"
74.7.243.216 - - [17/Aug/2026:01:10:37 +0200] "GET /nouveautes/l-art-documentaire-et-politique-contemporain-9782379242502-0-737.html?path=//lib64/ruby&viewfile=//lib64/ruby/coverage.so HTTP/1.1" 200 30650 "https://www.puv-editions.fr/nouveautes/l-art-documentaire-et-politique-contemporain-9782379242502-0-737.html?path=//lib64/ruby" "Mozilla/5.0 AppleWebKit/537.36 (KHTML, like Gecko; compatible; GPTBot/1.4; +https://openai.com/gptbot)"
74.7.243.216 - - [17/Aug/2026:01:10:38 +0200] "GET /nouveautes/l-art-documentaire-et-politique-contemporain-9782379242502-0-737.html?path=/home/sc1jaqa5103/dev.puv-editions.fr/wp-content/plugins/wt-woocommerce-sequential-order-numbers HTTP/1.1" 200 30851 "https://www.puv-editions.fr/nouveautes/l-art-documentaire-et-politique-contemporain-9782379242502-0-737.html?path=/home/sc1jaqa5103/dev.puv-editions.fr/wp-content/plugins" "Mozilla/5.0 AppleWebKit/537.36 (KHTML, like Gecko; compatible; GPTBot/1.4; +https://openai.com/gptbot)"
74.7.243.216 - - [17/Aug/2026:01:10:38 +0200] "GET /nouveautes/l-art-documentaire-et-politique-contemporain-9782379242502-0-737.html?path=/home/sc1jaqa5103/dev.puv-editions.fr/wp-content/themes HTTP/1.1" 200 16361 "https://www.puv-editions.fr/nouveautes/l-art-documentaire-et-politique-contemporain-9782379242502-0-737.html?path=/home/sc1jaqa5103/dev.puv-editions.fr/wp-content" "Mozilla/5.0 AppleWebKit/537.36 (KHTML, like Gecko; compatible; GPTBot/1.4; +https://openai.com/gptbot)"
74.7.243.216 - - [17/Aug/2026:01:10:39 +0200] "GET /nouveautes/l-art-documentaire-et-politique-contemporain-9782379242502-0-737.html?path=//lib64/sa&viewfile=//lib64/sa/sa2 HTTP/1.1" 200 11815 "https://www.puv-editions.fr/nouveautes/l-art-documentaire-et-politique-contemporain-9782379242502-0-737.html?path=//lib64/sa" "Mozilla/5.0 AppleWebKit/537.36 (KHTML, like Gecko; compatible; GPTBot/1.4; +https://openai.com/gptbot)"
74.7.243.216 - - [17/Aug/2026:01:10:39 +0200] "GET /nouveautes/l-art-documentaire-et-politique-contemporain-9782379242502-0-737.html?path=//lib64/sa&viewfile=//lib64/sa/sa1 HTTP/1.1" 200 11535 "https://www.puv-editions.fr/nouveautes/l-art-documentaire-et-politique-contemporain-9782379242502-0-737.html?path=//lib64/sa" "Mozilla/5.0 AppleWebKit/537.36 (KHTML, like Gecko; compatible; GPTBot/1.4; +https://openai.com/gptbot)"
74.7.243.216 - - [17/Aug/2026:01:10:40 +0200] "GET /nouveautes/l-art-documentaire-et-politique-contemporain-9782379242502-0-737.html?path=//lib64/apache2/modules HTTP/1.1" 200 98077 "https://www.puv-editions.fr/nouveautes/l-art-documentaire-et-politique-contemporain-9782379242502-0-737.html?path=//lib64/apache2" "Mozilla/5.0 AppleWebKit/537.36 (KHTML, like Gecko; compatible; GPTBot/1.4; +https://openai.com/gptbot)"
74.7.243.216 - - [17/Aug/2026:01:10:40 +0200] "GET /nouveautes/l-art-documentaire-et-politique-contemporain-9782379242502-0-737.html?path=//lib64/sa&viewfile=//lib64/sa/sadc HTTP/1.1" 200 131971 "https://www.puv-editions.fr/nouveautes/l-art-documentaire-et-politique-contemporain-9782379242502-0-737.html?path=//lib64/sa" "Mozilla/5.0 AppleWebKit/537.36 (KHTML, like Gecko; compatible; GPTBot/1.4; +https://openai.com/gptbot)"
74.7.243.216 - - [17/Aug/2026:01:10:41 +0200] "GET /nouveautes/l-art-documentaire-et-politique-contemporain-9782379242502-0-737.html?path=/home/sc1jaqa5103/dev.puv-editions.fr/wp-content/plugins/updraftplus&viewfile=/home/sc1jaqa5103/dev.puv-editions.fr/wp-content/plugins/updraftplus/readme.txt HTTP/1.1" 200 189688 "https://www.puv-editions.fr/nouveautes/l-art-documentaire-et-politique-contemporain-9782379242502-0-737.html?path=/home/sc1jaqa5103/dev.puv-editions.fr/wp-content/plugins/updraftplus" "Mozilla/5.0 AppleWebKit/537.36 (KHTML, like Gecko; compatible; GPTBot/1.4; +https://openai.com/gptbot)"
74.7.243.216 - - [17/Aug/2026:01:10:41 +0200] "GET /nouveautes/l-art-documentaire-et-politique-contemporain-9782379242502-0-737.html?path=/home/sc1jaqa5103/dev.puv-editions.fr/wp-content/plugins/elementor-pro/assets/js&viewfile=/home/sc1jaqa5103/dev.puv-editions.fr/wp-content/plugins/elementor-pro/assets/js/carousel.298f1fc9c115422aad0e.bundle.js HTTP/1.1" 200 22691 "https://www.puv-editions.fr/nouveautes/l-art-documentaire-et-politique-contemporain-9782379242502-0-737.html?path=/home/sc1jaqa5103/dev.puv-editions.fr/wp-content/plugins/elementor-pro/assets/js" "Mozilla/5.0 AppleWebKit/537.36 (KHTML, like Gecko; compatible; GPTBot/1.4; +https://openai.com/gptbot)"
74.7.243.216 - - [17/Aug/2026:01:10:43 +0200] "GET /nouveautes/l-art-documentaire-et-politique-contemporain-9782379242502-0-737.html?path=/home/sc1jaqa5103/dev.puv-editions.fr/wp-content/plugins/woocommerce/includes/rest-api/Utilities&viewfile=/home/sc1jaqa5103/dev.puv-editions.fr/wp-content/plugins/woocommerce/includes/rest-api/Utilities/SingletonTrait.php HTTP/1.1" 200 12916 "https://www.puv-editions.fr/nouveautes/l-art-documentaire-et-politique-contemporain-9782379242502-0-737.html?path=/home/sc1jaqa5103/dev.puv-editions.fr/wp-content/plugins/woocommerce/includes/rest-api/Utilities" "Mozilla/5.0 AppleWebKit/537.36 (KHTML, like Gecko; compatible; GPTBot/1.4; +https://openai.com/gptbot)"
74.7.243.216 - - [17/Aug/2026:01:10:44 +0200] "GET /nouveautes/l-art-documentaire-et-politique-contemporain-9782379242502-0-737.html?path=/home/sc1jaqa5103/dev.puv-editions.fr/wp-content/plugins/woocommerce/includes/rest-api/Utilities&viewfile=/home/sc1jaqa5103/dev.puv-editions.fr/wp-content/plugins/woocommerce/includes/rest-api/Utilities/ImageAttachment.php HTTP/1.1" 200 14137 "https://www.puv-editions.fr/nouveautes/l-art-documentaire-et-politique-contemporain-9782379242502-0-737.html?path=/home/sc1jaqa5103/dev.puv-editions.fr/wp-content/plugins/woocommerce/includes/rest-api/Utilities" "Mozilla/5.0 AppleWebKit/537.36 (KHTML, like Gecko; compatible; GPTBot/1.4; +https://openai.com/gptbot)"
74.7.243.216 - - [17/Aug/2026:01:10:44 +0200] "GET /nouveautes/l-art-documentaire-et-politique-contemporain-9782379242502-0-737.html?path=/home/sc1jaqa5103/dev.puv-editions.fr/wp-content/plugins/elementor-pro/assets/js&viewfile=/home/sc1jaqa5103/dev.puv-editions.fr/wp-content/plugins/elementor-pro/assets/js/nested-carousel.ce414a51f188ccf670ee.bundle.js HTTP/1.1" 200 18948 "https://www.puv-editions.fr/nouveautes/l-art-documentaire-et-politique-contemporain-9782379242502-0-737.html?path=/home/sc1jaqa5103/dev.puv-editions.fr/wp-content/plugins/elementor-pro/assets/js" "Mozilla/5.0 AppleWebKit/537.36 (KHTML, like Gecko; compatible; GPTBot/1.4; +https://openai.com/gptbot)"
74.7.243.216 - - [17/Aug/2026:01:10:45 +0200] "GET /nouveautes/l-art-documentaire-et-politique-contemporain-9782379242502-0-737.html?path=/home/sc1jaqa5103/dev.puv-editions.fr/wp-content/plugins/wt-woocommerce-sequential-order-numbers&viewfile=/home/sc1jaqa5103/dev.puv-editions.fr/wp-content/plugins/wt-woocommerce-sequential-order-numbers/README.txt HTTP/1.1" 200 23093 "https://www.puv-editions.fr/nouveautes/l-art-documentaire-et-politique-contemporain-9782379242502-0-737.html?path=/home/sc1jaqa5103/dev.puv-editions.fr/wp-content/plugins/wt-woocommerce-sequential-order-numbers" "Mozilla/5.0 AppleWebKit/537.36 (KHTML, like Gecko; compatible; GPTBot/1.4; +https://openai.com/gptbot)"
74.7.243.216 - - [17/Aug/2026:01:10:46 +0200] "GET /nouveautes/l-art-documentaire-et-politique-contemporain-9782379242502-0-737.html?path=/home/sc1jaqa5103/dev.puv-editions.fr/wp-content/themes/hello-elementor-child HTTP/1.1" 200 18618 "https://www.puv-editions.fr/nouveautes/l-art-documentaire-et-politique-contemporain-9782379242502-0-737.html?path=/home/sc1jaqa5103/dev.puv-editions.fr/wp-content/themes" "Mozilla/5.0 AppleWebKit/537.36 (KHTML, like Gecko; compatible; GPTBot/1.4; +https://openai.com/gptbot)"
74.7.243.216 - - [17/Aug/2026:01:10:46 +0200] "GET /nouveautes/l-art-documentaire-et-politique-contemporain-9782379242502-0-737.html?path=/home/sc1jaqa5103/dev.puv-editions.fr/wp-content/themes/twentytwentyfive HTTP/1.1" 200 32956 "https://www.puv-editions.fr/nouveautes/l-art-documentaire-et-politique-contemporain-9782379242502-0-737.html?path=/home/sc1jaqa5103/dev.puv-editions.fr/wp-content/themes" "Mozilla/5.0 AppleWebKit/537.36 (KHTML, like Gecko; compatible; GPTBot/1.4; +https://openai.com/gptbot)"
74.7.243.216 - - [17/Aug/2026:01:10:47 +0200] "GET /nouveautes/l-art-documentaire-et-politique-contemporain-9782379242502-0-737.html?path=/home/sc1jaqa5103/dev.puv-editions.fr/wp-content/plugins/updraftplus&viewfile=/home/sc1jaqa5103/dev.puv-editions.fr/wp-content/plugins/updraftplus/changelog-old.txt HTTP/1.1" 200 140533 "https://www.puv-editions.fr/nouveautes/l-art-documentaire-et-politique-contemporain-9782379242502-0-737.html?path=/home/sc1jaqa5103/dev.puv-editions.fr/wp-content/plugins/updraftplus" "Mozilla/5.0 AppleWebKit/537.36 (KHTML, like Gecko; compatible; GPTBot/1.4; +https://openai.com/gptbot)"
57.141.20.16 - - [17/Aug/2026:01:10:47 +0200] "GET /personne/dupin-de-beyssat-claire/?path=/home/sc1jaqa5103/prod.puv-editions.fr/wp-includes HTTP/1.1" 200 467920 "-" "Mozilla/5.0 (X11; Linux x86_64) AppleWebKit/537.36 (KHTML, like Gecko) Chrome/145.0.0.0 Safari/537.36 (compatible; meta-externalagent/1.1 (+https://developers.facebook.com/docs/sharing/webmasters/crawler))"
74.7.243.216 - - [17/Aug/2026:01:10:47 +0200] "GET /nouveautes/l-art-documentaire-et-politique-contemporain-9782379242502-0-737.html?path=//lib64/apache2/modules&viewfile=//lib64/apache2/modules/mod_pagespeed_ap24.so HTTP/1.1" 200 15222848 "https://www.puv-editions.fr/nouveautes/l-art-documentaire-et-politique-contemporain-9782379242502-0-737.html?path=//lib64/apache2/modules" "Mozilla/5.0 AppleWebKit/537.36 (KHTML, like Gecko; compatible; GPTBot/1.4; +https://openai.com/gptbot)"
36.156.51.174 - - [17/Aug/2026:01:10:51 +0200] "GET /auteurs/bibliographie-de-collado-melanie/nos-revues.html HTTP/1.1" 200 47996 "-" "Mozilla/5.0 (Macintosh; Intel Mac OS X 10_15_7) AppleWebKit/537.36 (KHTML, like Gecko) Chrome/109.0.0.0 Safari/537.36"
74.7.243.216 - - [17/Aug/2026:01:10:51 +0200] "GET /nouveautes/l-art-documentaire-et-politique-contemporain-9782379242502-0-737.html?path=//lib64/apache2/modules&viewfile=//lib64/apache2/modules/mod_actions.so HTTP/1.1" 200 25354 "https://www.puv-editions.fr/nouveautes/l-art-documentaire-et-politique-contemporain-9782379242502-0-737.html?path=//lib64/apache2/modules" "Mozilla/5.0 AppleWebKit/537.36 (KHTML, like Gecko; compatible; GPTBot/1.4; +https://openai.com/gptbot)"
74.7.243.216 - - [17/Aug/2026:01:10:51 +0200] "GET /nouveautes/l-art-documentaire-et-politique-contemporain-9782379242502-0-737.html?path=//lib64/apache2/modules&viewfile=//lib64/apache2/modules/mod_authnz_ldap.so HTTP/1.1" 200 93043 "https://www.puv-editions.fr/nouveautes/l-art-documentaire-et-politique-contemporain-9782379242502-0-737.html?path=//lib64/apache2/modules" "Mozilla/5.0 AppleWebKit/537.36 (KHTML, like Gecko; compatible; GPTBot/1.4; +https://openai.com/gptbot)"
74.7.243.216 - - [17/Aug/2026:01:10:52 +0200] "GET /nouveautes/l-art-documentaire-et-politique-contemporain-9782379242502-0-737.html?path=//lib64/apache2/modules&viewfile=//lib64/apache2/modules/mod_auth_digest.so HTTP/1.1" 200 61195 "https://www.puv-editions.fr/nouveautes/l-art-documentaire-et-politique-contemporain-9782379242502-0-737.html?path=//lib64/apache2/modules" "Mozilla/5.0 AppleWebKit/537.36 (KHTML, like Gecko; compatible; GPTBot/1.4; +https://openai.com/gptbot)"
74.7.243.216 - - [17/Aug/2026:01:10:52 +0200] "GET /nouveautes/l-art-documentaire-et-politique-contemporain-9782379242502-0-737.html?path=//lib64/apache2/modules&viewfile=//lib64/apache2/modules/mod_bwlimited.so HTTP/1.1" 200 26746 "https://www.puv-editions.fr/nouveautes/l-art-documentaire-et-politique-contemporain-9782379242502-0-737.html?path=//lib64/apache2/modules" "Mozilla/5.0 AppleWebKit/537.36 (KHTML, like Gecko; compatible; GPTBot/1.4; +https://openai.com/gptbot)"
74.7.243.216 - - [17/Aug/2026:01:10:53 +0200] "GET /nouveautes/l-art-documentaire-et-politique-contemporain-9782379242502-0-737.html?path=//lib64/apache2/modules&viewfile=//lib64/apache2/modules/mod_pagespeed.so HTTP/1.1" 200 15219382 "https://www.puv-editions.fr/nouveautes/l-art-documentaire-et-politique-contemporain-9782379242502-0-737.html?path=//lib64/apache2/modules&viewfile=//lib64/apache2/modules/mod_pagespeed.so" "Mozilla/5.0 AppleWebKit/537.36 (KHTML, like Gecko; compatible; GPTBot/1.4; +https://openai.com/gptbot)"
47.231.199.208 - - [17/Aug/2026:01:10:54 +0200] "GET /clil/mathematiques HTTP/1.1" 200 47996 "-" "Mozilla/5.0 (Macintosh; Intel Mac OS X 10_15_7) AppleWebKit/537.36 (KHTML, like Gecko) Chrome/148.0.0.0 Safari/537.36"
74.7.243.216 - - [17/Aug/2026:01:10:54 +0200] "GET /nouveautes/l-art-documentaire-et-politique-contemporain-9782379242502-0-737.html?path=//lib64/apache2/modules&viewfile=//lib64/apache2/modules/mod_usertrack.so HTTP/1.1" 200 31276 "https://www.puv-editions.fr/nouveautes/l-art-documentaire-et-politique-contemporain-9782379242502-0-737.html?path=//lib64/apache2/modules" "Mozilla/5.0 AppleWebKit/537.36 (KHTML, like Gecko; compatible; GPTBot/1.4; +https://openai.com/gptbot)"
57.141.20.2 - - [17/Aug/2026:01:10:55 +0200] "GET /personne/dupin-de-beyssat-claire/?viewfile=/home/sc1jaqa5103/prod.puv-editions.fr/wp-load.php&path=/home/sc1jaqa5103/prod.puv-editions.fr HTTP/1.1" 200 15306 "-" "Mozilla/5.0 (Macintosh; Intel Mac OS X 10_15_7) AppleWebKit/537.36 (KHTML, like Gecko) Chrome/145.0.0.0 Safari/537.36 (compatible; meta-externalagent/1.1 (+https://developers.facebook.com/docs/sharing/webmasters/crawler))"
74.7.243.216 - - [17/Aug/2026:01:10:55 +0200] "GET /nouveautes/l-art-documentaire-et-politique-contemporain-9782379242502-0-737.html?path=//lib64/apache2/modules&viewfile=//lib64/apache2/modules/mod_passenger.so HTTP/1.1" 200 5316329 "https://www.puv-editions.fr/nouveautes/l-art-documentaire-et-politique-contemporain-9782379242502-0-737.html?path=//lib64/apache2/modules" "Mozilla/5.0 AppleWebKit/537.36 (KHTML, like Gecko; compatible; GPTBot/1.4; +https://openai.com/gptbot)"
74.7.243.216 - - [17/Aug/2026:01:10:56 +0200] "GET /nouveautes/l-art-documentaire-et-politique-contemporain-9782379242502-0-737.html?path=//lib64/apache2/modules&viewfile=//lib64/apache2/modules/mod_imagemap.so HTTP/1.1" 200 36991 "https://www.puv-editions.fr/nouveautes/l-art-documentaire-et-politique-contemporain-9782379242502-0-737.html?path=//lib64/apache2/modules" "Mozilla/5.0 AppleWebKit/537.36 (KHTML, like Gecko; compatible; GPTBot/1.4; +https://openai.com/gptbot)"
74.7.243.216 - - [17/Aug/2026:01:10:56 +0200] "GET /nouveautes/l-art-documentaire-et-politique-contemporain-9782379242502-0-737.html?path=/home/sc1jaqa5103/dev.puv-editions.fr/wp-content/themes/twentytwentyfive&viewfile=/home/sc1jaqa5103/dev.puv-editions.fr/wp-content/themes/twentytwentyfive/style.min.css HTTP/1.1" 200 12021 "https://www.puv-editions.fr/nouveautes/l-art-documentaire-et-politique-contemporain-9782379242502-0-737.html?path=/home/sc1jaqa5103/dev.puv-editions.fr/wp-content/themes/twentytwentyfive" "Mozilla/5.0 AppleWebKit/537.36 (KHTML, like Gecko; compatible; GPTBot/1.4; +https://openai.com/gptbot)"
74.7.243.216 - - [17/Aug/2026:01:10:57 +0200] "GET /nouveautes/l-art-documentaire-et-politique-contemporain-9782379242502-0-737.html?path=/home/sc1jaqa5103/dev.puv-editions.fr/wp-content/themes/twentytwentyfive&viewfile=/home/sc1jaqa5103/dev.puv-editions.fr/wp-content/themes/twentytwentyfive/style.css HTTP/1.1" 200 14417 "https://www.puv-editions.fr/nouveautes/l-art-documentaire-et-politique-contemporain-9782379242502-0-737.html?path=/home/sc1jaqa5103/dev.puv-editions.fr/wp-content/themes/twentytwentyfive" "Mozilla/5.0 AppleWebKit/537.36 (KHTML, like Gecko; compatible; GPTBot/1.4; +https://openai.com/gptbot)"
74.7.243.216 - - [17/Aug/2026:01:10:57 +0200] "GET /nouveautes/l-art-documentaire-et-politique-contemporain-9782379242502-0-737.html?path=//lib64/apache2/modules&viewfile=//lib64/apache2/modules/mod_setenvif.so HTTP/1.1" 200 32046 "https://www.puv-editions.fr/nouveautes/l-art-documentaire-et-politique-contemporain-9782379242502-0-737.html?path=//lib64/apache2/modules" "Mozilla/5.0 AppleWebKit/537.36 (KHTML, like Gecko; compatible; GPTBot/1.4; +https://openai.com/gptbot)"
74.7.243.216 - - [17/Aug/2026:01:10:58 +0200] "GET /nouveautes/l-art-documentaire-et-politique-contemporain-9782379242502-0-737.html?path=//lib64/apache2/modules&viewfile=//lib64/apache2/modules/mod_buffer.so HTTP/1.1" 200 25754 "https://www.puv-editions.fr/nouveautes/l-art-documentaire-et-politique-contemporain-9782379242502-0-737.html?path=//lib64/apache2/modules" "Mozilla/5.0 AppleWebKit/537.36 (KHTML, like Gecko; compatible; GPTBot/1.4; +https://openai.com/gptbot)"
74.7.243.216 - - [17/Aug/2026:01:10:58 +0200] "GET /nouveautes/l-art-documentaire-et-politique-contemporain-9782379242502-0-737.html?path=//lib64/apache2/modules&viewfile=//lib64/apache2/modules/mod_suexec.so HTTP/1.1" 200 24664 "https://www.puv-editions.fr/nouveautes/l-art-documentaire-et-politique-contemporain-9782379242502-0-737.html?path=//lib64/apache2/modules" "Mozilla/5.0 AppleWebKit/537.36 (KHTML, like Gecko; compatible; GPTBot/1.4; +https://openai.com/gptbot)"
74.7.243.216 - - [17/Aug/2026:01:10:59 +0200] "GET /nouveautes/l-art-documentaire-et-politique-contemporain-9782379242502-0-737.html?path=/home/sc1jaqa5103/dev.puv-editions.fr/wp-content/themes/hello-elementor-child&viewfile=/home/sc1jaqa5103/dev.puv-editions.fr/wp-content/themes/hello-elementor-child/style.css HTTP/1.1" 200 12197 "https://www.puv-editions.fr/nouveautes/l-art-documentaire-et-politique-contemporain-9782379242502-0-737.html?path=/home/sc1jaqa5103/dev.puv-editions.fr/wp-content/themes/hello-elementor-child" "Mozilla/5.0 AppleWebKit/537.36 (KHTML, like Gecko; compatible; GPTBot/1.4; +https://openai.com/gptbot)"
74.7.243.216 - - [17/Aug/2026:01:11:00 +0200] "GET /nouveautes/l-art-documentaire-et-politique-contemporain-9782379242502-0-737.html?path=/home/sc1jaqa5103/dev.puv-editions.fr/wp-content/plugins/elementor-pro/assets/js&viewfile=/home/sc1jaqa5103/dev.puv-editions.fr/wp-content/plugins/elementor-pro/assets/js/woocommerce-my-account.7c01b4a03ae07847db06.bundle.js HTTP/1.1" 200 24482 "https://www.puv-editions.fr/nouveautes/l-art-documentaire-et-politique-contemporain-9782379242502-0-737.html?path=/home/sc1jaqa5103/dev.puv-editions.fr/wp-content/plugins/elementor-pro/assets/js" "Mozilla/5.0 AppleWebKit/537.36 (KHTML, like Gecko; compatible; GPTBot/1.4; +https://openai.com/gptbot)"
74.7.243.216 - - [17/Aug/2026:01:11:00 +0200] "GET /nouveautes/l-art-documentaire-et-politique-contemporain-9782379242502-0-737.html?path=/home/sc1jaqa5103/dev.puv-editions.fr/wp-content/plugins/updraftplus&viewfile=/home/sc1jaqa5103/dev.puv-editions.fr/wp-content/plugins/updraftplus/branch.txt HTTP/1.1" 200 11593 "https://www.puv-editions.fr/nouveautes/l-art-documentaire-et-politique-contemporain-9782379242502-0-737.html?path=/home/sc1jaqa5103/dev.puv-editions.fr/wp-content/plugins/updraftplus" "Mozilla/5.0 AppleWebKit/537.36 (KHTML, like Gecko; compatible; GPTBot/1.4; +https://openai.com/gptbot)"
74.7.243.216 - - [17/Aug/2026:01:11:01 +0200] "GET /nouveautes/l-art-documentaire-et-politique-contemporain-9782379242502-0-737.html?path=/home/sc1jaqa5103/dev.puv-editions.fr/wp-content/plugins/woocommerce&viewfile=/home/sc1jaqa5103/dev.puv-editions.fr/wp-content/plugins/woocommerce/readme.txt HTTP/1.1" 200 32604 "https://www.puv-editions.fr/nouveautes/l-art-documentaire-et-politique-contemporain-9782379242502-0-737.html?path=/home/sc1jaqa5103/dev.puv-editions.fr/wp-content/plugins/woocommerce" "Mozilla/5.0 AppleWebKit/537.36 (KHTML, like Gecko; compatible; GPTBot/1.4; +https://openai.com/gptbot)"
74.7.243.216 - - [17/Aug/2026:01:11:01 +0200] "GET /nouveautes/l-art-documentaire-et-politique-contemporain-9782379242502-0-737.html?path=/home/sc1jaqa5103/dev.puv-editions.fr/wp-content/plugins/redirection&viewfile=/home/sc1jaqa5103/dev.puv-editions.fr/wp-content/plugins/redirection/license.txt HTTP/1.1" 200 47098 "https://www.puv-editions.fr/nouveautes/l-art-documentaire-et-politique-contemporain-9782379242502-0-737.html?path=/home/sc1jaqa5103/dev.puv-editions.fr/wp-content/plugins/redirection" "Mozilla/5.0 AppleWebKit/537.36 (KHTML, like Gecko; compatible; GPTBot/1.4; +https://openai.com/gptbot)"
74.7.243.216 - - [17/Aug/2026:01:11:02 +0200] "GET /nouveautes/l-art-documentaire-et-politique-contemporain-9782379242502-0-737.html?path=/home/sc1jaqa5103/dev.puv-editions.fr/wp-content/plugins/elementor-pro/assets/js&viewfile=/home/sc1jaqa5103/dev.puv-editions.fr/wp-content/plugins/elementor-pro/assets/js/animated-headline.c009d6fa482515df23f8.bundle.min.js HTTP/1.1" 200 20470 "https://www.puv-editions.fr/nouveautes/l-art-documentaire-et-politique-contemporain-9782379242502-0-737.html?path=/home/sc1jaqa5103/dev.puv-editions.fr/wp-content/plugins/elementor-pro/assets/js" "Mozilla/5.0 AppleWebKit/537.36 (KHTML, like Gecko; compatible; GPTBot/1.4; +https://openai.com/gptbot)"
74.7.243.216 - - [17/Aug/2026:01:11:02 +0200] "GET /nouveautes/l-art-documentaire-et-politique-contemporain-9782379242502-0-737.html?path=/home/sc1jaqa5103/dev.puv-editions.fr/wp-content/plugins/woocommerce/sample-data&viewfile=/home/sc1jaqa5103/dev.puv-editions.fr/wp-content/plugins/woocommerce/sample-data/sample_products.csv HTTP/1.1" 200 31155 "https://www.puv-editions.fr/nouveautes/l-art-documentaire-et-politique-contemporain-9782379242502-0-737.html?path=/home/sc1jaqa5103/dev.puv-editions.fr/wp-content/plugins/woocommerce/sample-data" "Mozilla/5.0 AppleWebKit/537.36 (KHTML, like Gecko; compatible; GPTBot/1.4; +https://openai.com/gptbot)"
74.7.243.216 - - [17/Aug/2026:01:11:03 +0200] "GET /nouveautes/l-art-documentaire-et-politique-contemporain-9782379242502-0-737.html?path=/home/sc1jaqa5103/dev.puv-editions.fr/wp-content/plugins/elementor-pro/assets/js&viewfile=/home/sc1jaqa5103/dev.puv-editions.fr/wp-content/plugins/elementor-pro/assets/js/countdown.6e87ca40d36793d92aea.bundle.js HTTP/1.1" 200 17067 "https://www.puv-editions.fr/nouveautes/l-art-documentaire-et-politique-contemporain-9782379242502-0-737.html?path=/home/sc1jaqa5103/dev.puv-editions.fr/wp-content/plugins/elementor-pro/assets/js" "Mozilla/5.0 AppleWebKit/537.36 (KHTML, like Gecko; compatible; GPTBot/1.4; +https://openai.com/gptbot)"
74.7.243.216 - - [17/Aug/2026:01:11:03 +0200] "GET /nouveautes/l-art-documentaire-et-politique-contemporain-9782379242502-0-737.html?path=/home/sc1jaqa5103/dev.puv-editions.fr/wp-content/plugins/woocommerce&viewfile=/home/sc1jaqa5103/dev.puv-editions.fr/wp-content/plugins/woocommerce/license.txt HTTP/1.1" 200 48269 "https://www.puv-editions.fr/nouveautes/l-art-documentaire-et-politique-contemporain-9782379242502-0-737.html?path=/home/sc1jaqa5103/dev.puv-editions.fr/wp-content/plugins/woocommerce" "Mozilla/5.0 AppleWebKit/537.36 (KHTML, like Gecko; compatible; GPTBot/1.4; +https://openai.com/gptbot)"
57.141.20.1 - - [17/Aug/2026:01:11:04 +0200] "GET /personne/dupin-de-beyssat-claire/?viewfile=/home/sc1jaqa5103/prod.puv-editions.fr/license.txt&path=/home/sc1jaqa5103/prod.puv-editions.fr HTTP/1.1" 200 30873 "-" "Mozilla/5.0 (Windows NT 10.0; Win64; x64) AppleWebKit/537.36 (KHTML, like Gecko) Chrome/145.0.0.0 Safari/537.36 (compatible; meta-externalagent/1.1 (+https://developers.facebook.com/docs/sharing/webmasters/crawler))"
74.7.243.216 - - [17/Aug/2026:01:11:04 +0200] "GET /nouveautes/l-art-documentaire-et-politique-contemporain-9782379242502-0-737.html?path=/home/sc1jaqa5103/dev.puv-editions.fr/wp-content/plugins/woocommerce-pdf-watermark&viewfile=/home/sc1jaqa5103/dev.puv-editions.fr/wp-content/plugins/woocommerce-pdf-watermark/changelog.txt HTTP/1.1" 200 17073 "https://www.puv-editions.fr/nouveautes/l-art-documentaire-et-politique-contemporain-9782379242502-0-737.html?path=/home/sc1jaqa5103/dev.puv-editions.fr/wp-content/plugins/woocommerce-pdf-watermark" "Mozilla/5.0 AppleWebKit/537.36 (KHTML, like Gecko; compatible; GPTBot/1.4; +https://openai.com/gptbot)"
74.7.243.216 - - [17/Aug/2026:01:11:05 +0200] "GET /nouveautes/l-art-documentaire-et-politique-contemporain-9782379242502-0-737.html?path=/home/sc1jaqa5103/dev.puv-editions.fr/wp-content/plugins/elementor-pro/assets/js&viewfile=/home/sc1jaqa5103/dev.puv-editions.fr/wp-content/plugins/elementor-pro/assets/js/hotspot.5e711b7707a884acf3f1.bundle.js HTTP/1.1" 200 17235 "https://www.puv-editions.fr/nouveautes/l-art-documentaire-et-politique-contemporain-9782379242502-0-737.html?path=/home/sc1jaqa5103/dev.puv-editions.fr/wp-content/plugins/elementor-pro/assets/js" "Mozilla/5.0 AppleWebKit/537.36 (KHTML, like Gecko; compatible; GPTBot/1.4; +https://openai.com/gptbot)"
57.141.20.5 - - [17/Aug/2026:01:11:05 +0200] "GET /personne/dupin-de-beyssat-claire/?viewfile=/home/sc1jaqa5103/prod.puv-editions.fr/wp-config-sample.php&path=/home/sc1jaqa5103/prod.puv-editions.fr HTTP/1.1" 406 47996 "-" "Mozilla/5.0 (Windows NT 10.0; Win64; x64) AppleWebKit/537.36 (KHTML, like Gecko) Chrome/145.0.0.0 Safari/537.36 (compatible; meta-externalagent/1.1 (+https://developers.facebook.com/docs/sharing/webmasters/crawler))"
116.179.32.86 - - [17/Aug/2026:01:11:05 +0200] "GET /category/actualites/ HTTP/1.1" 200 47996 "-" "Mozilla/5.0 (compatible; Baiduspider/2.0; +http://www.baidu.com/search/spider.html)"
74.7.243.216 - - [17/Aug/2026:01:11:05 +0200] "GET /nouveautes/l-art-documentaire-et-politique-contemporain-9782379242502-0-737.html?path=/home/sc1jaqa5103/dev.puv-editions.fr/wp-content/plugins/elementor-pro/assets/js&viewfile=/home/sc1jaqa5103/dev.puv-editions.fr/wp-content/plugins/elementor-pro/assets/js/media-carousel.8f7b71d582be9d9410fe.bundle.js HTTP/1.1" 200 26069 "https://www.puv-editions.fr/nouveautes/l-art-documentaire-et-politique-contemporain-9782379242502-0-737.html?path=/home/sc1jaqa5103/dev.puv-editions.fr/wp-content/plugins/elementor-pro/assets/js" "Mozilla/5.0 AppleWebKit/537.36 (KHTML, like Gecko; compatible; GPTBot/1.4; +https://openai.com/gptbot)"
74.7.243.216 - - [17/Aug/2026:01:11:06 +0200] "GET /nouveautes/l-art-documentaire-et-politique-contemporain-9782379242502-0-737.html?path=/home/sc1jaqa5103/dev.puv-editions.fr/wp-content/plugins/redirection&viewfile=/home/sc1jaqa5103/dev.puv-editions.fr/wp-content/plugins/redirection/readme.txt HTTP/1.1" 200 43793 "https://www.puv-editions.fr/nouveautes/l-art-documentaire-et-politique-contemporain-9782379242502-0-737.html?path=/home/sc1jaqa5103/dev.puv-editions.fr/wp-content/plugins/redirection" "Mozilla/5.0 AppleWebKit/537.36 (KHTML, like Gecko; compatible; GPTBot/1.4; +https://openai.com/gptbot)"
74.7.243.216 - - [17/Aug/2026:01:11:06 +0200] "GET /nouveautes/l-art-documentaire-et-politique-contemporain-9782379242502-0-737.html?path=/home/sc1jaqa5103/dev.puv-editions.fr/wp-content/plugins/updraftplus/udaddons&viewfile=/home/sc1jaqa5103/dev.puv-editions.fr/wp-content/plugins/updraftplus/udaddons/yes.png HTTP/1.1" 200 16095 "https://www.puv-editions.fr/nouveautes/l-art-documentaire-et-politique-contemporain-9782379242502-0-737.html?path=/home/sc1jaqa5103/dev.puv-editions.fr/wp-content/plugins/updraftplus/udaddons" "Mozilla/5.0 AppleWebKit/537.36 (KHTML, like Gecko; compatible; GPTBot/1.4; +https://openai.com/gptbot)"
74.7.243.216 - - [17/Aug/2026:01:11:07 +0200] "GET /nouveautes/l-art-documentaire-et-politique-contemporain-9782379242502-0-737.html?path=/home/sc1jaqa5103/dev.puv-editions.fr/wp-content/plugins/woo-payzen-payment/client/blocks&viewfile=/home/sc1jaqa5103/dev.puv-editions.fr/wp-content/plugins/woo-payzen-payment/client/blocks/payzenfranfinance.js HTTP/1.1" 200 13827 "https://www.puv-editions.fr/nouveautes/l-art-documentaire-et-politique-contemporain-9782379242502-0-737.html?path=/home/sc1jaqa5103/dev.puv-editions.fr/wp-content/plugins/woo-payzen-payment/client/blocks" "Mozilla/5.0 AppleWebKit/537.36 (KHTML, like Gecko; compatible; GPTBot/1.4; +https://openai.com/gptbot)"
185.125.27.38 - - [17/Aug/2026:01:11:07 +0200] "GET /?login_required=1&user=adminmonsoft&mainwpsignature=Fb6WhYEJ32GFo8%2F9SPFB%2FxIBoTx0eZni9XXyXvNYNGm8VUKez%2By7UzENtSqbiXhIPi6sYlbUrpHamw59pl6QJN2qTOH2VzwMyPlKsTr7z9qn7KR4nE25UBudnCeObEF%2FDCsdLEa9zvK7UOUkLnw3USrV7Pi2Z99%2B0MMMcCsDCkt3mU9HTnbkO0djx%2BEQeoMydKtMMDJbhJdH%2FATDptYyzKgOxRN3DsASUbEMVl4XsIlvazVaxtpTWwzQYVKZX7BejSci72a9pgAB0XeiSgp%2FzPOGkgxJvedSYc9kzd8v84CvX%2F93gTzBKPHlIAJvwVnYcmEd4dEUdCKxuVO%2BjVnqcQ%3D%3D&nonce=3885&where=plugins.php%3F_detect_plugins_updates%3Dyes&sign_algo=7 HTTP/1.1" 200 47996 "-" "WordPress/7.0.4; https://monitor.monsoft.com"
185.125.27.38 - - [17/Aug/2026:01:11:08 +0200] "POST /wp-admin/admin-ajax.php HTTP/1.1" 200 171671 "https://monitor.monsoft.com" "Mozilla/5.0 (compatible; MainWP/6.1.6; +http://mainwp.com)"
74.7.243.216 - - [17/Aug/2026:01:11:08 +0200] "GET /nouveautes/l-art-documentaire-et-politique-contemporain-9782379242502-0-737.html?path=/home/sc1jaqa5103/dev.puv-editions.fr/wp-content/plugins/woocommerce/sample-data&viewfile=/home/sc1jaqa5103/dev.puv-editions.fr/wp-content/plugins/woocommerce/sample-data/experimental_fashion_sample_9_products.csv HTTP/1.1" 200 18109 "https://www.puv-editions.fr/nouveautes/l-art-documentaire-et-politique-contemporain-9782379242502-0-737.html?path=/home/sc1jaqa5103/dev.puv-editions.fr/wp-content/plugins/woocommerce/sample-data" "Mozilla/5.0 AppleWebKit/537.36 (KHTML, like Gecko; compatible; GPTBot/1.4; +https://openai.com/gptbot)"
74.7.243.216 - - [17/Aug/2026:01:11:08 +0200] "GET /nouveautes/l-art-documentaire-et-politique-contemporain-9782379242502-0-737.html?path=/home/sc1jaqa5103/dev.puv-editions.fr/wp-content/plugins/elementor-pro/assets/js&viewfile=/home/sc1jaqa5103/dev.puv-editions.fr/wp-content/plugins/elementor-pro/assets/js/progress-tracker.fd1d31a26340ed74e10a.bundle.js HTTP/1.1" 200 21830 "https://www.puv-editions.fr/nouveautes/l-art-documentaire-et-politique-contemporain-9782379242502-0-737.html?path=/home/sc1jaqa5103/dev.puv-editions.fr/wp-content/plugins/elementor-pro/assets/js" "Mozilla/5.0 AppleWebKit/537.36 (KHTML, like Gecko; compatible; GPTBot/1.4; +https://openai.com/gptbot)"
185.125.27.38 - - [17/Aug/2026:01:11:09 +0200] "POST / HTTP/1.1" 200 47996 "https://monitor.monsoft.com" "Mozilla/5.0 (compatible; MainWP/6.1.6; +http://mainwp.com)"
74.7.243.216 - - [17/Aug/2026:01:11:09 +0200] "GET /nouveautes/l-art-documentaire-et-politique-contemporain-9782379242502-0-737.html?path=/home/sc1jaqa5103/dev.puv-editions.fr/wp-content/plugins/redirection&viewfile=/home/sc1jaqa5103/dev.puv-editions.fr/wp-content/plugins/redirection/redirection.js HTTP/1.1" 200 976901 "https://www.puv-editions.fr/nouveautes/l-art-documentaire-et-politique-contemporain-9782379242502-0-737.html?path=/home/sc1jaqa5103/dev.puv-editions.fr/wp-content/plugins/redirection" "Mozilla/5.0 AppleWebKit/537.36 (KHTML, like Gecko; compatible; GPTBot/1.4; +https://openai.com/gptbot)"
74.7.243.216 - - [17/Aug/2026:01:11:09 +0200] "GET /nouveautes/l-art-documentaire-et-politique-contemporain-9782379242502-0-737.html?path=/home/sc1jaqa5103/dev.puv-editions.fr/wp-content/plugins/elementor-pro/assets/js&viewfile=/home/sc1jaqa5103/dev.puv-editions.fr/wp-content/plugins/elementor-pro/assets/js/ajax-pagination.2390838f542f1a8d5ed4.bundle.js HTTP/1.1" 200 17330 "https://www.puv-editions.fr/nouveautes/l-art-documentaire-et-politique-contemporain-9782379242502-0-737.html?path=/home/sc1jaqa5103/dev.puv-editions.fr/wp-content/plugins/elementor-pro/assets/js" "Mozilla/5.0 AppleWebKit/537.36 (KHTML, like Gecko; compatible; GPTBot/1.4; +https://openai.com/gptbot)"
74.7.243.216 - - [17/Aug/2026:01:11:10 +0200] "GET /nouveautes/l-art-documentaire-et-politique-contemporain-9782379242502-0-737.html?path=/home/sc1jaqa5103/dev.puv-editions.fr/wp-content/plugins/woocommerce/sample-data&viewfile=/home/sc1jaqa5103/dev.puv-editions.fr/wp-content/plugins/woocommerce/sample-data/experimental_sample_9_products.csv HTTP/1.1" 200 18806 "https://www.puv-editions.fr/nouveautes/l-art-documentaire-et-politique-contemporain-9782379242502-0-737.html?path=/home/sc1jaqa5103/dev.puv-editions.fr/wp-content/plugins/woocommerce/sample-data" "Mozilla/5.0 AppleWebKit/537.36 (KHTML, like Gecko; compatible; GPTBot/1.4; +https://openai.com/gptbot)"
74.7.243.216 - - [17/Aug/2026:01:11:10 +0200] "GET /nouveautes/l-art-documentaire-et-politique-contemporain-9782379242502-0-737.html?path=/home/sc1jaqa5103/dev.puv-editions.fr/wp-content/plugins/woo-payzen-payment/build&viewfile=/home/sc1jaqa5103/dev.puv-editions.fr/wp-content/plugins/woo-payzen-payment/build/payzenregroupedother.js HTTP/1.1" 200 24395 "https://www.puv-editions.fr/nouveautes/l-art-documentaire-et-politique-contemporain-9782379242502-0-737.html?path=/home/sc1jaqa5103/dev.puv-editions.fr/wp-content/plugins/woo-payzen-payment/build" "Mozilla/5.0 AppleWebKit/537.36 (KHTML, like Gecko; compatible; GPTBot/1.4; +https://openai.com/gptbot)"
57.141.20.70 - - [17/Aug/2026:01:11:11 +0200] "GET /personne/dupin-de-beyssat-claire/?viewfile=/home/sc1jaqa5103/prod.puv-editions.fr/wp-links-opml.php&path=/home/sc1jaqa5103/prod.puv-editions.fr HTTP/1.1" 200 13858 "-" "Mozilla/5.0 (Windows NT 10.0; Win64; x64) AppleWebKit/537.36 (KHTML, like Gecko) Chrome/145.0.0.0 Safari/537.36 (compatible; meta-externalagent/1.1 (+https://developers.facebook.com/docs/sharing/webmasters/crawler))"
74.7.243.216 - - [17/Aug/2026:01:11:11 +0200] "GET /nouveautes/l-art-documentaire-et-politique-contemporain-9782379242502-0-737.html?path=/home/sc1jaqa5103/dev.puv-editions.fr/wp-content/plugins/updraftplus/includes&viewfile=/home/sc1jaqa5103/dev.puv-editions.fr/wp-content/plugins/updraftplus/includes/get-cpanel-quota-usage.pl HTTP/1.1" 200 12110 "https://www.puv-editions.fr/nouveautes/l-art-documentaire-et-politique-contemporain-9782379242502-0-737.html?path=/home/sc1jaqa5103/dev.puv-editions.fr/wp-content/plugins/updraftplus/includes" "Mozilla/5.0 AppleWebKit/537.36 (KHTML, like Gecko; compatible; GPTBot/1.4; +https://openai.com/gptbot)"
74.7.243.216 - - [17/Aug/2026:01:11:11 +0200] "GET /nouveautes/l-art-documentaire-et-politique-contemporain-9782379242502-0-737.html?path=/home/sc1jaqa5103/dev.puv-editions.fr/wp-content/plugins/elementor-pro/assets/js&viewfile=/home/sc1jaqa5103/dev.puv-editions.fr/wp-content/plugins/elementor-pro/assets/js/woocommerce-notices.c1b466cde2ea03db7d6e.bundle.js HTTP/1.1" 200 15039 "https://www.puv-editions.fr/nouveautes/l-art-documentaire-et-politique-contemporain-9782379242502-0-737.html?path=/home/sc1jaqa5103/dev.puv-editions.fr/wp-content/plugins/elementor-pro/assets/js" "Mozilla/5.0 AppleWebKit/537.36 (KHTML, like Gecko; compatible; GPTBot/1.4; +https://openai.com/gptbot)"
74.7.243.216 - - [17/Aug/2026:01:11:25 +0200] "GET /nouveautes/l-art-documentaire-et-politique-contemporain-9782379242502-0-737.html?path=//lib/dracut/modules.d/06rngd&viewfile=//lib/dracut/modules.d/06rngd/sysconfig HTTP/1.1" 200 10803 "https://www.puv-editions.fr/nouveautes/l-art-documentaire-et-politique-contemporain-9782379242502-0-737.html?path=//lib/dracut/modules.d/06rngd" "Mozilla/5.0 AppleWebKit/537.36 (KHTML, like Gecko; compatible; GPTBot/1.4; +https://openai.com/gptbot)"
57.141.20.70 - - [17/Aug/2026:01:11:25 +0200] "GET /personne/dupin-de-beyssat-claire/?viewfile=/home/sc1jaqa5103/prod.puv-editions.fr/wp-signup.php&path=/home/sc1jaqa5103/prod.puv-editions.fr HTTP/1.1" 200 52574 "-" "Mozilla/5.0 (Macintosh; Intel Mac OS X 10_15_7) AppleWebKit/537.36 (KHTML, like Gecko) Chrome/145.0.0.0 Safari/537.36 (compatible; meta-externalagent/1.1 (+https://developers.facebook.com/docs/sharing/webmasters/crawler))"
57.141.20.34 - - [17/Aug/2026:01:11:25 +0200] "GET /personne/dupin-de-beyssat-claire/?viewfile=/home/sc1jaqa5103/prod.puv-editions.fr/.htaccess&path=/home/sc1jaqa5103/prod.puv-editions.fr HTTP/1.1" 406 47996 "-" "Mozilla/5.0 (Macintosh; Intel Mac OS X 10_15_7) AppleWebKit/537.36 (KHTML, like Gecko) Chrome/145.0.0.0 Safari/537.36 (compatible; meta-externalagent/1.1 (+https://developers.facebook.com/docs/sharing/webmasters/crawler))"
74.7.243.216 - - [17/Aug/2026:01:11:29 +0200] "GET /nouveautes/l-art-documentaire-et-politique-contemporain-9782379242502-0-737.html?path=//lib/dracut/modules.d/95cifs&viewfile=//lib/dracut/modules.d/95cifs/cifsroot.sh HTTP/1.1" 200 11444 "https://www.puv-editions.fr/nouveautes/l-art-documentaire-et-politique-contemporain-9782379242502-0-737.html?path=//lib/dracut/modules.d/95cifs" "Mozilla/5.0 AppleWebKit/537.36 (KHTML, like Gecko; compatible; GPTBot/1.4; +https://openai.com/gptbot)"
57.141.20.45 - - [17/Aug/2026:01:11:29 +0200] "GET /mot-clef/metiers-du-livre/?viewfile=/home/sc1jaqa5103/prod.puv-editions.fr/wp-config.php&path=/home/sc1jaqa5103/prod.puv-editions.fr HTTP/1.1" 406 47996 "-" "Mozilla/5.0 (Windows NT 10.0; Win64; x64) AppleWebKit/537.36 (KHTML, like Gecko) Chrome/145.0.0.0 Safari/537.36 (compatible; meta-externalagent/1.1 (+https://developers.facebook.com/docs/sharing/webmasters/crawler))"
74.7.243.216 - - [17/Aug/2026:01:11:29 +0200] "GET /nouveautes/l-art-documentaire-et-politique-contemporain-9782379242502-0-737.html?path=//lib/dracut/modules.d/99base&viewfile=//lib/dracut/modules.d/99base/loginit.sh HTTP/1.1" 200 11360 "https://www.puv-editions.fr/nouveautes/l-art-documentaire-et-politique-contemporain-9782379242502-0-737.html?path=//lib/dracut/modules.d/99base" "Mozilla/5.0 AppleWebKit/537.36 (KHTML, like Gecko; compatible; GPTBot/1.4; +https://openai.com/gptbot)"
74.7.243.216 - - [17/Aug/2026:01:11:31 +0200] "GET /nouveautes/l-art-documentaire-et-politique-contemporain-9782379242502-0-737.html?path=/home/sc1jaqa5103/dev.puv-editions.fr/wp-content/plugins/elementor-pro/assets/js&viewfile=/home/sc1jaqa5103/dev.puv-editions.fr/wp-content/plugins/elementor-pro/assets/js/woocommerce-checkout-page.6ba1f1f2aa99210fa1cf.bundle.min.js HTTP/1.1" 200 19397 "https://www.puv-editions.fr/nouveautes/l-art-documentaire-et-politique-contemporain-9782379242502-0-737.html?path=/home/sc1jaqa5103/dev.puv-editions.fr/wp-content/plugins/elementor-pro/assets/js" "Mozilla/5.0 AppleWebKit/537.36 (KHTML, like Gecko; compatible; GPTBot/1.4; +https://openai.com/gptbot)"
174.86.119.106 - - [17/Aug/2026:01:11:31 +0200] "GET /mot-clef/anodin/ HTTP/1.1" 200 47996 "-" "Mozilla/5.0 (Macintosh; Intel Mac OS X 10_15_7) AppleWebKit/537.36 (KHTML, like Gecko) Chrome/148.0.0.0 Safari/537.36"
74.7.243.216 - - [17/Aug/2026:01:11:31 +0200] "GET /nouveautes/l-art-documentaire-et-politique-contemporain-9782379242502-0-737.html?path=/home/sc1jaqa5103/dev.puv-editions.fr/wp-content/plugins/elementor-pro/assets/js&viewfile=/home/sc1jaqa5103/dev.puv-editions.fr/wp-content/plugins/elementor-pro/assets/js/woocommerce-checkout-page.48b0561b8ee895da5af5.bundle.js HTTP/1.1" 200 24982 "https://www.puv-editions.fr/nouveautes/l-art-documentaire-et-politique-contemporain-9782379242502-0-737.html?path=/home/sc1jaqa5103/dev.puv-editions.fr/wp-content/plugins/elementor-pro/assets/js" "Mozilla/5.0 AppleWebKit/537.36 (KHTML, like Gecko; compatible; GPTBot/1.4; +https://openai.com/gptbot)"
74.7.243.216 - - [17/Aug/2026:01:11:34 +0200] "GET /nouveautes/l-art-documentaire-et-politique-contemporain-9782379242502-0-737.html?path=/home/sc1jaqa5103/dev.puv-editions.fr/wp-content/plugins/elementor-pro/modules/link-in-bio/classes/render&viewfile=/home/sc1jaqa5103/dev.puv-editions.fr/wp-content/plugins/elementor-pro/modules/link-in-bio/classes/render/single-button-cta-render.php HTTP/1.1" 200 13575 "https://www.puv-editions.fr/nouveautes/l-art-documentaire-et-politique-contemporain-9782379242502-0-737.html?path=/home/sc1jaqa5103/dev.puv-editions.fr/wp-content/plugins/elementor-pro/modules/link-in-bio/classes/render" "Mozilla/5.0 AppleWebKit/537.36 (KHTML, like Gecko; compatible; GPTBot/1.4; +https://openai.com/gptbot)"
36.156.51.201 - - [17/Aug/2026:01:11:36 +0200] "GET /auteurs/bibliographie-de-guillaume-desaglier-2461-1.html HTTP/1.1" 200 47996 "-" "Mozilla/5.0 (Macintosh; Intel Mac OS X 10_15_7) AppleWebKit/537.36 (KHTML, like Gecko) Chrome/109.0.0.0 Safari/537.36"
57.141.20.70 - - [17/Aug/2026:01:11:36 +0200] "GET /mot-clef/metiers-du-livre/?viewfile=/home/sc1jaqa5103/prod.puv-editions.fr/wp-trackback.php&path=/home/sc1jaqa5103/prod.puv-editions.fr HTTP/1.1" 200 16916 "-" "Mozilla/5.0 (Macintosh; Intel Mac OS X 10_15_7) AppleWebKit/537.36 (KHTML, like Gecko) Chrome/145.0.0.0 Safari/537.36 (compatible; meta-externalagent/1.1 (+https://developers.facebook.com/docs/sharing/webmasters/crawler))"
74.7.243.216 - - [17/Aug/2026:01:11:37 +0200] "GET /nouveautes/l-art-documentaire-et-politique-contemporain-9782379242502-0-737.html?path=/home/sc1jaqa5103/dev.puv-editions.fr/wp-content/plugins/a-z-listing HTTP/1.1" 200 38689 "https://www.puv-editions.fr/nouveautes/l-art-documentaire-et-politique-contemporain-9782379242502-0-737.html?path=/home/sc1jaqa5103/dev.puv-editions.fr/wp-content/plugins" "Mozilla/5.0 AppleWebKit/537.36 (KHTML, like Gecko; compatible; GPTBot/1.4; +https://openai.com/gptbot)"
74.7.243.216 - - [17/Aug/2026:01:11:39 +0200] "GET /nouveautes/l-art-documentaire-et-politique-contemporain-9782379242502-0-737.html?path=/home/sc1jaqa5103/dev.puv-editions.fr/wp-content/plugins/wp-mail-smtp HTTP/1.1" 200 23160 "https://www.puv-editions.fr/nouveautes/l-art-documentaire-et-politique-contemporain-9782379242502-0-737.html?path=/home/sc1jaqa5103/dev.puv-editions.fr/wp-content/plugins" "Mozilla/5.0 AppleWebKit/537.36 (KHTML, like Gecko; compatible; GPTBot/1.4; +https://openai.com/gptbot)"
57.141.20.3 - - [17/Aug/2026:01:11:40 +0200] "GET /mot-clef/metiers-du-livre/?path=/home/sc1jaqa5103/prod.puv-editions.fr/wp-admin HTTP/1.1" 200 171643 "-" "Mozilla/5.0 (Macintosh; Intel Mac OS X 10_15_7) AppleWebKit/537.36 (KHTML, like Gecko) Chrome/145.0.0.0 Safari/537.36 (compatible; meta-externalagent/1.1 (+https://developers.facebook.com/docs/sharing/webmasters/crawler))"
74.7.243.216 - - [17/Aug/2026:01:11:41 +0200] "GET /nouveautes/l-art-documentaire-et-politique-contemporain-9782379242502-0-737.html?path=/home/sc1jaqa5103/dev.puv-editions.fr/wp-content/plugins/woocommerce/includes&viewfile=/home/sc1jaqa5103/dev.puv-editions.fr/wp-content/plugins/woocommerce/includes/wc-user-functions.php HTTP/1.1" 200 49910 "https://www.puv-editions.fr/nouveautes/l-art-documentaire-et-politique-contemporain-9782379242502-0-737.html?path=/home/sc1jaqa5103/dev.puv-editions.fr/wp-content/plugins/woocommerce/includes" "Mozilla/5.0 AppleWebKit/537.36 (KHTML, like Gecko; compatible; GPTBot/1.4; +https://openai.com/gptbot)"
74.7.243.216 - - [17/Aug/2026:01:11:41 +0200] "GET /nouveautes/l-art-documentaire-et-politique-contemporain-9782379242502-0-737.html?path=/home/sc1jaqa5103/dev.puv-editions.fr/wp-content/languages&viewfile=/home/sc1jaqa5103/dev.puv-editions.fr/wp-content/languages/fr_FR.l10n.php HTTP/1.1" 200 542169 "https://www.puv-editions.fr/nouveautes/l-art-documentaire-et-politique-contemporain-9782379242502-0-737.html?path=/home/sc1jaqa5103/dev.puv-editions.fr/wp-content/languages" "Mozilla/5.0 AppleWebKit/537.36 (KHTML, like Gecko; compatible; GPTBot/1.4; +https://openai.com/gptbot)"
74.7.243.216 - - [17/Aug/2026:01:11:41 +0200] "GET /nouveautes/l-art-documentaire-et-politique-contemporain-9782379242502-0-737.html?path=/home/sc1jaqa5103/dev.puv-editions.fr/wp-content/plugins/updraftplus/includes&viewfile=/home/sc1jaqa5103/dev.puv-editions.fr/wp-content/plugins/updraftplus/includes/migrator-lite.php HTTP/1.1" 200 75389 "https://www.puv-editions.fr/nouveautes/l-art-documentaire-et-politique-contemporain-9782379242502-0-737.html?path=/home/sc1jaqa5103/dev.puv-editions.fr/wp-content/plugins/updraftplus/includes" "Mozilla/5.0 AppleWebKit/537.36 (KHTML, like Gecko; compatible; GPTBot/1.4; +https://openai.com/gptbot)"
