92.222.108.104 - - [17/Aug/2026:01:16:19 +0200] "GET /personne/leinman-colette/ HTTP/1.1" 200 47996 "-" "Mozilla/5.0 (compatible; AhrefsBot/7.0; +http://ahrefs.com/robot/)"
57.141.20.27 - - [17/Aug/2026:01:16:19 +0200] "GET /ouvrage/carnets-de-lecture/?viewfile=/home/sc1jaqa5103/prod.puv-editions.fr/wp-includes/blocks/icon/style.css&path=/home/sc1jaqa5103/prod.puv-editions.fr/wp-includes/blocks/icon HTTP/1.1" 200 11621 "-" "Mozilla/5.0 (Windows NT 10.0; Win64; x64) AppleWebKit/537.36 (KHTML, like Gecko) Chrome/145.0.0.0 Safari/537.36 (compatible; meta-externalagent/1.1 (+https://developers.facebook.com/docs/sharing/webmasters/crawler))"
74.7.243.216 - - [17/Aug/2026:01:16:19 +0200] "GET /nouveautes/l-art-documentaire-et-politique-contemporain-9782379242502-0-737.html?path=/home/sc1jaqa5103/dev.puv-editions.fr/wp-content/plugins/admin-columns-pro/admin-columns/classes/Admin/Asset/Script HTTP/1.1" 200 13292 "https://www.puv-editions.fr/nouveautes/l-art-documentaire-et-politique-contemporain-9782379242502-0-737.html?path=/home/sc1jaqa5103/dev.puv-editions.fr/wp-content/plugins/admin-columns-pro/admin-columns/classes/Admin/Asset" "Mozilla/5.0 AppleWebKit/537.36 (KHTML, like Gecko; compatible; GPTBot/1.4; +https://openai.com/gptbot)"
74.7.243.216 - - [17/Aug/2026:01:16:20 +0200] "GET /nouveautes/l-art-documentaire-et-politique-contemporain-9782379242502-0-737.html?path=/home/sc1jaqa5103/dev.puv-editions.fr/wp-content/plugins/admin-columns-pro/admin-columns/classes/Admin/Notice HTTP/1.1" 200 14932 "https://www.puv-editions.fr/nouveautes/l-art-documentaire-et-politique-contemporain-9782379242502-0-737.html?path=/home/sc1jaqa5103/dev.puv-editions.fr/wp-content/plugins/admin-columns-pro/admin-columns/classes/Admin" "Mozilla/5.0 AppleWebKit/537.36 (KHTML, like Gecko; compatible; GPTBot/1.4; +https://openai.com/gptbot)"
74.7.243.216 - - [17/Aug/2026:01:16:21 +0200] "GET /nouveautes/l-art-documentaire-et-politique-contemporain-9782379242502-0-737.html?path=/home/sc1jaqa5103/dev.puv-editions.fr/wp-content/plugins/admin-columns-pro/admin-columns/classes/Admin/Type HTTP/1.1" 200 13043 "https://www.puv-editions.fr/nouveautes/l-art-documentaire-et-politique-contemporain-9782379242502-0-737.html?path=/home/sc1jaqa5103/dev.puv-editions.fr/wp-content/plugins/admin-columns-pro/admin-columns/classes/Admin" "Mozilla/5.0 AppleWebKit/537.36 (KHTML, like Gecko; compatible; GPTBot/1.4; +https://openai.com/gptbot)"
74.7.243.216 - - [17/Aug/2026:01:16:22 +0200] "GET /nouveautes/l-art-documentaire-et-politique-contemporain-9782379242502-0-737.html?path=/home/sc1jaqa5103/dev.puv-editions.fr/wp-content/plugins/admin-columns-pro/admin-columns/classes/Form/Element HTTP/1.1" 200 22084 "https://www.puv-editions.fr/nouveautes/l-art-documentaire-et-politique-contemporain-9782379242502-0-737.html?path=/home/sc1jaqa5103/dev.puv-editions.fr/wp-content/plugins/admin-columns-pro/admin-columns/classes/Form" "Mozilla/5.0 AppleWebKit/537.36 (KHTML, like Gecko; compatible; GPTBot/1.4; +https://openai.com/gptbot)"
74.7.243.216 - - [17/Aug/2026:01:16:22 +0200] "GET /nouveautes/l-art-documentaire-et-politique-contemporain-9782379242502-0-737.html?path=/home/sc1jaqa5103/dev.puv-editions.fr/wp-content/plugins/admin-columns-pro/admin-columns/classes/Admin/PageFactory HTTP/1.1" 200 18581 "https://www.puv-editions.fr/nouveautes/l-art-documentaire-et-politique-contemporain-9782379242502-0-737.html?path=/home/sc1jaqa5103/dev.puv-editions.fr/wp-content/plugins/admin-columns-pro/admin-columns/classes/Admin" "Mozilla/5.0 AppleWebKit/537.36 (KHTML, like Gecko; compatible; GPTBot/1.4; +https://openai.com/gptbot)"
74.7.243.216 - - [17/Aug/2026:01:16:24 +0200] "GET /nouveautes/l-art-documentaire-et-politique-contemporain-9782379242502-0-737.html?path=/home/sc1jaqa5103/dev.puv-editions.fr/wp-content/plugins/admin-columns-pro/admin-columns/classes/Admin/Page HTTP/1.1" 200 18414 "https://www.puv-editions.fr/nouveautes/l-art-documentaire-et-politique-contemporain-9782379242502-0-737.html?path=/home/sc1jaqa5103/dev.puv-editions.fr/wp-content/plugins/admin-columns-pro/admin-columns/classes/Admin" "Mozilla/5.0 AppleWebKit/537.36 (KHTML, like Gecko; compatible; GPTBot/1.4; +https://openai.com/gptbot)"
74.7.243.216 - - [17/Aug/2026:01:16:25 +0200] "GET /nouveautes/l-art-documentaire-et-politique-contemporain-9782379242502-0-737.html?path=/home/sc1jaqa5103/dev.puv-editions.fr/wp-content/plugins/admin-columns-pro/admin-columns/classes/Helper HTTP/1.1" 200 35774 "https://www.puv-editions.fr/nouveautes/l-art-documentaire-et-politique-contemporain-9782379242502-0-737.html?path=/home/sc1jaqa5103/dev.puv-editions.fr/wp-content/plugins/admin-columns-pro/admin-columns/classes" "Mozilla/5.0 AppleWebKit/537.36 (KHTML, like Gecko; compatible; GPTBot/1.4; +https://openai.com/gptbot)"
74.7.243.216 - - [17/Aug/2026:01:16:25 +0200] "GET /nouveautes/l-art-documentaire-et-politique-contemporain-9782379242502-0-737.html?path=/home/sc1jaqa5103/dev.puv-editions.fr/wp-content/plugins/admin-columns-pro/admin-columns/classes/Table/ManageValue HTTP/1.1" 200 22219 "https://www.puv-editions.fr/nouveautes/l-art-documentaire-et-politique-contemporain-9782379242502-0-737.html?path=/home/sc1jaqa5103/dev.puv-editions.fr/wp-content/plugins/admin-columns-pro/admin-columns/classes/Table" "Mozilla/5.0 AppleWebKit/537.36 (KHTML, like Gecko; compatible; GPTBot/1.4; +https://openai.com/gptbot)"
74.7.243.216 - - [17/Aug/2026:01:16:26 +0200] "GET /nouveautes/l-art-documentaire-et-politique-contemporain-9782379242502-0-737.html?path=/home/sc1jaqa5103/dev.puv-editions.fr/wp-content/plugins/admin-columns-pro/admin-columns/classes/Column/User HTTP/1.1" 200 51001 "https://www.puv-editions.fr/nouveautes/l-art-documentaire-et-politique-contemporain-9782379242502-0-737.html?path=/home/sc1jaqa5103/dev.puv-editions.fr/wp-content/plugins/admin-columns-pro/admin-columns/classes/Column" "Mozilla/5.0 AppleWebKit/537.36 (KHTML, like Gecko; compatible; GPTBot/1.4; +https://openai.com/gptbot)"
74.7.243.216 - - [17/Aug/2026:01:16:26 +0200] "GET /nouveautes/l-art-documentaire-et-politique-contemporain-9782379242502-0-737.html?path=/home/sc1jaqa5103/dev.puv-editions.fr/wp-content/plugins/admin-columns-pro/admin-columns/classes/Asset HTTP/1.1" 200 26792 "https://www.puv-editions.fr/nouveautes/l-art-documentaire-et-politique-contemporain-9782379242502-0-737.html?path=/home/sc1jaqa5103/dev.puv-editions.fr/wp-content/plugins/admin-columns-pro/admin-columns/classes" "Mozilla/5.0 AppleWebKit/537.36 (KHTML, like Gecko; compatible; GPTBot/1.4; +https://openai.com/gptbot)"
74.7.243.216 - - [17/Aug/2026:01:16:27 +0200] "GET /nouveautes/l-art-documentaire-et-politique-contemporain-9782379242502-0-737.html?path=/home/sc1jaqa5103/dev.puv-editions.fr/wp-content/plugins/admin-columns-pro/admin-columns/classes/Admin/Section HTTP/1.1" 200 20150 "https://www.puv-editions.fr/nouveautes/l-art-documentaire-et-politique-contemporain-9782379242502-0-737.html?path=/home/sc1jaqa5103/dev.puv-editions.fr/wp-content/plugins/admin-columns-pro/admin-columns/classes/Admin" "Mozilla/5.0 AppleWebKit/537.36 (KHTML, like Gecko; compatible; GPTBot/1.4; +https://openai.com/gptbot)"
74.7.243.216 - - [17/Aug/2026:01:16:27 +0200] "GET /nouveautes/l-art-documentaire-et-politique-contemporain-9782379242502-0-737.html?path=/home/sc1jaqa5103/dev.puv-editions.fr/wp-content/plugins/admin-columns-pro/admin-columns/classes/View/Embed HTTP/1.1" 200 13014 "https://www.puv-editions.fr/nouveautes/l-art-documentaire-et-politique-contemporain-9782379242502-0-737.html?path=/home/sc1jaqa5103/dev.puv-editions.fr/wp-content/plugins/admin-columns-pro/admin-columns/classes/View" "Mozilla/5.0 AppleWebKit/537.36 (KHTML, like Gecko; compatible; GPTBot/1.4; +https://openai.com/gptbot)"
74.7.243.216 - - [17/Aug/2026:01:16:28 +0200] "GET /nouveautes/l-art-documentaire-et-politique-contemporain-9782379242502-0-737.html?path=/home/sc1jaqa5103/dev.puv-editions.fr/wp-content/plugins/admin-columns-pro/admin-columns/classes/Relation HTTP/1.1" 200 14649 "https://www.puv-editions.fr/nouveautes/l-art-documentaire-et-politique-contemporain-9782379242502-0-737.html?path=/home/sc1jaqa5103/dev.puv-editions.fr/wp-content/plugins/admin-columns-pro/admin-columns/classes" "Mozilla/5.0 AppleWebKit/537.36 (KHTML, like Gecko; compatible; GPTBot/1.4; +https://openai.com/gptbot)"
74.7.243.216 - - [17/Aug/2026:01:16:28 +0200] "GET /nouveautes/l-art-documentaire-et-politique-contemporain-9782379242502-0-737.html?path=/home/sc1jaqa5103/dev.puv-editions.fr/wp-content/plugins/admin-columns-pro/admin-columns/classes/Column/Comment HTTP/1.1" 200 47587 "https://www.puv-editions.fr/nouveautes/l-art-documentaire-et-politique-contemporain-9782379242502-0-737.html?path=/home/sc1jaqa5103/dev.puv-editions.fr/wp-content/plugins/admin-columns-pro/admin-columns/classes/Column" "Mozilla/5.0 AppleWebKit/537.36 (KHTML, like Gecko; compatible; GPTBot/1.4; +https://openai.com/gptbot)"
74.7.243.216 - - [17/Aug/2026:01:16:29 +0200] "GET /nouveautes/l-art-documentaire-et-politique-contemporain-9782379242502-0-737.html?path=/home/sc1jaqa5103/dev.puv-editions.fr/wp-content/plugins/admin-columns-pro/admin-columns/classes/Type HTTP/1.1" 200 32295 "https://www.puv-editions.fr/nouveautes/l-art-documentaire-et-politique-contemporain-9782379242502-0-737.html?path=/home/sc1jaqa5103/dev.puv-editions.fr/wp-content/plugins/admin-columns-pro/admin-columns/classes" "Mozilla/5.0 AppleWebKit/537.36 (KHTML, like Gecko; compatible; GPTBot/1.4; +https://openai.com/gptbot)"
74.7.243.216 - - [17/Aug/2026:01:16:29 +0200] "GET /nouveautes/l-art-documentaire-et-politique-contemporain-9782379242502-0-737.html?path=/home/sc1jaqa5103/dev.puv-editions.fr/wp-content/plugins/admin-columns-pro/admin-columns/classes/Message HTTP/1.1" 200 18064 "https://www.puv-editions.fr/nouveautes/l-art-documentaire-et-politique-contemporain-9782379242502-0-737.html?path=/home/sc1jaqa5103/dev.puv-editions.fr/wp-content/plugins/admin-columns-pro/admin-columns/classes" "Mozilla/5.0 AppleWebKit/537.36 (KHTML, like Gecko; compatible; GPTBot/1.4; +https://openai.com/gptbot)"
74.7.243.216 - - [17/Aug/2026:01:16:30 +0200] "GET /nouveautes/l-art-documentaire-et-politique-contemporain-9782379242502-0-737.html?path=/home/sc1jaqa5103/dev.puv-editions.fr/wp-content/plugins/admin-columns-pro/admin-columns/classes/Meta HTTP/1.1" 200 14622 "https://www.puv-editions.fr/nouveautes/l-art-documentaire-et-politique-contemporain-9782379242502-0-737.html?path=/home/sc1jaqa5103/dev.puv-editions.fr/wp-content/plugins/admin-columns-pro/admin-columns/classes" "Mozilla/5.0 AppleWebKit/537.36 (KHTML, like Gecko; compatible; GPTBot/1.4; +https://openai.com/gptbot)"
74.7.243.216 - - [17/Aug/2026:01:16:30 +0200] "GET /nouveautes/l-art-documentaire-et-politique-contemporain-9782379242502-0-737.html?path=/home/sc1jaqa5103/dev.puv-editions.fr/wp-content/plugins/admin-columns-pro/admin-columns/classes/Helper/Select HTTP/1.1" 200 25445 "https://www.puv-editions.fr/nouveautes/l-art-documentaire-et-politique-contemporain-9782379242502-0-737.html?path=/home/sc1jaqa5103/dev.puv-editions.fr/wp-content/plugins/admin-columns-pro/admin-columns/classes/Helper" "Mozilla/5.0 AppleWebKit/537.36 (KHTML, like Gecko; compatible; GPTBot/1.4; +https://openai.com/gptbot)"
74.7.243.216 - - [17/Aug/2026:01:16:31 +0200] "GET /nouveautes/l-art-documentaire-et-politique-contemporain-9782379242502-0-737.html?path=/home/sc1jaqa5103/dev.puv-editions.fr/wp-content/plugins/admin-columns-pro/admin-columns/classes/Admin/Colors HTTP/1.1" 200 25281 "https://www.puv-editions.fr/nouveautes/l-art-documentaire-et-politique-contemporain-9782379242502-0-737.html?path=/home/sc1jaqa5103/dev.puv-editions.fr/wp-content/plugins/admin-columns-pro/admin-columns/classes/Admin" "Mozilla/5.0 AppleWebKit/537.36 (KHTML, like Gecko; compatible; GPTBot/1.4; +https://openai.com/gptbot)"
51.68.247.210 - - [17/Aug/2026:01:16:31 +0200] "GET /personne/moeder-claire/ HTTP/1.1" 200 47996 "-" "Mozilla/5.0 (compatible; AhrefsBot/7.0; +http://ahrefs.com/robot/)"
109.234.166.210 - - [17/Aug/2026:01:16:31 +0200] "GET / HTTP/1.1" 200 47996 "-" "MonitoringBot/1.0"
74.7.243.216 - - [17/Aug/2026:01:16:31 +0200] "GET /nouveautes/l-art-documentaire-et-politique-contemporain-9782379242502-0-737.html?path=/home/sc1jaqa5103/dev.puv-editions.fr/wp-content/plugins/admin-columns-pro/admin-columns/classes/Deprecated HTTP/1.1" 200 16288 "https://www.puv-editions.fr/nouveautes/l-art-documentaire-et-politique-contemporain-9782379242502-0-737.html?path=/home/sc1jaqa5103/dev.puv-editions.fr/wp-content/plugins/admin-columns-pro/admin-columns/classes" "Mozilla/5.0 AppleWebKit/537.36 (KHTML, like Gecko; compatible; GPTBot/1.4; +https://openai.com/gptbot)"
74.7.243.216 - - [17/Aug/2026:01:16:32 +0200] "GET /nouveautes/l-art-documentaire-et-politique-contemporain-9782379242502-0-737.html?path=/home/sc1jaqa5103/dev.puv-editions.fr/wp-content/plugins/admin-columns-pro/admin-columns/classes/Asset/Location HTTP/1.1" 200 13075 "https://www.puv-editions.fr/nouveautes/l-art-documentaire-et-politique-contemporain-9782379242502-0-737.html?path=/home/sc1jaqa5103/dev.puv-editions.fr/wp-content/plugins/admin-columns-pro/admin-columns/classes/Asset" "Mozilla/5.0 AppleWebKit/537.36 (KHTML, like Gecko; compatible; GPTBot/1.4; +https://openai.com/gptbot)"
74.7.243.216 - - [17/Aug/2026:01:16:33 +0200] "GET /nouveautes/l-art-documentaire-et-politique-contemporain-9782379242502-0-737.html?path=/home/sc1jaqa5103/dev.puv-editions.fr/wp-content/plugins/admin-columns-pro/admin-columns/classes/Admin/Section/Partial HTTP/1.1" 200 15159 "https://www.puv-editions.fr/nouveautes/l-art-documentaire-et-politique-contemporain-9782379242502-0-737.html?path=/home/sc1jaqa5103/dev.puv-editions.fr/wp-content/plugins/admin-columns-pro/admin-columns/classes/Admin/Section" "Mozilla/5.0 AppleWebKit/537.36 (KHTML, like Gecko; compatible; GPTBot/1.4; +https://openai.com/gptbot)"
74.7.243.216 - - [17/Aug/2026:01:16:33 +0200] "GET /nouveautes/l-art-documentaire-et-politique-contemporain-9782379242502-0-737.html?path=/home/sc1jaqa5103/dev.puv-editions.fr/wp-content/plugins/admin-columns-pro/admin-columns/classes/Asset/Script HTTP/1.1" 200 16389 "https://www.puv-editions.fr/nouveautes/l-art-documentaire-et-politique-contemporain-9782379242502-0-737.html?path=/home/sc1jaqa5103/dev.puv-editions.fr/wp-content/plugins/admin-columns-pro/admin-columns/classes/Asset" "Mozilla/5.0 AppleWebKit/537.36 (KHTML, like Gecko; compatible; GPTBot/1.4; +https://openai.com/gptbot)"
74.7.243.216 - - [17/Aug/2026:01:16:34 +0200] "GET /nouveautes/l-art-documentaire-et-politique-contemporain-9782379242502-0-737.html?path=/home/sc1jaqa5103/dev.puv-editions.fr/wp-content/plugins/admin-columns-pro/admin-columns/classes/Entity HTTP/1.1" 200 12836 "https://www.puv-editions.fr/nouveautes/l-art-documentaire-et-politique-contemporain-9782379242502-0-737.html?path=/home/sc1jaqa5103/dev.puv-editions.fr/wp-content/plugins/admin-columns-pro/admin-columns/classes" "Mozilla/5.0 AppleWebKit/537.36 (KHTML, like Gecko; compatible; GPTBot/1.4; +https://openai.com/gptbot)"
74.7.243.216 - - [17/Aug/2026:01:16:34 +0200] "GET /nouveautes/l-art-documentaire-et-politique-contemporain-9782379242502-0-737.html?path=/home/sc1jaqa5103/dev.puv-editions.fr/wp-content/plugins/admin-columns-pro/admin-columns/classes/Table/InlineStyle HTTP/1.1" 200 13119 "https://www.puv-editions.fr/nouveautes/l-art-documentaire-et-politique-contemporain-9782379242502-0-737.html?path=/home/sc1jaqa5103/dev.puv-editions.fr/wp-content/plugins/admin-columns-pro/admin-columns/classes/Table" "Mozilla/5.0 AppleWebKit/537.36 (KHTML, like Gecko; compatible; GPTBot/1.4; +https://openai.com/gptbot)"
35.198.113.100 - - [17/Aug/2026:01:16:35 +0200] "GET /personne/reberioux-madeleine/ HTTP/1.1" 200 47996 "-" "LinkupBot/1.0 (LinkupBot for web indexing; https://linkup.so/bot; bot@linkup.so)"
74.7.243.216 - - [17/Aug/2026:01:16:35 +0200] "GET /nouveautes/l-art-documentaire-et-politique-contemporain-9782379242502-0-737.html?path=/home/sc1jaqa5103/dev.puv-editions.fr/wp-content/plugins/admin-columns-pro/admin-columns/classes/Type/Url HTTP/1.1" 200 43595 "https://www.puv-editions.fr/nouveautes/l-art-documentaire-et-politique-contemporain-9782379242502-0-737.html?path=/home/sc1jaqa5103/dev.puv-editions.fr/wp-content/plugins/admin-columns-pro/admin-columns/classes/Type" "Mozilla/5.0 AppleWebKit/537.36 (KHTML, like Gecko; compatible; GPTBot/1.4; +https://openai.com/gptbot)"
74.7.243.216 - - [17/Aug/2026:01:16:35 +0200] "GET /nouveautes/l-art-documentaire-et-politique-contemporain-9782379242502-0-737.html?path=/home/sc1jaqa5103/dev.puv-editions.fr/wp-content/plugins/admin-columns-pro/admin-columns/classes/Message/Notice HTTP/1.1" 200 13089 "https://www.puv-editions.fr/nouveautes/l-art-documentaire-et-politique-contemporain-9782379242502-0-737.html?path=/home/sc1jaqa5103/dev.puv-editions.fr/wp-content/plugins/admin-columns-pro/admin-columns/classes/Message" "Mozilla/5.0 AppleWebKit/537.36 (KHTML, like Gecko; compatible; GPTBot/1.4; +https://openai.com/gptbot)"
35.198.113.100 - - [17/Aug/2026:01:16:40 +0200] "GET /personne/thomas-paul-louis/ HTTP/1.1" 200 47996 "-" "LinkupBot/1.0 (LinkupBot for web indexing; https://linkup.so/bot; bot@linkup.so)"
74.7.243.216 - - [17/Aug/2026:01:16:40 +0200] "GET /nouveautes/l-art-documentaire-et-politique-contemporain-9782379242502-0-737.html?path=/home/sc1jaqa5103/dev.puv-editions.fr/wp-content/plugins/admin-columns-pro/admin-columns/classes/Admin/Preference HTTP/1.1" 200 14956 "https://www.puv-editions.fr/nouveautes/l-art-documentaire-et-politique-contemporain-9782379242502-0-737.html?path=/home/sc1jaqa5103/dev.puv-editions.fr/wp-content/plugins/admin-columns-pro/admin-columns/classes/Admin" "Mozilla/5.0 AppleWebKit/537.36 (KHTML, like Gecko; compatible; GPTBot/1.4; +https://openai.com/gptbot)"
35.198.113.100 - - [17/Aug/2026:01:16:42 +0200] "GET /personne/palomar-verea-cristina/ HTTP/1.1" 200 47996 "-" "LinkupBot/1.0 (LinkupBot for web indexing; https://linkup.so/bot; bot@linkup.so)"
74.7.243.216 - - [17/Aug/2026:01:16:42 +0200] "GET /nouveautes/l-art-documentaire-et-politique-contemporain-9782379242502-0-737.html?path=/home/sc1jaqa5103/dev.puv-editions.fr/wp-content/plugins/admin-columns-pro/admin-columns/classes/Helper/Select/Generic HTTP/1.1" 200 20425 "https://www.puv-editions.fr/nouveautes/l-art-documentaire-et-politique-contemporain-9782379242502-0-737.html?path=/home/sc1jaqa5103/dev.puv-editions.fr/wp-content/plugins/admin-columns-pro/admin-columns/classes/Helper/Select" "Mozilla/5.0 AppleWebKit/537.36 (KHTML, like Gecko; compatible; GPTBot/1.4; +https://openai.com/gptbot)"
74.7.243.216 - - [17/Aug/2026:01:16:44 +0200] "GET /nouveautes/l-art-documentaire-et-politique-contemporain-9782379242502-0-737.html?path=/home/sc1jaqa5103/dev.puv-editions.fr/wp-content/plugins/admin-columns-pro/admin-columns/classes/Admin/Colors/Storage HTTP/1.1" 200 13309 "https://www.puv-editions.fr/nouveautes/l-art-documentaire-et-politique-contemporain-9782379242502-0-737.html?path=/home/sc1jaqa5103/dev.puv-editions.fr/wp-content/plugins/admin-columns-pro/admin-columns/classes/Admin/Colors" "Mozilla/5.0 AppleWebKit/537.36 (KHTML, like Gecko; compatible; GPTBot/1.4; +https://openai.com/gptbot)"
35.198.113.100 - - [17/Aug/2026:01:16:45 +0200] "GET /personne/leblond-dominique/ HTTP/1.1" 200 47996 "-" "LinkupBot/1.0 (LinkupBot for web indexing; https://linkup.so/bot; bot@linkup.so)"
74.7.243.216 - - [17/Aug/2026:01:16:46 +0200] "GET /nouveautes/l-art-documentaire-et-politique-contemporain-9782379242502-0-737.html?path=/home/sc1jaqa5103/dev.puv-editions.fr/wp-content/plugins/admin-columns-pro/admin-columns/classes/Admin/Colors/Type HTTP/1.1" 200 13241 "https://www.puv-editions.fr/nouveautes/l-art-documentaire-et-politique-contemporain-9782379242502-0-737.html?path=/home/sc1jaqa5103/dev.puv-editions.fr/wp-content/plugins/admin-columns-pro/admin-columns/classes/Admin/Colors" "Mozilla/5.0 AppleWebKit/537.36 (KHTML, like Gecko; compatible; GPTBot/1.4; +https://openai.com/gptbot)"
74.7.243.216 - - [17/Aug/2026:01:16:47 +0200] "GET /nouveautes/l-art-documentaire-et-politique-contemporain-9782379242502-0-737.html?path=/home/sc1jaqa5103/dev.puv-editions.fr/wp-content/plugins/admin-columns-pro/admin-columns/classes/Admin/Colors/Shipped HTTP/1.1" 200 15162 "https://www.puv-editions.fr/nouveautes/l-art-documentaire-et-politique-contemporain-9782379242502-0-737.html?path=/home/sc1jaqa5103/dev.puv-editions.fr/wp-content/plugins/admin-columns-pro/admin-columns/classes/Admin/Colors" "Mozilla/5.0 AppleWebKit/537.36 (KHTML, like Gecko; compatible; GPTBot/1.4; +https://openai.com/gptbot)"
35.198.113.100 - - [17/Aug/2026:01:16:47 +0200] "GET /personne/courrier-jean/ HTTP/1.1" 200 47996 "-" "LinkupBot/1.0 (LinkupBot for web indexing; https://linkup.so/bot; bot@linkup.so)"
35.198.113.100 - - [17/Aug/2026:01:16:48 +0200] "GET /personne/gegg-harrison-whitney/ HTTP/1.1" 200 47996 "-" "LinkupBot/1.0 (LinkupBot for web indexing; https://linkup.so/bot; bot@linkup.so)"
74.7.243.216 - - [17/Aug/2026:01:16:50 +0200] "GET /nouveautes/l-art-documentaire-et-politique-contemporain-9782379242502-0-737.html?path=/home/sc1jaqa5103/dev.puv-editions.fr/wp-content/plugins/admin-columns-pro/admin-columns/classes/Helper/Select/Options HTTP/1.1" 200 13307 "https://www.puv-editions.fr/nouveautes/l-art-documentaire-et-politique-contemporain-9782379242502-0-737.html?path=/home/sc1jaqa5103/dev.puv-editions.fr/wp-content/plugins/admin-columns-pro/admin-columns/classes/Helper/Select" "Mozilla/5.0 AppleWebKit/537.36 (KHTML, like Gecko; compatible; GPTBot/1.4; +https://openai.com/gptbot)"
74.7.243.216 - - [17/Aug/2026:01:16:50 +0200] "GET /nouveautes/l-art-documentaire-et-politique-contemporain-9782379242502-0-737.html?path=/home/sc1jaqa5103/dev.puv-editions.fr/wp-content/plugins/admin-columns-pro/admin-columns/classes/Asset/Script&viewfile=/home/sc1jaqa5103/dev.puv-editions.fr/wp-content/plugins/admin-columns-pro/admin-columns/classes/Asset/Script/GlobalTranslationFactory.php HTTP/1.1" 200 13156 "https://www.puv-editions.fr/nouveautes/l-art-documentaire-et-politique-contemporain-9782379242502-0-737.html?path=/home/sc1jaqa5103/dev.puv-editions.fr/wp-content/plugins/admin-columns-pro/admin-columns/classes/Asset/Script" "Mozilla/5.0 AppleWebKit/537.36 (KHTML, like Gecko; compatible; GPTBot/1.4; +https://openai.com/gptbot)"
74.7.243.216 - - [17/Aug/2026:01:16:51 +0200] "GET /nouveautes/l-art-documentaire-et-politique-contemporain-9782379242502-0-737.html?path=/home/sc1jaqa5103/dev.puv-editions.fr/wp-content/plugins/admin-columns-pro/admin-columns/classes/Asset/Script/Inline HTTP/1.1" 200 13277 "https://www.puv-editions.fr/nouveautes/l-art-documentaire-et-politique-contemporain-9782379242502-0-737.html?path=/home/sc1jaqa5103/dev.puv-editions.fr/wp-content/plugins/admin-columns-pro/admin-columns/classes/Asset/Script" "Mozilla/5.0 AppleWebKit/537.36 (KHTML, like Gecko; compatible; GPTBot/1.4; +https://openai.com/gptbot)"
74.7.243.216 - - [17/Aug/2026:01:16:53 +0200] "GET /nouveautes/l-art-documentaire-et-politique-contemporain-9782379242502-0-737.html?path=/home/sc1jaqa5103/dev.puv-editions.fr/wp-content/plugins/admin-columns-pro/admin-columns/classes/Asset/Script/Localize HTTP/1.1" 200 13313 "https://www.puv-editions.fr/nouveautes/l-art-documentaire-et-politique-contemporain-9782379242502-0-737.html?path=/home/sc1jaqa5103/dev.puv-editions.fr/wp-content/plugins/admin-columns-pro/admin-columns/classes/Asset/Script" "Mozilla/5.0 AppleWebKit/537.36 (KHTML, like Gecko; compatible; GPTBot/1.4; +https://openai.com/gptbot)"
74.7.243.216 - - [17/Aug/2026:01:16:54 +0200] "GET /nouveautes/l-art-documentaire-et-politique-contemporain-9782379242502-0-737.html?path=/home/sc1jaqa5103/dev.puv-editions.fr/wp-content/plugins/admin-columns-pro/admin-columns/classes/Type/Url/ListTable HTTP/1.1" 200 16906 "https://www.puv-editions.fr/nouveautes/l-art-documentaire-et-politique-contemporain-9782379242502-0-737.html?path=/home/sc1jaqa5103/dev.puv-editions.fr/wp-content/plugins/admin-columns-pro/admin-columns/classes/Type/Url" "Mozilla/5.0 AppleWebKit/537.36 (KHTML, like Gecko; compatible; GPTBot/1.4; +https://openai.com/gptbot)"
69.30.231.90 - - [17/Aug/2026:01:16:54 +0200] "POST /wp-login.php HTTP/1.1" 406 47996 "-" "Mozilla/5.0 (Windows NT 10.0; Win64; x64) AppleWebKit/537.36 (KHTML, like Gecko) Chrome/149.0.0.0 Safari/537.36"
74.7.243.216 - - [17/Aug/2026:01:16:56 +0200] "GET /nouveautes/l-art-documentaire-et-politique-contemporain-9782379242502-0-737.html?path=/home/sc1jaqa5103/dev.puv-editions.fr/wp-content/plugins/admin-columns-pro/admin-columns/classes/Settings/Form HTTP/1.1" 200 14718 "https://www.puv-editions.fr/nouveautes/l-art-documentaire-et-politique-contemporain-9782379242502-0-737.html?path=/home/sc1jaqa5103/dev.puv-editions.fr/wp-content/plugins/admin-columns-pro/admin-columns/classes/Settings" "Mozilla/5.0 AppleWebKit/537.36 (KHTML, like Gecko; compatible; GPTBot/1.4; +https://openai.com/gptbot)"
176.31.139.12 - - [17/Aug/2026:01:16:56 +0200] "GET /personne/camelin-colette/ HTTP/1.1" 200 47996 "-" "Mozilla/5.0 (compatible; AhrefsBot/7.0; +http://ahrefs.com/robot/)"
74.7.243.216 - - [17/Aug/2026:01:16:56 +0200] "GET /nouveautes/l-art-documentaire-et-politique-contemporain-9782379242502-0-737.html?path=/home/sc1jaqa5103/dev.puv-editions.fr/wp-content/plugins/admin-columns-pro/admin-columns/classes/Nonce HTTP/1.1" 200 12816 "https://www.puv-editions.fr/nouveautes/l-art-documentaire-et-politique-contemporain-9782379242502-0-737.html?path=/home/sc1jaqa5103/dev.puv-editions.fr/wp-content/plugins/admin-columns-pro/admin-columns/classes" "Mozilla/5.0 AppleWebKit/537.36 (KHTML, like Gecko; compatible; GPTBot/1.4; +https://openai.com/gptbot)"
74.7.243.216 - - [17/Aug/2026:01:17:00 +0200] "GET /nouveautes/l-art-documentaire-et-politique-contemporain-9782379242502-0-737.html?path=/home/sc1jaqa5103/dev.puv-editions.fr/wp-content/plugins/admin-columns-pro/admin-columns/classes/Deprecated/Hook HTTP/1.1" 200 14901 "https://www.puv-editions.fr/nouveautes/l-art-documentaire-et-politique-contemporain-9782379242502-0-737.html?path=/home/sc1jaqa5103/dev.puv-editions.fr/wp-content/plugins/admin-columns-pro/admin-columns/classes/Deprecated" "Mozilla/5.0 AppleWebKit/537.36 (KHTML, like Gecko; compatible; GPTBot/1.4; +https://openai.com/gptbot)"
74.7.243.216 - - [17/Aug/2026:01:17:01 +0200] "GET /nouveautes/l-art-documentaire-et-politique-contemporain-9782379242502-0-737.html?path=/home/sc1jaqa5103/dev.puv-editions.fr/wp-content/plugins/admin-columns-pro/admin-columns/classes/Plugin/Update HTTP/1.1" 200 18468 "https://www.puv-editions.fr/nouveautes/l-art-documentaire-et-politique-contemporain-9782379242502-0-737.html?path=/home/sc1jaqa5103/dev.puv-editions.fr/wp-content/plugins/admin-columns-pro/admin-columns/classes/Plugin" "Mozilla/5.0 AppleWebKit/537.36 (KHTML, like Gecko; compatible; GPTBot/1.4; +https://openai.com/gptbot)"
74.7.243.216 - - [17/Aug/2026:01:17:27 +0200] "GET /nouveautes/l-art-documentaire-et-politique-contemporain-9782379242502-0-737.html?path=/home/sc1jaqa5103/dev.puv-editions.fr/wp-content/plugins/admin-columns-pro/admin-columns/classes/Column/Post&viewfile=/home/sc1jaqa5103/dev.puv-editions.fr/wp-content/plugins/admin-columns-pro/admin-columns/classes/Column/Post/Depth.php HTTP/1.1" 200 12909 "https://www.puv-editions.fr/nouveautes/l-art-documentaire-et-politique-contemporain-9782379242502-0-737.html?path=/home/sc1jaqa5103/dev.puv-editions.fr/wp-content/plugins/admin-columns-pro/admin-columns/classes/Column/Post" "Mozilla/5.0 AppleWebKit/537.36 (KHTML, like Gecko; compatible; GPTBot/1.4; +https://openai.com/gptbot)"
74.7.243.216 - - [17/Aug/2026:01:17:28 +0200] "GET /nouveautes/l-art-documentaire-et-politique-contemporain-9782379242502-0-737.html?path=/home/sc1jaqa5103/dev.puv-editions.fr/wp-content/plugins/admin-columns-pro/admin-columns/classes/Admin/Asset&viewfile=/home/sc1jaqa5103/dev.puv-editions.fr/wp-content/plugins/admin-columns-pro/admin-columns/classes/Admin/Asset/Addons.php HTTP/1.1" 200 13178 "https://www.puv-editions.fr/nouveautes/l-art-documentaire-et-politique-contemporain-9782379242502-0-737.html?path=/home/sc1jaqa5103/dev.puv-editions.fr/wp-content/plugins/admin-columns-pro/admin-columns/classes/Admin/Asset" "Mozilla/5.0 AppleWebKit/537.36 (KHTML, like Gecko; compatible; GPTBot/1.4; +https://openai.com/gptbot)"
74.7.243.216 - - [17/Aug/2026:01:17:29 +0200] "GET /nouveautes/l-art-documentaire-et-politique-contemporain-9782379242502-0-737.html?path=/home/sc1jaqa5103/dev.puv-editions.fr/wp-content/plugins/admin-columns-pro/admin-columns/classes/Column/Post&viewfile=/home/sc1jaqa5103/dev.puv-editions.fr/wp-content/plugins/admin-columns-pro/admin-columns/classes/Column/Post/Path.php HTTP/1.1" 200 12905 "https://www.puv-editions.fr/nouveautes/l-art-documentaire-et-politique-contemporain-9782379242502-0-737.html?path=/home/sc1jaqa5103/dev.puv-editions.fr/wp-content/plugins/admin-columns-pro/admin-columns/classes/Column/Post" "Mozilla/5.0 AppleWebKit/537.36 (KHTML, like Gecko; compatible; GPTBot/1.4; +https://openai.com/gptbot)"
162.120.187.253 - - [17/Aug/2026:01:17:29 +0200] "GET /collection/medievales/ HTTP/1.1" 200 47996 "https://www.google.com/" "Mozilla/5.0 (Windows NT 10.0; Win64; x64) AppleWebKit/537.36 (KHTML, like Gecko) Chrome/151.0.0.0 Safari/537.36"
74.7.243.216 - - [17/Aug/2026:01:17:29 +0200] "GET /nouveautes/l-art-documentaire-et-politique-contemporain-9782379242502-0-737.html?path=/home/sc1jaqa5103/dev.puv-editions.fr/wp-content/plugins/admin-columns-pro/admin-columns/classes/Helper&viewfile=/home/sc1jaqa5103/dev.puv-editions.fr/wp-content/plugins/admin-columns-pro/admin-columns/classes/Helper/Menu.php HTTP/1.1" 200 14086 "https://www.puv-editions.fr/nouveautes/l-art-documentaire-et-politique-contemporain-9782379242502-0-737.html?path=/home/sc1jaqa5103/dev.puv-editions.fr/wp-content/plugins/admin-columns-pro/admin-columns/classes/Helper" "Mozilla/5.0 AppleWebKit/537.36 (KHTML, like Gecko; compatible; GPTBot/1.4; +https://openai.com/gptbot)"
74.7.243.216 - - [17/Aug/2026:01:17:30 +0200] "GET /nouveautes/l-art-documentaire-et-politique-contemporain-9782379242502-0-737.html?path=/home/sc1jaqa5103/dev.puv-editions.fr/wp-content/plugins/admin-columns-pro/admin-columns/classes/Admin/Page&viewfile=/home/sc1jaqa5103/dev.puv-editions.fr/wp-content/plugins/admin-columns-pro/admin-columns/classes/Admin/Page/Addons.php HTTP/1.1" 200 16404 "https://www.puv-editions.fr/nouveautes/l-art-documentaire-et-politique-contemporain-9782379242502-0-737.html?path=/home/sc1jaqa5103/dev.puv-editions.fr/wp-content/plugins/admin-columns-pro/admin-columns/classes/Admin/Page" "Mozilla/5.0 AppleWebKit/537.36 (KHTML, like Gecko; compatible; GPTBot/1.4; +https://openai.com/gptbot)"
74.7.243.216 - - [17/Aug/2026:01:17:30 +0200] "GET /nouveautes/l-art-documentaire-et-politique-contemporain-9782379242502-0-737.html?path=/home/sc1jaqa5103/dev.puv-editions.fr/wp-content/plugins/admin-columns-pro/admin-columns/classes/Table&viewfile=/home/sc1jaqa5103/dev.puv-editions.fr/wp-content/plugins/admin-columns-pro/admin-columns/classes/Table/Button.php HTTP/1.1" 200 16260 "https://www.puv-editions.fr/nouveautes/l-art-documentaire-et-politique-contemporain-9782379242502-0-737.html?path=/home/sc1jaqa5103/dev.puv-editions.fr/wp-content/plugins/admin-columns-pro/admin-columns/classes/Table" "Mozilla/5.0 AppleWebKit/537.36 (KHTML, like Gecko; compatible; GPTBot/1.4; +https://openai.com/gptbot)"
74.7.243.216 - - [17/Aug/2026:01:17:31 +0200] "GET /nouveautes/l-art-documentaire-et-politique-contemporain-9782379242502-0-737.html?path=/home/sc1jaqa5103/dev.puv-editions.fr/wp-content/plugins/admin-columns-pro/admin-columns/classes/Column/Post&viewfile=/home/sc1jaqa5103/dev.puv-editions.fr/wp-content/plugins/admin-columns-pro/admin-columns/classes/Column/Post/Menu.php HTTP/1.1" 200 12579 "https://www.puv-editions.fr/nouveautes/l-art-documentaire-et-politique-contemporain-9782379242502-0-737.html?path=/home/sc1jaqa5103/dev.puv-editions.fr/wp-content/plugins/admin-columns-pro/admin-columns/classes/Column/Post" "Mozilla/5.0 AppleWebKit/537.36 (KHTML, like Gecko; compatible; GPTBot/1.4; +https://openai.com/gptbot)"
74.7.243.216 - - [17/Aug/2026:01:17:32 +0200] "GET /nouveautes/l-art-documentaire-et-politique-contemporain-9782379242502-0-737.html?path=/home/sc1jaqa5103/dev.puv-editions.fr/wp-content/plugins/admin-columns-pro/admin-columns/classes/Settings/Form/Element HTTP/1.1" 200 13297 "https://www.puv-editions.fr/nouveautes/l-art-documentaire-et-politique-contemporain-9782379242502-0-737.html?path=/home/sc1jaqa5103/dev.puv-editions.fr/wp-content/plugins/admin-columns-pro/admin-columns/classes/Settings/Form" "Mozilla/5.0 AppleWebKit/537.36 (KHTML, like Gecko; compatible; GPTBot/1.4; +https://openai.com/gptbot)"
74.7.243.216 - - [17/Aug/2026:01:17:32 +0200] "GET /nouveautes/l-art-documentaire-et-politique-contemporain-9782379242502-0-737.html?path=/home/sc1jaqa5103/dev.puv-editions.fr/wp-content/plugins/admin-columns-pro/admin-columns/classes/Admin/Page&viewfile=/home/sc1jaqa5103/dev.puv-editions.fr/wp-content/plugins/admin-columns-pro/admin-columns/classes/Admin/Page/Columns.php HTTP/1.1" 200 26412 "https://www.puv-editions.fr/nouveautes/l-art-documentaire-et-politique-contemporain-9782379242502-0-737.html?path=/home/sc1jaqa5103/dev.puv-editions.fr/wp-content/plugins/admin-columns-pro/admin-columns/classes/Admin/Page" "Mozilla/5.0 AppleWebKit/537.36 (KHTML, like Gecko; compatible; GPTBot/1.4; +https://openai.com/gptbot)"
74.7.243.216 - - [17/Aug/2026:01:17:33 +0200] "GET /nouveautes/l-art-documentaire-et-politique-contemporain-9782379242502-0-737.html?path=/home/sc1jaqa5103/dev.puv-editions.fr/wp-content/plugins/admin-columns-pro/admin-columns/classes/Asset&viewfile=/home/sc1jaqa5103/dev.puv-editions.fr/wp-content/plugins/admin-columns-pro/admin-columns/classes/Asset/Assets.php HTTP/1.1" 200 12489 "https://www.puv-editions.fr/nouveautes/l-art-documentaire-et-politique-contemporain-9782379242502-0-737.html?path=/home/sc1jaqa5103/dev.puv-editions.fr/wp-content/plugins/admin-columns-pro/admin-columns/classes/Asset" "Mozilla/5.0 AppleWebKit/537.36 (KHTML, like Gecko; compatible; GPTBot/1.4; +https://openai.com/gptbot)"
74.7.243.216 - - [17/Aug/2026:01:17:33 +0200] "GET /nouveautes/l-art-documentaire-et-politique-contemporain-9782379242502-0-737.html?path=/home/sc1jaqa5103/dev.puv-editions.fr/wp-content/plugins/admin-columns-pro/admin-columns/classes/Check&viewfile=/home/sc1jaqa5103/dev.puv-editions.fr/wp-content/plugins/admin-columns-pro/admin-columns/classes/Check/Review.php HTTP/1.1" 200 18554 "https://www.puv-editions.fr/nouveautes/l-art-documentaire-et-politique-contemporain-9782379242502-0-737.html?path=/home/sc1jaqa5103/dev.puv-editions.fr/wp-content/plugins/admin-columns-pro/admin-columns/classes/Check" "Mozilla/5.0 AppleWebKit/537.36 (KHTML, like Gecko; compatible; GPTBot/1.4; +https://openai.com/gptbot)"
74.7.243.216 - - [17/Aug/2026:01:17:34 +0200] "GET /nouveautes/l-art-documentaire-et-politique-contemporain-9782379242502-0-737.html?path=/home/sc1jaqa5103/dev.puv-editions.fr/wp-content/plugins/admin-columns-pro/admin-columns/classes/Admin&viewfile=/home/sc1jaqa5103/dev.puv-editions.fr/wp-content/plugins/admin-columns-pro/admin-columns/classes/Admin/Menu.php HTTP/1.1" 200 12789 "https://www.puv-editions.fr/nouveautes/l-art-documentaire-et-politique-contemporain-9782379242502-0-737.html?path=/home/sc1jaqa5103/dev.puv-editions.fr/wp-content/plugins/admin-columns-pro/admin-columns/classes/Admin" "Mozilla/5.0 AppleWebKit/537.36 (KHTML, like Gecko; compatible; GPTBot/1.4; +https://openai.com/gptbot)"
74.7.243.216 - - [17/Aug/2026:01:17:34 +0200] "GET /nouveautes/l-art-documentaire-et-politique-contemporain-9782379242502-0-737.html?path=/home/sc1jaqa5103/dev.puv-editions.fr/wp-content/plugins/admin-columns-pro/admin-columns/classes/Form/Element&viewfile=/home/sc1jaqa5103/dev.puv-editions.fr/wp-content/plugins/admin-columns-pro/admin-columns/classes/Form/Element/Radio.php HTTP/1.1" 200 12433 "https://www.puv-editions.fr/nouveautes/l-art-documentaire-et-politique-contemporain-9782379242502-0-737.html?path=/home/sc1jaqa5103/dev.puv-editions.fr/wp-content/plugins/admin-columns-pro/admin-columns/classes/Form/Element" "Mozilla/5.0 AppleWebKit/537.36 (KHTML, like Gecko; compatible; GPTBot/1.4; +https://openai.com/gptbot)"
74.7.243.216 - - [17/Aug/2026:01:17:35 +0200] "GET /nouveautes/l-art-documentaire-et-politique-contemporain-9782379242502-0-737.html?path=/home/sc1jaqa5103/dev.puv-editions.fr/wp-content/plugins/admin-columns-pro/admin-columns/classes/Column/Post&viewfile=/home/sc1jaqa5103/dev.puv-editions.fr/wp-content/plugins/admin-columns-pro/admin-columns/classes/Column/Post/Order.php HTTP/1.1" 200 12769 "https://www.puv-editions.fr/nouveautes/l-art-documentaire-et-politique-contemporain-9782379242502-0-737.html?path=/home/sc1jaqa5103/dev.puv-editions.fr/wp-content/plugins/admin-columns-pro/admin-columns/classes/Column/Post" "Mozilla/5.0 AppleWebKit/537.36 (KHTML, like Gecko; compatible; GPTBot/1.4; +https://openai.com/gptbot)"
74.7.243.216 - - [17/Aug/2026:01:17:35 +0200] "GET /nouveautes/l-art-documentaire-et-politique-contemporain-9782379242502-0-737.html?path=/home/sc1jaqa5103/dev.puv-editions.fr/wp-content/plugins/admin-columns-pro/admin-columns/classes/Asset&viewfile=/home/sc1jaqa5103/dev.puv-editions.fr/wp-content/plugins/admin-columns-pro/admin-columns/classes/Asset/Style.php HTTP/1.1" 200 12660 "https://www.puv-editions.fr/nouveautes/l-art-documentaire-et-politique-contemporain-9782379242502-0-737.html?path=/home/sc1jaqa5103/dev.puv-editions.fr/wp-content/plugins/admin-columns-pro/admin-columns/classes/Asset" "Mozilla/5.0 AppleWebKit/537.36 (KHTML, like Gecko; compatible; GPTBot/1.4; +https://openai.com/gptbot)"
74.7.243.216 - - [17/Aug/2026:01:17:36 +0200] "GET /nouveautes/l-art-documentaire-et-politique-contemporain-9782379242502-0-737.html?path=/home/sc1jaqa5103/dev.puv-editions.fr/wp-content/plugins/admin-columns-pro/admin-columns/classes/Column/Post&viewfile=/home/sc1jaqa5103/dev.puv-editions.fr/wp-content/plugins/admin-columns-pro/admin-columns/classes/Column/Post/Sticky.php HTTP/1.1" 200 13106 "https://www.puv-editions.fr/nouveautes/l-art-documentaire-et-politique-contemporain-9782379242502-0-737.html?path=/home/sc1jaqa5103/dev.puv-editions.fr/wp-content/plugins/admin-columns-pro/admin-columns/classes/Column/Post" "Mozilla/5.0 AppleWebKit/537.36 (KHTML, like Gecko; compatible; GPTBot/1.4; +https://openai.com/gptbot)"
74.7.243.216 - - [17/Aug/2026:01:17:36 +0200] "GET /nouveautes/l-art-documentaire-et-politique-contemporain-9782379242502-0-737.html?path=/home/sc1jaqa5103/dev.puv-editions.fr/wp-content/plugins/admin-columns-pro/admin-columns/classes/Admin&viewfile=/home/sc1jaqa5103/dev.puv-editions.fr/wp-content/plugins/admin-columns-pro/admin-columns/classes/Admin/Table.php HTTP/1.1" 200 12808 "https://www.puv-editions.fr/nouveautes/l-art-documentaire-et-politique-contemporain-9782379242502-0-737.html?path=/home/sc1jaqa5103/dev.puv-editions.fr/wp-content/plugins/admin-columns-pro/admin-columns/classes/Admin" "Mozilla/5.0 AppleWebKit/537.36 (KHTML, like Gecko; compatible; GPTBot/1.4; +https://openai.com/gptbot)"
74.7.243.216 - - [17/Aug/2026:01:17:37 +0200] "GET /nouveautes/l-art-documentaire-et-politique-contemporain-9782379242502-0-737.html?path=/home/sc1jaqa5103/dev.puv-editions.fr/wp-content/plugins/admin-columns-pro/admin-columns/classes/Column/User&viewfile=/home/sc1jaqa5103/dev.puv-editions.fr/wp-content/plugins/admin-columns-pro/admin-columns/classes/Column/User/Email.php HTTP/1.1" 200 12508 "https://www.puv-editions.fr/nouveautes/l-art-documentaire-et-politique-contemporain-9782379242502-0-737.html?path=/home/sc1jaqa5103/dev.puv-editions.fr/wp-content/plugins/admin-columns-pro/admin-columns/classes/Column/User" "Mozilla/5.0 AppleWebKit/537.36 (KHTML, like Gecko; compatible; GPTBot/1.4; +https://openai.com/gptbot)"
74.7.243.216 - - [17/Aug/2026:01:17:37 +0200] "GET /nouveautes/l-art-documentaire-et-politique-contemporain-9782379242502-0-737.html?path=/home/sc1jaqa5103/dev.puv-editions.fr/wp-content/plugins/admin-columns-pro/admin-columns/classes/Column/Post&viewfile=/home/sc1jaqa5103/dev.puv-editions.fr/wp-content/plugins/admin-columns-pro/admin-columns/classes/Column/Post/Formats.php HTTP/1.1" 200 12998 "https://www.puv-editions.fr/nouveautes/l-art-documentaire-et-politique-contemporain-9782379242502-0-737.html?path=/home/sc1jaqa5103/dev.puv-editions.fr/wp-content/plugins/admin-columns-pro/admin-columns/classes/Column/Post" "Mozilla/5.0 AppleWebKit/537.36 (KHTML, like Gecko; compatible; GPTBot/1.4; +https://openai.com/gptbot)"
185.191.171.5 - - [17/Aug/2026:01:17:37 +0200] "GET /mot-clef/du-bouchet-andre/ HTTP/1.1" 200 47996 "-" "Mozilla/5.0 (compatible; SemrushBot/7~bl; +http://www.semrush.com/bot.html)"
74.7.243.216 - - [17/Aug/2026:01:17:38 +0200] "GET /nouveautes/l-art-documentaire-et-politique-contemporain-9782379242502-0-737.html?path=/home/sc1jaqa5103/dev.puv-editions.fr/wp-content/plugins/admin-columns-pro/admin-columns/classes/Plugin/Setup&viewfile=/home/sc1jaqa5103/dev.puv-editions.fr/wp-content/plugins/admin-columns-pro/admin-columns/classes/Plugin/Setup/Site.php HTTP/1.1" 200 13158 "https://www.puv-editions.fr/nouveautes/l-art-documentaire-et-politique-contemporain-9782379242502-0-737.html?path=/home/sc1jaqa5103/dev.puv-editions.fr/wp-content/plugins/admin-columns-pro/admin-columns/classes/Plugin/Setup" "Mozilla/5.0 AppleWebKit/537.36 (KHTML, like Gecko; compatible; GPTBot/1.4; +https://openai.com/gptbot)"
74.7.243.216 - - [17/Aug/2026:01:17:38 +0200] "GET /nouveautes/l-art-documentaire-et-politique-contemporain-9782379242502-0-737.html?path=/home/sc1jaqa5103/dev.puv-editions.fr/wp-content/plugins/admin-columns-pro/admin-columns/classes/Admin/Colors/Type&viewfile=/home/sc1jaqa5103/dev.puv-editions.fr/wp-content/plugins/admin-columns-pro/admin-columns/classes/Admin/Colors/Type/Color.php HTTP/1.1" 200 13264 "https://www.puv-editions.fr/nouveautes/l-art-documentaire-et-politique-contemporain-9782379242502-0-737.html?path=/home/sc1jaqa5103/dev.puv-editions.fr/wp-content/plugins/admin-columns-pro/admin-columns/classes/Admin/Colors/Type" "Mozilla/5.0 AppleWebKit/537.36 (KHTML, like Gecko; compatible; GPTBot/1.4; +https://openai.com/gptbot)"
74.7.243.216 - - [17/Aug/2026:01:17:41 +0200] "GET /nouveautes/l-art-documentaire-et-politique-contemporain-9782379242502-0-737.html?path=/home/sc1jaqa5103/dev.puv-editions.fr/wp-content/plugins/admin-columns-pro/admin-columns/classes/Helper&viewfile=/home/sc1jaqa5103/dev.puv-editions.fr/wp-content/plugins/admin-columns-pro/admin-columns/classes/Helper/File.php HTTP/1.1" 200 13146 "https://www.puv-editions.fr/nouveautes/l-art-documentaire-et-politique-contemporain-9782379242502-0-737.html?path=/home/sc1jaqa5103/dev.puv-editions.fr/wp-content/plugins/admin-columns-pro/admin-columns/classes/Helper" "Mozilla/5.0 AppleWebKit/537.36 (KHTML, like Gecko; compatible; GPTBot/1.4; +https://openai.com/gptbot)"
74.7.243.216 - - [17/Aug/2026:01:17:42 +0200] "GET /nouveautes/l-art-documentaire-et-politique-contemporain-9782379242502-0-737.html?path=/home/sc1jaqa5103/dev.puv-editions.fr/wp-content/plugins/admin-columns-pro/admin-columns/classes/Type/Url/ListTable&viewfile=/home/sc1jaqa5103/dev.puv-editions.fr/wp-content/plugins/admin-columns-pro/admin-columns/classes/Type/Url/ListTable/Post.php HTTP/1.1" 200 12873 "https://www.puv-editions.fr/nouveautes/l-art-documentaire-et-politique-contemporain-9782379242502-0-737.html?path=/home/sc1jaqa5103/dev.puv-editions.fr/wp-content/plugins/admin-columns-pro/admin-columns/classes/Type/Url/ListTable" "Mozilla/5.0 AppleWebKit/537.36 (KHTML, like Gecko; compatible; GPTBot/1.4; +https://openai.com/gptbot)"
74.7.243.216 - - [17/Aug/2026:01:17:42 +0200] "GET /nouveautes/l-art-documentaire-et-politique-contemporain-9782379242502-0-737.html?path=/home/sc1jaqa5103/dev.puv-editions.fr/wp-content/plugins/admin-columns-pro/admin-columns/classes/Nonce&viewfile=/home/sc1jaqa5103/dev.puv-editions.fr/wp-content/plugins/admin-columns-pro/admin-columns/classes/Nonce/Ajax.php HTTP/1.1" 200 12328 "https://www.puv-editions.fr/nouveautes/l-art-documentaire-et-politique-contemporain-9782379242502-0-737.html?path=/home/sc1jaqa5103/dev.puv-editions.fr/wp-content/plugins/admin-columns-pro/admin-columns/classes/Nonce" "Mozilla/5.0 AppleWebKit/537.36 (KHTML, like Gecko; compatible; GPTBot/1.4; +https://openai.com/gptbot)"
74.7.243.216 - - [17/Aug/2026:01:17:43 +0200] "GET /nouveautes/l-art-documentaire-et-politique-contemporain-9782379242502-0-737.html?path=/home/sc1jaqa5103/dev.puv-editions.fr/wp-content/plugins/admin-columns-pro/admin-columns/classes/Column/Post&viewfile=/home/sc1jaqa5103/dev.puv-editions.fr/wp-content/plugins/admin-columns-pro/admin-columns/classes/Column/Post/Content.php HTTP/1.1" 200 12907 "https://www.puv-editions.fr/nouveautes/l-art-documentaire-et-politique-contemporain-9782379242502-0-737.html?path=/home/sc1jaqa5103/dev.puv-editions.fr/wp-content/plugins/admin-columns-pro/admin-columns/classes/Column/Post" "Mozilla/5.0 AppleWebKit/537.36 (KHTML, like Gecko; compatible; GPTBot/1.4; +https://openai.com/gptbot)"
74.7.243.216 - - [17/Aug/2026:01:17:43 +0200] "GET /nouveautes/l-art-documentaire-et-politique-contemporain-9782379242502-0-737.html?path=/home/sc1jaqa5103/dev.puv-editions.fr/wp-content/plugins/admin-columns-pro/admin-columns/classes/Column/User&viewfile=/home/sc1jaqa5103/dev.puv-editions.fr/wp-content/plugins/admin-columns-pro/admin-columns/classes/Column/User/Name.php HTTP/1.1" 200 12481 "https://www.puv-editions.fr/nouveautes/l-art-documentaire-et-politique-contemporain-9782379242502-0-737.html?path=/home/sc1jaqa5103/dev.puv-editions.fr/wp-content/plugins/admin-columns-pro/admin-columns/classes/Column/User" "Mozilla/5.0 AppleWebKit/537.36 (KHTML, like Gecko; compatible; GPTBot/1.4; +https://openai.com/gptbot)"
74.7.243.216 - - [17/Aug/2026:01:17:44 +0200] "GET /nouveautes/l-art-documentaire-et-politique-contemporain-9782379242502-0-737.html?path=/home/sc1jaqa5103/dev.puv-editions.fr/wp-content/plugins/admin-columns-pro/admin-columns/classes/Column/Media&viewfile=/home/sc1jaqa5103/dev.puv-editions.fr/wp-content/plugins/admin-columns-pro/admin-columns/classes/Column/Media/Album.php HTTP/1.1" 406 47996 "https://www.puv-editions.fr/nouveautes/l-art-documentaire-et-politique-contemporain-9782379242502-0-737.html?path=/home/sc1jaqa5103/dev.puv-editions.fr/wp-content/plugins/admin-columns-pro/admin-columns/classes/Column/Media" "Mozilla/5.0 AppleWebKit/537.36 (KHTML, like Gecko; compatible; GPTBot/1.4; +https://openai.com/gptbot)"
74.7.243.216 - - [17/Aug/2026:01:17:44 +0200] "GET /nouveautes/l-art-documentaire-et-politique-contemporain-9782379242502-0-737.html?path=/home/sc1jaqa5103/dev.puv-editions.fr/wp-content/plugins/admin-columns-pro/admin-columns/classes/Helper&viewfile=/home/sc1jaqa5103/dev.puv-editions.fr/wp-content/plugins/admin-columns-pro/admin-columns/classes/Helper/Html.php HTTP/1.1" 200 30022 "https://www.puv-editions.fr/nouveautes/l-art-documentaire-et-politique-contemporain-9782379242502-0-737.html?path=/home/sc1jaqa5103/dev.puv-editions.fr/wp-content/plugins/admin-columns-pro/admin-columns/classes/Helper" "Mozilla/5.0 AppleWebKit/537.36 (KHTML, like Gecko; compatible; GPTBot/1.4; +https://openai.com/gptbot)"
74.7.243.216 - - [17/Aug/2026:01:17:55 +0200] "GET /nouveautes/l-art-documentaire-et-politique-contemporain-9782379242502-0-737.html?path=/home/sc1jaqa5103/dev.puv-editions.fr/wp-content/plugins/admin-columns-pro/admin-columns/classes/Table&viewfile=/home/sc1jaqa5103/dev.puv-editions.fr/wp-content/plugins/admin-columns-pro/admin-columns/classes/Table/Screen.php HTTP/1.1" 200 23513 "https://www.puv-editions.fr/nouveautes/l-art-documentaire-et-politique-contemporain-9782379242502-0-737.html?path=/home/sc1jaqa5103/dev.puv-editions.fr/wp-content/plugins/admin-columns-pro/admin-columns/classes/Table" "Mozilla/5.0 AppleWebKit/537.36 (KHTML, like Gecko; compatible; GPTBot/1.4; +https://openai.com/gptbot)"
74.7.243.216 - - [17/Aug/2026:01:17:55 +0200] "GET /nouveautes/l-art-documentaire-et-politique-contemporain-9782379242502-0-737.html?path=/home/sc1jaqa5103/dev.puv-editions.fr/wp-content/plugins/admin-columns-pro/admin-columns/classes/Column&viewfile=/home/sc1jaqa5103/dev.puv-editions.fr/wp-content/plugins/admin-columns-pro/admin-columns/classes/Column/Menu.php HTTP/1.1" 200 13565 "https://www.puv-editions.fr/nouveautes/l-art-documentaire-et-politique-contemporain-9782379242502-0-737.html?path=/home/sc1jaqa5103/dev.puv-editions.fr/wp-content/plugins/admin-columns-pro/admin-columns/classes/Column" "Mozilla/5.0 AppleWebKit/537.36 (KHTML, like Gecko; compatible; GPTBot/1.4; +https://openai.com/gptbot)"
74.7.243.216 - - [17/Aug/2026:01:17:56 +0200] "GET /nouveautes/l-art-documentaire-et-politique-contemporain-9782379242502-0-737.html?path=/home/sc1jaqa5103/dev.puv-editions.fr/wp-content/plugins/admin-columns-pro/admin-columns/classes/Column/Post&viewfile=/home/sc1jaqa5103/dev.puv-editions.fr/wp-content/plugins/admin-columns-pro/admin-columns/classes/Column/Post/Author.php HTTP/1.1" 200 12624 "https://www.puv-editions.fr/nouveautes/l-art-documentaire-et-politique-contemporain-9782379242502-0-737.html?path=/home/sc1jaqa5103/dev.puv-editions.fr/wp-content/plugins/admin-columns-pro/admin-columns/classes/Column/Post" "Mozilla/5.0 AppleWebKit/537.36 (KHTML, like Gecko; compatible; GPTBot/1.4; +https://openai.com/gptbot)"
